{"id":23798,"date":"2022-10-18T17:16:38","date_gmt":"2022-10-18T17:16:38","guid":{"rendered":"https:\/\/h2otek.com\/tienda\/?post_type=product&#038;p=23798"},"modified":"2025-02-22T19:07:13","modified_gmt":"2025-02-22T19:07:13","slug":"calentador-de-agua-boiler-deposito-electrico-cap-30-litros-127v-1500w-calorex-mod-levare-30l","status":"publish","type":"product","link":"https:\/\/h2otek.com\/tienda\/producto\/calentador-de-agua-boiler-deposito-electrico-cap-30-litros-127v-1500w-calorex-mod-levare-30l\/","title":{"rendered":"CALENTADOR DE AGUA &#8211; BOILER DEP\u00d3SITO EL\u00c9CTRICO CAP. 30 LITROS 127V 1500W CALOREX MOD. LEVARE 30L"},"content":{"rendered":"<p align=\"center\"><img fetchpriority=\"high\" decoding=\"async\" src=\"https:\/\/h2otek.com\/tienda\/img\/cms\/aguacaliente\/calorex\/deposito-electricos\/LEVARE\/header-calentadores-depositoelectrico-calorex-levare-30L.jpg\" alt=\"header-calentadores-depositoelectrico-ca\" width=\"650\" height=\"344\" \/><\/p>\n<p align=\"center\"><img decoding=\"async\" src=\"https:\/\/h2otek.com\/tienda\/img\/cms\/aguacaliente\/calorex\/deposito-electricos\/PRO\/calorex-pro-slogan.jpg\" alt=\"\" width=\"650\" height=\"112\" \/><\/p>\n<p><strong><br \/>\nAlto desempe\u00f1o con dise\u00f1o compacto. El confort m\u00e1s vers\u00e1til en su categor\u00eda. Confort inmediato en cualquier lugar. Lo mejor en tecnolog\u00eda y dise\u00f1o para tu hogar.<\/strong><\/p>\n<p>&nbsp;<\/p>\n<p><strong>CARACTER\u00cdSTICAS GENERALES:<\/strong><\/p>\n<ul>\n<li>Ideal para abastecer agua caliente de forma inmediata en\u00a0<strong>varios lavabos al mismo tiempo.<\/strong><\/li>\n<li>Perilla frontal para ajuste de temperatura y LED indicador de encendido.<\/li>\n<li>Asilante t\u00e9rmico Green Foam, que conserva la temperatura del agua hasta un\u00a0<strong>40%<\/strong>* m\u00e1s del tiempo.<\/li>\n<li>Dise\u00f1o italiano, hecho a medida para lugares compactos.<\/li>\n<\/ul>\n<p style=\"text-align: left;\" align=\"center\">* Sujeto a la capacidad del equipo y el flujo de agua de cada servicio.<\/p>\n<p align=\"center\">\u00a0<strong>TABLA DE ESPECIFICACIONES<\/strong><\/p>\n<p align=\"center\"><img decoding=\"async\" src=\"https:\/\/h2otek.com\/tienda\/img\/cms\/aguacaliente\/calorex\/deposito-electricos\/LEVARE\/especificaciones-calentadores-depositoelectrico-calorex-levare-30L.gif\" alt=\"especificaciones-calentadores-depositoel\" width=\"620\" height=\"490\" \/><\/p>\n<p style=\"text-align: center;\"><strong>CONOZCA SU CALENTADOR<\/strong><\/p>\n<p align=\"center\"><a href=\"https:\/\/h2otek.com\/tienda\/img\/cms\/aguacaliente\/calorex\/deposito-electricos\/LEVARE\/partes-calentadores-depositoelectrico-calorex-levare.jpg\" target=\"_blank\" rel=\"noopener\"><img loading=\"lazy\" decoding=\"async\" src=\"https:\/\/h2otek.com\/tienda\/img\/cms\/aguacaliente\/calorex\/deposito-electricos\/LEVARE\/partes-calentadores-depositoelectrico-calorex-levare.jpg\" alt=\"\" width=\"650\" height=\"366\" \/><\/a><\/p>\n<p style=\"text-align: center;\"><em>Clic para ampliar la imagen<\/em><\/p>\n<p>&nbsp;<\/p>\n<p>&nbsp;<\/p>\n<p style=\"text-align: center;\"><img loading=\"lazy\" decoding=\"async\" src=\"https:\/\/h2otek.com\/tienda\/img\/cms\/aguacaliente\/calorex\/deposito-electricos\/LEVARE\/garantia-levare-3.jpg\" alt=\"\" width=\"300\" height=\"129\" \/><\/p>\n<p>&nbsp;<\/p>\n<p>** V\u00e1lido en la Rep\u00fablica Mexicana. 1 a\u00f1o para otros pa\u00edses. 1 a\u00f1o en partes el\u00e9ctricas y electr\u00f3nicas.<\/p>\n<p>* Un servicio equivale a una regadera de 5 L\/min, medio servicio equivale a un lavabo de 3 L\/min. Sujeto a la capacidad del equipo y al flujo de agua de cada servicios.<\/p>\n<p>&nbsp;<\/p>\n<p>&nbsp;<\/p>\n<p><strong>DESCARGAR MANUALES:<\/strong><\/p>\n<ul>\n<li><strong><a href=\"https:\/\/h2otek.com\/tienda\/img\/cms\/aguacaliente\/calorex\/deposito-electricos\/LEVARE\/FICHA%20TECNICA%20CALENTADOR%20DEPOSITO%20ELECTRICO%20CALOREX%20LEVARE.PDF\" target=\"_blank\" rel=\"noopener\">FICHA T\u00c9CNICA<\/a><\/strong><\/li>\n<\/ul>\n","protected":false},"excerpt":{"rendered":"<p><span style=\"color: #ff0000; font-size: 12pt;\"><strong>PRECIO\u00a0EN PESOS MEXICANOS.<br \/>\nPRECIO INCLUYE 16 % DE I.V.A.<br \/>\nPRECIO INCLUYE ENVIO (ZONA CENTRO).<\/strong><\/span><\/p>\n<h5 style=\"text-align: left;\"><span style=\"color: #ac0000;\">Servicios Simult\u00e1neos:<br \/>\n1 SERVICIO<\/span><\/h5>\n<h5 style=\"text-align: left;\"><span style=\"color: #ac0000;\"><img loading=\"lazy\" decoding=\"async\" src=\"https:\/\/h2otek.com\/tienda\/img\/cms\/aguacaliente\/calorex\/depaso\/icS-regaderaCX.png\" alt=\"\" width=\"52\" height=\"50\" \/><span style=\"color: #000000;\">\u00a0 1 Servicio = 1 regadera de 5 L\/min<\/span><\/span><\/h5>\n<h5><span style=\"color: #ac0000;\"><span style=\"color: #000000;\"><img loading=\"lazy\" decoding=\"async\" src=\"https:\/\/h2otek.com\/tienda\/img\/cms\/aguacaliente\/calorex\/depaso\/icS-lavamanosCX.png\" alt=\"\" width=\"52\" height=\"50\" \/>\u00a0 \u00bd Servicio = 1 lavabo de 3 L\/min<\/span><\/span><\/h5>\n<p>&nbsp;<\/p>\n<p><em><strong>APLICACIONES M\u00c1S\u00a0 COMUNES:<\/strong><\/em><\/p>\n<ul>\n<li><strong><em>CASAS<\/em><\/strong><\/li>\n<li><strong><em>RESIDENCIAS<\/em><\/strong><\/li>\n<li><strong><em>DEPARTAMENTOS<\/em><\/strong><\/li>\n<li><strong><em>CONDOMINIOS, ETC.<\/em><\/strong><\/li>\n<\/ul>\n","protected":false},"featured_media":5720,"comment_status":"closed","ping_status":"closed","template":"","meta":[],"pwb-brand":[],"product_brand":[],"product_cat":[391],"product_tag":[],"class_list":{"0":"post-23798","1":"product","2":"type-product","3":"status-publish","4":"has-post-thumbnail","6":"product_cat-voltaje-120-v-boilers-calentadores-de-agua","8":"first","9":"onbackorder","10":"purchasable","11":"product-type-simple"},"brands":[],"_links":{"self":[{"href":"https:\/\/h2otek.com\/tienda\/wp-json\/wp\/v2\/product\/23798","targetHints":{"allow":["GET"]}}],"collection":[{"href":"https:\/\/h2otek.com\/tienda\/wp-json\/wp\/v2\/product"}],"about":[{"href":"https:\/\/h2otek.com\/tienda\/wp-json\/wp\/v2\/types\/product"}],"replies":[{"embeddable":true,"href":"https:\/\/h2otek.com\/tienda\/wp-json\/wp\/v2\/comments?post=23798"}],"wp:featuredmedia":[{"embeddable":true,"href":"https:\/\/h2otek.com\/tienda\/wp-json\/wp\/v2\/media\/5720"}],"wp:attachment":[{"href":"https:\/\/h2otek.com\/tienda\/wp-json\/wp\/v2\/media?parent=23798"}],"wp:term":[{"taxonomy":"pwb-brand","embeddable":true,"href":"https:\/\/h2otek.com\/tienda\/wp-json\/wp\/v2\/pwb-brand?post=23798"},{"taxonomy":"product_brand","embeddable":true,"href":"https:\/\/h2otek.com\/tienda\/wp-json\/wp\/v2\/product_brand?post=23798"},{"taxonomy":"product_cat","embeddable":true,"href":"https:\/\/h2otek.com\/tienda\/wp-json\/wp\/v2\/product_cat?post=23798"},{"taxonomy":"product_tag","embeddable":true,"href":"https:\/\/h2otek.com\/tienda\/wp-json\/wp\/v2\/product_tag?post=23798"}],"curies":[{"name":"wp","href":"https:\/\/api.w.org\/{rel}","templated":true}]}}