{"id":19577,"date":"2021-07-06T21:22:53","date_gmt":"2021-07-06T21:22:53","guid":{"rendered":"https:\/\/h2otek.com\/tienda\/producto\/boiler-electrico-sin-tanque-240v-11-5-kw-48-amperes-0-3-gpm-1-fase-marca-eemax-linea-accumix-ii-mod-am012240t\/"},"modified":"2022-10-12T20:23:46","modified_gmt":"2022-10-12T20:23:46","slug":"boiler-electrico-sin-tanque-240v-11-5-kw-48-amperes-0-3-gpm-1-fase-marca-eemax-linea-accumix-ii-mod-am012240t","status":"publish","type":"product","link":"https:\/\/h2otek.com\/tienda\/producto\/boiler-electrico-sin-tanque-240v-11-5-kw-48-amperes-0-3-gpm-1-fase-marca-eemax-linea-accumix-ii-mod-am012240t\/","title":{"rendered":"BOILER ELECTRICO SIN TANQUE 240V 11.5 KW 48 AMPERES 0.3 GPM 1 FASE MARCA EEMAX LINEA ACCUMIX II MOD. AM012240T"},"content":{"rendered":"<p align=\"center\"><img fetchpriority=\"high\" decoding=\"async\" src=\"https:\/\/h2otek.com\/tienda\/img\/cms\/aguacaliente\/eemax\/accumix\/header-calentador-eemax-accumix-AM012240T.jpg\" alt=\"header-calentador-eemax-accumix\" width=\"650\" height=\"300\" \/><\/p>\n<p style=\"text-align: center;\"><strong>Calentador de agua sin tanque el\u00e9ctrico con v\u00e1lvula mezcladora ASSE 1070 integrada para el lavado de manos conforme al c\u00f3digo.\u00a0Ideal para sensores o grifos de medici\u00f3n.<\/strong><\/p>\n<p>\u00a0<\/p>\n<p><strong>CARACTERISTICAS:<\/strong><\/p>\n<ul>\n<li>Agua caliente a pedido &#8211; sin demora<\/li>\n<li>Reducir el desperdicio de energ\u00eda: el interruptor de flujo activa el calentador solo cuando el agua est\u00e1 en funcionamiento, sin p\u00e9rdida de calor en espera<\/li>\n<li>Agua caliente sin fin: sin capacidad de almacenamiento para agotar<\/li>\n<li>Reduce el costo y el material de instalaci\u00f3n: no se requiere v\u00e1lvula de T&amp;P (consulte los c\u00f3digos locales)<\/li>\n<li>Las c\u00e1maras de calentamiento reforzadas con vidrio en una trayectoria de flujo \u00fanica garantizan una transferencia de calor \u00f3ptima y una vida \u00fatil prolongada del elemento<\/li>\n<li>Instalaci\u00f3n f\u00e1cil: accesorios sencillos NPT que no requieren soldadura. La unidad se monta directamente en la pared con hardware com\u00fan.<\/li>\n<li>Campo utilizable: todos los componentes principales son reemplazables en campo y f\u00e1cilmente disponibles<\/li>\n<\/ul>\n<p><strong>APLICACIONES:<\/strong><\/p>\n<ul>\n<li>Centro comercial y puntos de venta<\/li>\n<li>Escuelas y todos los dem\u00e1s edificios p\u00fablicos<\/li>\n<li>Espacios de oficina e inquilinos<\/li>\n<li>Construcciones comerciales tales como restaurantes y estaciones de servicio<\/li>\n<li>Edificios modulares, oficinas y remolques<\/li>\n<li>Soportes de la concesi\u00f3n y ubicaciones del servicio de alimentos<\/li>\n<li>Cualquier receptor remoto que no tenga agua caliente<\/li>\n<\/ul>\n<p><strong>INSTALACI\u00d3N:<\/strong><\/p>\n<ul>\n<li>Dimensionamiento: tama\u00f1o basado en el rendimiento y no en la infraestructura el\u00e9ctrica. Tres factores clave, la temperatura del agua entrante, el volumen de agua y la temperatura de salida deseada.<\/li>\n<li>El\u00e9ctrico: todos los calentadores de agua sin tanque Eemax est\u00e1n dise\u00f1ados para conectarse a un interruptor de circuito dedicado y no se suministran con un cable y enchufe.<\/li>\n<li>Fontaner\u00eda &#8211; Precalentamiento o alimentaci\u00f3n de agua fr\u00eda. Esta familia de productos Eemax tiene control termost\u00e1tico y es capaz de reaccionar a las temperaturas cambiantes a la vez que proporciona un rendimiento estable.<\/li>\n<li>C\u00f3digos locales: verifique todos los c\u00f3digos aplicables, nacionales y locales, para garantizar el cumplimiento tanto en la instalaci\u00f3n de plomer\u00eda como el\u00e9ctrica.<\/li>\n<li>Montaje: esta familia de productos Eemax debe montarse verticalmente con las conexiones de agua en la parte inferior. La entrada est\u00e1 a la derecha, la salida est\u00e1 a la izquierda. Esto no puede ser revertido<\/li>\n<\/ul>\n<p>\u00a0<\/p>\n<p><strong>CARACTER\u00cdSTICAS DE RENDIMIENTO:<\/strong><\/p>\n<ul>\n<li>V\u00e1lvula mezcladora integrada cumple con ASSE 1070<\/li>\n<li>Cumple con los requisitos de UPC 407.3 cuando se instala correctamente<\/li>\n<li>Gesti\u00f3n activa de energ\u00eda con controles de modulaci\u00f3n de potencia<\/li>\n<li>Operaci\u00f3n silenciosa (excepto para AM012240T)<\/li>\n<li>Control de temperatura del microprocesador con pantalla digital para precisi\u00f3n termost\u00e1tica +\/- 1\u00b0 F a caudal constante<\/li>\n<li>Se monta en cualquier orientaci\u00f3n<\/li>\n<li>Activaci\u00f3n baja con flujo de activaci\u00f3n de 0.3 GPM<\/li>\n<li>La tecnolog\u00eda patentada de purga se aplica durante la instalaci\u00f3n para ayudar a proteger contra la ocurrencia de fuego seco<\/li>\n<li>La funci\u00f3n de diagn\u00f3stico muestra c\u00f3digos de error<\/li>\n<li>Agua caliente continua &#8211; sin capacidad de almacenamiento para agotarse<\/li>\n<li>Soluci\u00f3n llave en mano exclusiva Eemax<\/li>\n<li>Compatible con grifos de sensor y sin sensor<\/li>\n<li>Configurado de f\u00e1brica a 105\u00b0F<\/li>\n<li>Reduzca el desperdicio de energ\u00eda: el interruptor de flujo activa el calentador solo a pedido (sin p\u00e9rdida de calor de reserva)<\/li>\n<li>Ahorre agua y tiempo instalando la unidad en el punto de uso para eliminar largas tuber\u00edas<\/li>\n<li>Instalaci\u00f3n f\u00e1cil: solo se necesita una l\u00ednea de agua fr\u00eda o caliente tra\u00eddo a la instalaci\u00f3n &#8211; los accesorios de compresi\u00f3n integral son 3\/8&#8243; (no conexiones de sudor)<\/li>\n<li>Reduce los costos y materiales de instalaci\u00f3n<\/li>\n<li>No se necesita v\u00e1lvula de alivio T&amp;P (verifique los c\u00f3digos locales)<\/li>\n<li>Interruptor de l\u00edmite de alta temperatura (ECO)<\/li>\n<li>Garant\u00eda, cinco (5) a\u00f1os limitados por fugas, partes de un (1) a\u00f1o<\/li>\n<li>Tama\u00f1o compacto se adapta a casi cualquier lugar para una instalaci\u00f3n flexible; adecuado para instalaciones que cumplen con ADA<\/li>\n<\/ul>\n<p>\u00a0<\/p>\n<p style=\"text-align: center;\"><strong><span style=\"color: #000000;\">ESPECIFICACIONES<\/span><\/strong><\/p>\n<p style=\"text-align: center;\"><img decoding=\"async\" src=\"https:\/\/h2otek.com\/tienda\/img\/cms\/aguacaliente\/eemax\/accumix\/especificaciones-calentador-eemax-accumix-AM012240T.gif\" alt=\"especificaciones-calentador-eemax-accumi\" width=\"690\" height=\"687\" \/><\/p>\n<p>\u00a0<\/p>\n<p>\u00a0<\/p>\n<p style=\"text-align: center;\"><strong><span style=\"color: #000000;\">DIMENSIONES:<\/span><\/strong><\/p>\n<p style=\"text-align: center;\"><img decoding=\"async\" src=\"https:\/\/h2otek.com\/tienda\/img\/cms\/aguacaliente\/eemax\/accumix\/dimensiones-calentador-eemax-accumix.jpg\" alt=\"\" width=\"600\" height=\"421\" \/><\/p>\n<p>\u00a0<\/p>\n<p>\u00a0<\/p>\n<p style=\"text-align: center;\" align=\"center\"><strong><span style=\"color: #000000;\">VIDEO:<\/p>\n<p><iframe src=\"https:\/\/www.youtube.com\/embed\/cWuGSIe__Tc\" width=\"560\" height=\"315\" frameborder=\"0\"><\/iframe><\/p>\n<p><\/span><\/strong><\/p>\n<p align=\"center\">\u00a0<\/p>\n<p align=\"center\">\u00a0<\/p>\n<p><strong>DESCARGAR\u00a0 MANUALES<\/strong><\/p>\n<ul>\n<li><strong><a href=\"https:\/\/www.h2otek.com\/tienda\/pdf\/aguacaliente\/ESPECIFICACIONES%20CALENTADOR%20DE%20AGUA%20EEMAX%20LINEA%20ACCUMIX.pdf\" target=\"_blank\" rel=\"noopener\">ESPECIFICACIONES<\/a><\/strong><\/li>\n<li><strong><a href=\"https:\/\/www.h2otek.com\/tienda\/pdf\/aguacaliente\/MANUAL%20DEL%20USUARIO%20CALENTADOR%20DE%20AGUA%20EEMAX%20LINEA%20ACCUMIX.pdf\" target=\"_blank\" rel=\"noopener\">MANUAL DEL USUARIO<\/a><\/strong><\/li>\n<li><strong><a href=\"https:\/\/www.h2otek.com\/tienda\/pdf\/aguacaliente\/GARANTIA%20CALENTADOR%20DE%20AGUA%20EEMAX%20LINEA%20ACCUMIX.pdf\" target=\"_blank\" rel=\"noopener\">GARANT\u00cdA EEMAX<\/a><\/strong><\/li>\n<\/ul>\n<p>\u00a0<\/p>\n<p style=\"text-align: left;\"><span style=\"color: #000000;\"><strong>PRECIO INCLUYE GASTOS DE ENVIO (GRATIS) E IMPUESTO 16% DE IVA<br \/><\/strong><\/span><\/p>\n","protected":false},"excerpt":{"rendered":"<p><span style=\"color: #ff0000;\"><strong>PRECIO\u00a0EN D\u00d3LARES US.<\/strong><\/span><\/p>\n<p><strong>BOILER ELECTRICO 240 VOLTS 11.5 KW 1 FASE<br \/><\/strong><\/p>\n<p><strong>USO COMERCIAL &#8211; INDUSTRIAL<\/strong><\/p>\n<p><strong><em>APLICACIONES MAS COMUNES:<\/em><\/strong><\/p>\n<p><em>&#8211;\u00a0<strong>REGADERAS EN SERIE<br \/><\/strong><\/em><em>&#8211;\u00a0<strong>HOTELES<br \/><\/strong><\/em><em><strong>&#8211; MOTELES<br \/><\/strong><\/em><em><strong>&#8211; PROCESOS INDUSTRIALES<br \/><\/strong><\/em><em><strong>&#8211; DEPORTIVOS<br \/><\/strong><\/em><em><strong>&#8211; HOSPITALES<br \/><\/strong><\/em><em><strong>&#8211; RESTAURANTES<br \/><\/strong><\/em><em><strong>&#8211; APLICACIONES EN LA INDUSTRIA<br \/><\/strong><\/em><em><strong>&#8211; CENTROS DE LAVADO<br \/><\/strong><\/em><em><strong>&#8211; ESCUELAS<br \/><\/strong><\/em><em><strong>&#8211; ETC.<\/strong><\/em><\/p>\n","protected":false},"featured_media":5764,"comment_status":"closed","ping_status":"closed","template":"","meta":[],"pwb-brand":[],"product_brand":[],"product_cat":[486],"product_tag":[],"class_list":{"0":"post-19577","1":"product","2":"type-product","3":"status-publish","4":"has-post-thumbnail","6":"product_cat-accumix-ii","8":"first","9":"onbackorder","10":"product-type-simple"},"brands":[],"_links":{"self":[{"href":"https:\/\/h2otek.com\/tienda\/wp-json\/wp\/v2\/product\/19577","targetHints":{"allow":["GET"]}}],"collection":[{"href":"https:\/\/h2otek.com\/tienda\/wp-json\/wp\/v2\/product"}],"about":[{"href":"https:\/\/h2otek.com\/tienda\/wp-json\/wp\/v2\/types\/product"}],"replies":[{"embeddable":true,"href":"https:\/\/h2otek.com\/tienda\/wp-json\/wp\/v2\/comments?post=19577"}],"wp:featuredmedia":[{"embeddable":true,"href":"https:\/\/h2otek.com\/tienda\/wp-json\/wp\/v2\/media\/5764"}],"wp:attachment":[{"href":"https:\/\/h2otek.com\/tienda\/wp-json\/wp\/v2\/media?parent=19577"}],"wp:term":[{"taxonomy":"pwb-brand","embeddable":true,"href":"https:\/\/h2otek.com\/tienda\/wp-json\/wp\/v2\/pwb-brand?post=19577"},{"taxonomy":"product_brand","embeddable":true,"href":"https:\/\/h2otek.com\/tienda\/wp-json\/wp\/v2\/product_brand?post=19577"},{"taxonomy":"product_cat","embeddable":true,"href":"https:\/\/h2otek.com\/tienda\/wp-json\/wp\/v2\/product_cat?post=19577"},{"taxonomy":"product_tag","embeddable":true,"href":"https:\/\/h2otek.com\/tienda\/wp-json\/wp\/v2\/product_tag?post=19577"}],"curies":[{"name":"wp","href":"https:\/\/api.w.org\/{rel}","templated":true}]}}