{"id":19546,"date":"2021-07-06T21:22:42","date_gmt":"2021-07-06T21:22:42","guid":{"rendered":"https:\/\/h2otek.com\/tienda\/producto\/secadores-secador-de-madera-estacionario-220-volts-1-y-3-fases-marca-ebac-mod-mf2\/"},"modified":"2022-09-26T16:25:03","modified_gmt":"2022-09-26T16:25:03","slug":"secadores-secador-de-madera-estacionario-220-volts-1-y-3-fases-marca-ebac-mod-mf2","status":"publish","type":"product","link":"https:\/\/h2otek.com\/tienda\/producto\/secadores-secador-de-madera-estacionario-220-volts-1-y-3-fases-marca-ebac-mod-mf2\/","title":{"rendered":"SECADORES &#8211; SECADOR DE MADERA ESTACIONARIO 220 VOLTS 1 Y 3 FASES MARCA EBAC MOD. MF2"},"content":{"rendered":"<p style=\"text-align: center;\"><img fetchpriority=\"high\" decoding=\"async\" src=\"https:\/\/h2otek.com\/tienda\/img\/cms\/controlhumedad\/ebac\/secadores\/secadores-madera-ebac-MF2.jpg\" alt=\"\" width=\"650\" height=\"250\" \/><\/p>\n<p style=\"text-align: justify;\"><strong><span style=\"font-size: small;\">Capacidad \u00f3ptima<\/span><\/strong><\/p>\n<p style=\"text-align: justify;\">La capacidad nominal normal del MF2 al secar la madera dura es de 1&#8243; 5.000 BF (420 pies c\u00fabicos). Las unidades pueden instalarse individualmente o en m\u00faltiplos de capacidad proporcional de secado para adaptarse a cualquier necesidad. Las unidades MF2 son sistemas robustos y fiables de secado de madera dise\u00f1ados para los minoristas m\u00e1s grandes o aserraderos de madera que necesitan un suministro regular de madera completamente seca con la m\u00ednima demora. Las unidades pueden instalarse individualmente o en m\u00faltiplos de capacidad proporcional de secado para adaptarse a cualquier necesidad.<\/p>\n<p style=\"text-align: justify;\"><span style=\"font-size: small;\"><strong>Durabilidad<\/strong><\/span><\/p>\n<p style=\"text-align: justify;\">Los marcos r\u00edgidos duros est\u00e1n dise\u00f1ados para hacer frente a las condiciones de secado de c\u00e1mara. Especialmente tratadas para intercambiadores de calor que se utilizan para evitar y tener precauci\u00f3n de la corrosi\u00f3n al secar las especies que contienen concentraciones de \u00e1cidos, en particular el roble.<\/p>\n<p style=\"text-align: justify;\"><strong><span style=\"font-size: small;\">Eficiencia <\/span><\/strong><\/p>\n<p style=\"text-align: justify;\">EIPL deshumidificadores de madera modelo MF2 se instalan dentro de la c\u00e1mara de secado. Esto significa que todo el calor producido como producto con las funciones de secado se pueden recuperar y volver a utilizar continuamente durante el proceso de secado. Los costos de funcionamiento por lo tanto son bajos y la reducci\u00f3n de costos mejoran su rentabilidad.<\/p>\n<p style=\"text-align: justify;\"><span style=\"font-size: small;\"><strong>Compacta<\/strong><\/span><\/p>\n<p style=\"text-align: justify;\">El espacio interior de la c\u00e1mara de secado es escaso, por lo que los secadores MF2 son delgados en forma para permitir al m\u00e1ximo el espacio para la madera que se est\u00e1 secando.<\/p>\n<p style=\"text-align: justify;\"><strong><span style=\"font-size: small;\">Rendimiento<\/span><\/strong><\/p>\n<p style=\"text-align: justify;\">Los secadores MF2 han incorporado caracter\u00edsticas de dise\u00f1o que permite optimizar la operaci\u00f3n en el rango de temperaturas de hasta 140\u02da F (60\u02daC). A esta temperatura, la madera se libera de la humedad r\u00e1pidamente y con seguridad. El funcionamiento a altas temperaturas permanece conectado significativamente y los refrigerantes de servicio especializados son inevitablemente frecuentes. Los secadores de madera EIPL por lo tanto, operan en el rango de temperatura que es el mejor compromiso entre la velocidad de secado y fiabilidad de la m\u00e1quina. El dise\u00f1o de la MF2 permite a cada unidad funcionar a bajos niveles de humedad relativa efectiva. Esto significa que usted puede estar seguro de que la madera est\u00e1 completamente seca para bajos contenidos de humedad, el 6% si es necesario.<\/p>\n<p style=\"text-align: center;\"><img decoding=\"async\" src=\"https:\/\/www.h2otek.com\/tienda\/Images\/deshumidificadores\/foto-ebac-mf2.JPG\" alt=\"foto-ebac-mf2.JPG\" border=\"0\" \/><\/p>\n<p style=\"text-align: justify;\"><span style=\"font-size: small;\"><strong>Ampliable<\/strong><\/span><\/p>\n<p style=\"text-align: justify;\">Si sus necesidades crecen y usted necesita secar una cantidad mayor de madera, tambi\u00e9n lo puede hacer su sistema de secado. Los usuarios pueden empezar con una sola unidad de MF y a\u00f1adir m\u00e1s tarde. Esta disposici\u00f3n significa menos presi\u00f3n sobre su flujo de efectivo sin el peligro de la instalaci\u00f3n de un sistema de secado que se vuelve demasiado peque\u00f1o.<\/p>\n<p style=\"text-align: justify;\"><span style=\"font-size: small;\"><strong>Control<\/strong><\/span><\/p>\n<p style=\"text-align: justify;\">Los sistemas de secado de madera MF2 son controlados por los controladores de MCU EIPL modular, incluso, el microprocesador de sistemas accionados son totalmente programables. Esto significa que el secado es controlado con precisi\u00f3n, y usted puede estar seguro de una calidad de altura en el secado de la madera.<\/p>\n<p style=\"text-align: justify;\"><span style=\"font-size: small;\"><strong>Sistemas Caracter\u00edsticas Completas<br \/>\n<\/strong><\/span><\/p>\n<p style=\"text-align: justify;\">En adiciones a las funciones b\u00e1sicas de secado y calentamiento, los sistemas de MF pueden construir un n\u00famero de caracter\u00edsticas opcionales de la gama EIPL de equipo suplementario. Para reducir a\u00fan m\u00e1s los costos de funcionamiento de las unidades modestas MF, las c\u00e1maras de secado deben estar bien aisladas. El sobrecalentamiento en climas c\u00e1lidos evita el uso de la unidad de ventilaci\u00f3n EIPL. Para asegurar la distribuci\u00f3n uniforme del calor en toda la Woodstack, es necesario instalar ventiladores adicionales dentro de la c\u00e1mara de secado. EIPL puede suministrar ventiladores adecuados a partir de una gama de modelos especialmente seleccionados.<\/p>\n<p>&nbsp;<\/p>\n<p style=\"text-align: center;\"><strong>TABLA DE ESPECIFICACIONES:<\/strong><\/p>\n<p style=\"text-align: center;\">\u00a0<img decoding=\"async\" src=\"https:\/\/www.h2otek.com\/tienda\/Images\/deshumidificadores\/especificaciones-ebac-mf2.gif\" alt=\"especificaciones-ebac-mf2.gif\" border=\"0\" \/><\/p>\n<p>&nbsp;<\/p>\n<p>&nbsp;<\/p>\n<p style=\"text-align: left;\"><strong>DESCARGAR MANUALES:<br \/>\n<\/strong><\/p>\n<ul>\n<li><strong><a href=\"https:\/\/h2otek.com\/tienda\/img\/cms\/controlhumedad\/ebac\/secadores\/FOLLETO%20SECADOR%20DESHUMIDIFICADOR%20EBAC%20MF2%20y%20MF4.pdf\" target=\"_blank\" rel=\"noopener\">FOLLETO<\/a><\/strong><\/li>\n<li><strong><a href=\"https:\/\/h2otek.com\/tienda\/img\/cms\/controlhumedad\/ebac\/secadores\/MANUAL%20DEL%20USUARIO%20SECADOR%20DESHUMIDIFICADOR%20EBAC%20MF2.pdf\" target=\"_blank\" rel=\"noopener\">MANUAL DEL USUARIO<\/a><\/strong><\/li>\n<li><strong><a href=\"https:\/\/h2otek.com\/tienda\/img\/cms\/controlhumedad\/ebac\/secadores\/DIAGRAMA%20CABLEADO%20SECADOR%20DESHUMIDIFICADOR%20EBAC%20MF2.pdf\" target=\"_blank\" rel=\"noopener\">DIAGRAMA DE CABLEADO<\/a><\/strong><\/li>\n<li><strong><a href=\"https:\/\/h2otek.com\/tienda\/img\/cms\/controlhumedad\/ebac\/secadores\/ESQUEMA%20DE%20CABLEADO%20SECADOR%20DESHUMIDIFICADOR%20EBAC%20MF2.pdf\" target=\"_blank\" rel=\"noopener\">ESQUEMA DE CABLEADO<\/a><\/strong><\/li>\n<li><strong><a href=\"https:\/\/h2otek.com\/tienda\/img\/cms\/controlhumedad\/ebac\/secadores\/LISTA%20DE%20PARTES%20CABLEADO%20SECADOR%20DESHUMIDIFICADOR%20EBAC%20MF2.pdf\" target=\"_blank\" rel=\"noopener\">LISTA D EPARTES<\/a><\/strong><\/li>\n<\/ul>\n<p>&nbsp;<\/p>\n<p style=\"text-align: left;\"><span style=\"color: #000000;\"><strong><strong>PRECIOS INCLUYE GASTOS DE ENVIO (GRATIS) E IMPUESTO 16% DE IVA<\/strong><\/strong><\/span><\/p>\n","protected":false},"excerpt":{"rendered":"<p><span style=\"color: #d0121a;\"><strong>PRECIO EN D\u00d3LARES US.<\/strong><\/span><\/p>\n<p style=\"text-align: left;\"><span style=\"color: #000000;\"><em><span style=\"font-size: small;\"><strong>IDEALES PARA: <\/strong><\/span><\/em><\/span><\/p>\n<ul style=\"text-align: left;\">\n<li><span style=\"color: #000000;\"><em><span style=\"font-size: small;\"><strong>CUARTOS DE SECADO DE MADERA<\/strong><\/span><\/em><\/span><\/li>\n<li><span style=\"color: #000000;\"><em><span style=\"font-size: small;\"><strong>CUARTOS DE SECADO<\/strong><\/span><\/em><\/span><\/li>\n<\/ul>\n<p style=\"text-align: left;\"><span style=\"font-size: small; color: #000000;\"><em><strong>\u00a0<\/strong><\/em><\/span><\/p>\n","protected":false},"featured_media":5324,"comment_status":"closed","ping_status":"closed","template":"","meta":[],"pwb-brand":[],"product_brand":[],"product_cat":[493],"product_tag":[],"class_list":{"0":"post-19546","1":"product","2":"type-product","3":"status-publish","4":"has-post-thumbnail","6":"product_cat-secadores","8":"first","9":"outofstock","10":"purchasable","11":"product-type-simple"},"brands":[],"_links":{"self":[{"href":"https:\/\/h2otek.com\/tienda\/wp-json\/wp\/v2\/product\/19546","targetHints":{"allow":["GET"]}}],"collection":[{"href":"https:\/\/h2otek.com\/tienda\/wp-json\/wp\/v2\/product"}],"about":[{"href":"https:\/\/h2otek.com\/tienda\/wp-json\/wp\/v2\/types\/product"}],"replies":[{"embeddable":true,"href":"https:\/\/h2otek.com\/tienda\/wp-json\/wp\/v2\/comments?post=19546"}],"wp:featuredmedia":[{"embeddable":true,"href":"https:\/\/h2otek.com\/tienda\/wp-json\/wp\/v2\/media\/5324"}],"wp:attachment":[{"href":"https:\/\/h2otek.com\/tienda\/wp-json\/wp\/v2\/media?parent=19546"}],"wp:term":[{"taxonomy":"pwb-brand","embeddable":true,"href":"https:\/\/h2otek.com\/tienda\/wp-json\/wp\/v2\/pwb-brand?post=19546"},{"taxonomy":"product_brand","embeddable":true,"href":"https:\/\/h2otek.com\/tienda\/wp-json\/wp\/v2\/product_brand?post=19546"},{"taxonomy":"product_cat","embeddable":true,"href":"https:\/\/h2otek.com\/tienda\/wp-json\/wp\/v2\/product_cat?post=19546"},{"taxonomy":"product_tag","embeddable":true,"href":"https:\/\/h2otek.com\/tienda\/wp-json\/wp\/v2\/product_tag?post=19546"}],"curies":[{"name":"wp","href":"https:\/\/api.w.org\/{rel}","templated":true}]}}

<p style="text-align: center;"><img fetchpriority="high" decoding="async" src="https://h2otek.com/tienda/img/cms/controlhumedad/ebac/secadores/secadores-madera-ebac-MF2.jpg" alt="" width="650" height="250" /></p>
<p style="text-align: justify;"><strong><span style="font-size: small;">Capacidad óptima</span></strong></p>
<p style="text-align: justify;">La capacidad nominal normal del MF2 al secar la madera dura es de 1&#8243; 5.000 BF (420 pies cúbicos). Las unidades pueden instalarse individualmente o en múltiplos de capacidad proporcional de secado para adaptarse a cualquier necesidad. Las unidades MF2 son sistemas robustos y fiables de secado de madera diseñados para los minoristas más grandes o aserraderos de madera que necesitan un suministro regular de madera completamente seca con la mínima demora. Las unidades pueden instalarse individualmente o en múltiplos de capacidad proporcional de secado para adaptarse a cualquier necesidad.</p>
<p style="text-align: justify;"><span style="font-size: small;"><strong>Durabilidad</strong></span></p>
<p style="text-align: justify;">Los marcos rígidos duros están diseñados para hacer frente a las condiciones de secado de cámara. Especialmente tratadas para intercambiadores de calor que se utilizan para evitar y tener precaución de la corrosión al secar las especies que contienen concentraciones de ácidos, en particular el roble.</p>
<p style="text-align: justify;"><strong><span style="font-size: small;">Eficiencia </span></strong></p>
<p style="text-align: justify;">EIPL deshumidificadores de madera modelo MF2 se instalan dentro de la cámara de secado. Esto significa que todo el calor producido como producto con las funciones de secado se pueden recuperar y volver a utilizar continuamente durante el proceso de secado. Los costos de funcionamiento por lo tanto son bajos y la reducción de costos mejoran su rentabilidad.</p>
<p style="text-align: justify;"><span style="font-size: small;"><strong>Compacta</strong></span></p>
<p style="text-align: justify;">El espacio interior de la cámara de secado es escaso, por lo que los secadores MF2 son delgados en forma para permitir al máximo el espacio para la madera que se está secando.</p>
<p style="text-align: justify;"><strong><span style="font-size: small;">Rendimiento</span></strong></p>
<p style="text-align: justify;">Los secadores MF2 han incorporado características de diseño que permite optimizar la operación en el rango de temperaturas de hasta 140˚ F (60˚C). A esta temperatura, la madera se libera de la humedad rápidamente y con seguridad. El funcionamiento a altas temperaturas permanece conectado significativamente y los refrigerantes de servicio especializados son inevitablemente frecuentes. Los secadores de madera EIPL por lo tanto, operan en el rango de temperatura que es el mejor compromiso entre la velocidad de secado y fiabilidad de la máquina. El diseño de la MF2 permite a cada unidad funcionar a bajos niveles de humedad relativa efectiva. Esto significa que usted puede estar seguro de que la madera está completamente seca para bajos contenidos de humedad, el 6% si es necesario.</p>
<p style="text-align: center;"><img decoding="async" src="https://www.h2otek.com/tienda/Images/deshumidificadores/foto-ebac-mf2.JPG" alt="foto-ebac-mf2.JPG" border="0" /></p>
<p style="text-align: justify;"><span style="font-size: small;"><strong>Ampliable</strong></span></p>
<p style="text-align: justify;">Si sus necesidades crecen y usted necesita secar una cantidad mayor de madera, también lo puede hacer su sistema de secado. Los usuarios pueden empezar con una sola unidad de MF y añadir más tarde. Esta disposición significa menos presión sobre su flujo de efectivo sin el peligro de la instalación de un sistema de secado que se vuelve demasiado pequeño.</p>
<p style="text-align: justify;"><span style="font-size: small;"><strong>Control</strong></span></p>
<p style="text-align: justify;">Los sistemas de secado de madera MF2 son controlados por los controladores de MCU EIPL modular, incluso, el microprocesador de sistemas accionados son totalmente programables. Esto significa que el secado es controlado con precisión, y usted puede estar seguro de una calidad de altura en el secado de la madera.</p>
<p style="text-align: justify;"><span style="font-size: small;"><strong>Sistemas Características Completas<br />
</strong></span></p>
<p style="text-align: justify;">En adiciones a las funciones básicas de secado y calentamiento, los sistemas de MF pueden construir un número de características opcionales de la gama EIPL de equipo suplementario. Para reducir aún más los costos de funcionamiento de las unidades modestas MF, las cámaras de secado deben estar bien aisladas. El sobrecalentamiento en climas cálidos evita el uso de la unidad de ventilación EIPL. Para asegurar la distribución uniforme del calor en toda la Woodstack, es necesario instalar ventiladores adicionales dentro de la cámara de secado. EIPL puede suministrar ventiladores adecuados a partir de una gama de modelos especialmente seleccionados.</p>
<p>&nbsp;</p>
<p style="text-align: center;"><strong>TABLA DE ESPECIFICACIONES:</strong></p>
<p style="text-align: center;"> <img decoding="async" src="https://www.h2otek.com/tienda/Images/deshumidificadores/especificaciones-ebac-mf2.gif" alt="especificaciones-ebac-mf2.gif" border="0" /></p>
<p>&nbsp;</p>
<p>&nbsp;</p>
<p style="text-align: left;"><strong>DESCARGAR MANUALES:<br />
</strong></p>
<ul>
<li><strong><a href="https://h2otek.com/tienda/img/cms/controlhumedad/ebac/secadores/FOLLETO%20SECADOR%20DESHUMIDIFICADOR%20EBAC%20MF2%20y%20MF4.pdf" target="_blank" rel="noopener">FOLLETO</a></strong></li>
<li><strong><a href="https://h2otek.com/tienda/img/cms/controlhumedad/ebac/secadores/MANUAL%20DEL%20USUARIO%20SECADOR%20DESHUMIDIFICADOR%20EBAC%20MF2.pdf" target="_blank" rel="noopener">MANUAL DEL USUARIO</a></strong></li>
<li><strong><a href="https://h2otek.com/tienda/img/cms/controlhumedad/ebac/secadores/DIAGRAMA%20CABLEADO%20SECADOR%20DESHUMIDIFICADOR%20EBAC%20MF2.pdf" target="_blank" rel="noopener">DIAGRAMA DE CABLEADO</a></strong></li>
<li><strong><a href="https://h2otek.com/tienda/img/cms/controlhumedad/ebac/secadores/ESQUEMA%20DE%20CABLEADO%20SECADOR%20DESHUMIDIFICADOR%20EBAC%20MF2.pdf" target="_blank" rel="noopener">ESQUEMA DE CABLEADO</a></strong></li>
<li><strong><a href="https://h2otek.com/tienda/img/cms/controlhumedad/ebac/secadores/LISTA%20DE%20PARTES%20CABLEADO%20SECADOR%20DESHUMIDIFICADOR%20EBAC%20MF2.pdf" target="_blank" rel="noopener">LISTA D EPARTES</a></strong></li>
</ul>
<p>&nbsp;</p>
<p style="text-align: left;"><span style="color: #000000;"><strong><strong>PRECIOS INCLUYE GASTOS DE ENVIO (GRATIS) E IMPUESTO 16% DE IVA</strong></strong></span></p>

<p><span style="color: #d0121a;"><strong>PRECIO EN DÓLARES US.</strong></span></p>
<p style="text-align: left;"><span style="color: #000000;"><em><span style="font-size: small;"><strong>IDEALES PARA: </strong></span></em></span></p>
<ul style="text-align: left;">
<li><span style="color: #000000;"><em><span style="font-size: small;"><strong>CUARTOS DE SECADO DE MADERA</strong></span></em></span></li>
<li><span style="color: #000000;"><em><span style="font-size: small;"><strong>CUARTOS DE SECADO</strong></span></em></span></li>
</ul>
<p style="text-align: left;"><span style="font-size: small; color: #000000;"><em><strong> </strong></em></span></p>
