{"id":19304,"date":"2021-07-06T21:21:37","date_gmt":"2021-07-06T21:21:37","guid":{"rendered":"https:\/\/h2otek.com\/tienda\/producto\/deshumidificador-cap-17-pintas-110v-marca-ebac-mod-spp6a\/"},"modified":"2026-01-26T21:27:53","modified_gmt":"2026-01-26T21:27:53","slug":"deshumidificador-cap-17-pintas-110v-marca-ebac-mod-spp6a","status":"publish","type":"product","link":"https:\/\/h2otek.com\/tienda\/producto\/deshumidificador-cap-17-pintas-110v-marca-ebac-mod-spp6a\/","title":{"rendered":"DESHUMIDIFICADOR CAP. 17 PINTAS 110V. MARCA EBAC MOD. SPP6A"},"content":{"rendered":"<p style=\"text-align: center;\"><img decoding=\"async\" src=\"https:\/\/www.h2otek.com\/tienda\/Images\/deshumidificadores\/deshumidificadorebac-spp6a.jpg\" alt=\"deshumidificadorebac-spp6a.jpg\" border=\"0\" \/><\/p>\n<p style=\"text-align: center;\">La caja del monitor permite que el estado de funcionamiento del deshumidificador para ser confirmado sin necesidad de entrar en el \u00e1rea deshumidificado.<\/p>\n<p style=\"text-align: justify;\">Originalmente dise\u00f1ado y construido para las fuerzas de la OTAN, este deshumidificador fiable y resistente ya est\u00e1 disponible para aplicaciones industriales y comerciales. El SPP6A mantiene f\u00e1cilmente entornos en los niveles de humedad relativa que evitan la corrosi\u00f3n y \/ o la formaci\u00f3n de moho. Especialmente adecuado para instalaciones de almacenamiento que requieren la m\u00e1xima fiabilidad y robustez, la SPP6A ofrece caracter\u00edsticas que normalmente no est\u00e1n disponibles para el usuario comercial o industrial. Esta unidad compacta se puede eliminar hasta 25ppd de la humedad en ambientes extremos.<\/p>\n<p style=\"text-align: justify;\">Una vez colocado en el interior del \u00e1rea de almacenamiento, el nivel requerido de humedad se puede seleccionar mediante el ajuste de la perilla de control de humedad para la configuraci\u00f3n adecuada. La operaci\u00f3n es autom\u00e1tica. El equipo se suministra con una caja del monitor que se coloca en el exterior de la zona deshumidificaci\u00f3n. La caja del monitor incorpora las luces indicadoras que muestran:<\/p>\n<ul>\n<li>La energ\u00eda en funcionamiento del deshumidificador<\/li>\n<li>La alta humedad de la l\u00e1mpara de advertencia<\/li>\n<\/ul>\n<p style=\"text-align: justify;\">La caja del monitor permite que el estado de funcionamiento del deshumidificador pueda ser confirmado sin necesidad de entrar en el \u00e1rea de deshumidificaci\u00f3n.<\/p>\n<p style=\"text-align: left;\"><strong>APLICACIONES:<\/strong><\/p>\n<ul style=\"text-align: left;\">\n<li>Tiendas<\/li>\n<li>Helic\u00f3pteros<\/li>\n<li>Veh\u00edculos de combate<\/li>\n<li>Avi\u00f3nica<\/li>\n<li>Simuladores<\/li>\n<li>Munici\u00f3n<\/li>\n<li>Aviones militares<\/li>\n<li>Buques que desembarquen<\/li>\n<li>Sistemas de radar<\/li>\n<li>Aviones de ca\u00edda<\/li>\n<li>Buques de la marina<\/li>\n<li>Veh\u00edculos terrestres<\/li>\n<li>Motores de los aviones<\/li>\n<\/ul>\n<p style=\"text-align: left;\"><strong>CARACTER\u00cdSTICAS:<\/strong><\/p>\n<ul>\n<li>Herm\u00e9ticamente cerrados los componentes internos<\/li>\n<li>Accesorios de acero inoxidable a lo largo de toda la m\u00e1quina<\/li>\n<li>De corte integral compresor de refrigeraci\u00f3n del dispositivo<\/li>\n<li>A prueba de golpes y vibraciones<\/li>\n<li>\u00danico con sistema de gas caliente\u00a0 de descongelaci\u00f3n<\/li>\n<li>Caja del monitor<\/li>\n<li>Luz de advertencia<\/li>\n<li>1 a\u00f1o de garant\u00eda sobre cualquier defecto de fabricaci\u00f3n<\/li>\n<\/ul>\n<p>&nbsp;<\/p>\n<p>&nbsp;<\/p>\n<p style=\"text-align: center;\"><strong>TABLA DE ESPECIFICACIONES:<\/strong><\/p>\n<p style=\"text-align: center;\"><img decoding=\"async\" src=\"https:\/\/www.h2otek.com\/tienda\/Images\/deshumidificadores\/tablaspp6a.jpg\" alt=\"tablaspp6a.jpg\" border=\"0\" \/><\/p>\n<p>&nbsp;<\/p>\n<p>&nbsp;<\/p>\n<p style=\"text-align: center;\"><strong>FUNCIONAMIENTO:<\/strong><\/p>\n<p style=\"text-align: center;\"><a href=\"https:\/\/h2otek.com\/tienda\/wp-content\/uploads\/2021\/07\/funcion-deshumidificadores-ebac.gif\"><img fetchpriority=\"high\" decoding=\"async\" class=\"alignnone wp-image-23307 size-full\" src=\"https:\/\/h2otek.com\/tienda\/wp-content\/uploads\/2021\/07\/funcion-deshumidificadores-ebac.gif\" alt=\"\" width=\"599\" height=\"523\" \/><\/a><\/p>\n<p>&nbsp;<\/p>\n<div style=\"text-align: left;\">\n<div>\n<div>\n<div>\n<div>\n<div>\n<div>\n<p><strong>DESCARGAR MANUALES:<\/strong><\/p>\n<ul>\n<li><strong><a href=\"https:\/\/h2otek.com\/tienda\/pdf\/controlhumedad\/ebac\/FOLLETO%20DESHUMIDIFICADOR%20EBAC%20SPP6A.pdf\" target=\"_blank\" rel=\"noopener\">FOLLETO<\/a><\/strong><\/li>\n<\/ul>\n<div>\n<div style=\"width: 300px; text-align: left;\"><\/div>\n<\/div>\n<div style=\"width: 300px; text-align: left;\"><\/div>\n<\/div>\n<div style=\"width: 300px; text-align: left;\"><\/div>\n<\/div>\n<\/div>\n<\/div>\n<\/div>\n<\/div>\n<\/div>\n<p style=\"text-align: left;\"><span style=\"color: #000000;\"><strong>PRECIOS INCLUYE GASTOS DE ENVIO (GRATIS) E IMPUESTO 16% DE IVA<\/strong><\/span><\/p>\n","protected":false},"excerpt":{"rendered":"<p><span style=\"color: #ff0000;\"><strong>PRECIO EN D\u00d3LARES US.<\/strong><\/span><\/p>\n<p><strong>IDEALES PARA LOS ESPACIOS EN:<\/strong><\/p>\n<ul>\n<li><em><strong><span style=\"color: #000000;\"><span style=\"font-size: small;\"> ALMACEN<\/span><\/span><\/strong><\/em><\/li>\n<li><em><strong><span style=\"color: #000000;\"><span style=\"font-size: small;\">S\u00d3TANOS<\/span><\/span><\/strong><\/em><\/li>\n<li><em><strong><span style=\"color: #000000;\"><span style=\"font-size: small;\">F\u00c1BRICAS<\/span><\/span><\/strong><\/em><\/li>\n<li><em><strong><span style=\"color: #000000;\"><span style=\"font-size: small;\">RESTAURACI\u00d3N DE DA\u00d1OS<\/span><\/span><\/strong><\/em><\/li>\n<li><em><strong><span style=\"color: #000000;\"><span style=\"font-size: small;\">PABELLONES DEPORTIV<\/span><span style=\"font-size: small;\">OS<\/span><\/span><\/strong><\/em><\/li>\n<li><em><strong><span style=\"color: #000000;\"><span style=\"font-size: small;\">\u00c1REAS DE ALMACENAMIENTO<\/span><\/span><\/strong><\/em><\/li>\n<li><em><strong><span style=\"color: #000000;\"><span style=\"font-size: small;\">LABORATORIOS<\/span><\/span><\/strong><\/em><\/li>\n<li><em><strong><span style=\"color: #000000;\"><span style=\"font-size: small;\">ETC.<\/span><\/span><\/strong><\/em><\/li>\n<\/ul>\n<p>&nbsp;<\/p>\n<p><em><strong><span style=\"font-size: small; color: #000000;\">RECOMENDADOS PARA \u00c1REA MILITAR, <\/span><span style=\"color: #000000;\"><span style=\"font-size: small;\">USO RUDO.<\/span><\/span><\/strong><\/em><\/p>\n","protected":false},"featured_media":28030,"comment_status":"closed","ping_status":"closed","template":"","meta":[],"pwb-brand":[],"product_brand":[],"product_cat":[422,863],"product_tag":[],"class_list":{"0":"post-19304","1":"product","2":"type-product","3":"status-publish","4":"has-post-thumbnail","6":"product_cat-portatiles","7":"product_cat-portatiles-110-volts-deshumidificadores-por-condensacion-refrigeracion","9":"first","10":"onbackorder","11":"purchasable","12":"product-type-simple"},"brands":[],"_links":{"self":[{"href":"https:\/\/h2otek.com\/tienda\/wp-json\/wp\/v2\/product\/19304","targetHints":{"allow":["GET"]}}],"collection":[{"href":"https:\/\/h2otek.com\/tienda\/wp-json\/wp\/v2\/product"}],"about":[{"href":"https:\/\/h2otek.com\/tienda\/wp-json\/wp\/v2\/types\/product"}],"replies":[{"embeddable":true,"href":"https:\/\/h2otek.com\/tienda\/wp-json\/wp\/v2\/comments?post=19304"}],"wp:featuredmedia":[{"embeddable":true,"href":"https:\/\/h2otek.com\/tienda\/wp-json\/wp\/v2\/media\/28030"}],"wp:attachment":[{"href":"https:\/\/h2otek.com\/tienda\/wp-json\/wp\/v2\/media?parent=19304"}],"wp:term":[{"taxonomy":"pwb-brand","embeddable":true,"href":"https:\/\/h2otek.com\/tienda\/wp-json\/wp\/v2\/pwb-brand?post=19304"},{"taxonomy":"product_brand","embeddable":true,"href":"https:\/\/h2otek.com\/tienda\/wp-json\/wp\/v2\/product_brand?post=19304"},{"taxonomy":"product_cat","embeddable":true,"href":"https:\/\/h2otek.com\/tienda\/wp-json\/wp\/v2\/product_cat?post=19304"},{"taxonomy":"product_tag","embeddable":true,"href":"https:\/\/h2otek.com\/tienda\/wp-json\/wp\/v2\/product_tag?post=19304"}],"curies":[{"name":"wp","href":"https:\/\/api.w.org\/{rel}","templated":true}]}}