{"id":19299,"date":"2021-07-06T21:21:37","date_gmt":"2021-07-06T21:21:37","guid":{"rendered":"https:\/\/h2otek.com\/tienda\/producto\/boiler-electrico-instantaneo-2-servicios-18-0-kw-220v-marca-rheem-mod-rtx3-18\/"},"modified":"2023-06-01T23:54:47","modified_gmt":"2023-06-01T23:54:47","slug":"boiler-electrico-instantaneo-2-servicios-18-0-kw-220v-marca-rheem-mod-rtx3-18","status":"publish","type":"product","link":"https:\/\/h2otek.com\/tienda\/producto\/boiler-electrico-instantaneo-2-servicios-18-0-kw-220v-marca-rheem-mod-rtx3-18\/","title":{"rendered":"BOILER EL\u00c9CTRICO INSTANT\u00c1NEO 2 SERVICIOS 18.0 KW 220V. MARCA RHEEM MOD. RTX3-18"},"content":{"rendered":"<p style=\"text-align: center;\"><img fetchpriority=\"high\" decoding=\"async\" src=\"https:\/\/h2otek.com\/tienda\/img\/cms\/aguacaliente\/rheem\/instantaneo-electrico\/RTX3\/header-boiler-instantaneo-electrico-rheem-RTX3-18.jpg\" alt=\"header-boiler-instantaneo-electrico-rhee\" width=\"650\" height=\"300\" \/><\/p>\n<div style=\"text-align: justify;\">Una soluci\u00f3n dise\u00f1ada para tu hogar que te garantiza agua caliente al instante con un mayor grado de modernidad y eficiencia que amar\u00e1s.<\/div>\n<div style=\"text-align: justify;\">Agua Caliente sin l\u00edmite y al instante para familias modernas y pr\u00e1cticas.<\/div>\n<div style=\"text-align: justify;\">Gracias a su alta tecnolog\u00eda te permite tener ba\u00f1os calientes con una temperatura constante en cualquier lugar y cualquier momento.<\/div>\n<p><strong>Ideal para:<\/strong><\/p>\n<ul>\n<li>Ideal para lugares con restricci\u00f3n a gas<\/li>\n<li>Ideal para lugares peque\u00f1os, interiores y puntos de uso<\/li>\n<li>Encienden solamente bajo demanda de agua caliente<\/li>\n<\/ul>\n<div style=\"text-align: justify;\"><strong>LA GRAN DIFERENCIA RHEEM<\/strong><\/div>\n<div style=\"text-align: justify;\"><strong><strong>SEGURIDAD Y CONFORT<\/strong> <\/strong><\/p>\n<ul>\n<li>Termostato con sensor que evita el sobrecalentamiento.<\/li>\n<li>Reseteo autom\u00e1tico.<\/li>\n<\/ul>\n<p><strong> DISE\u00d1O<\/strong><\/div>\n<div style=\"text-align: justify;\">\n<ul>\n<li>Moderno Display LED que indica la temperatura.<\/li>\n<li>Dise\u00f1o compacto, resistente y estilizado.<\/li>\n<li>90% ahorro de espacio contra un calentador tradicional.<\/li>\n<\/ul>\n<\/div>\n<div style=\"text-align: justify;\"><strong>ENCENDIDO<\/strong><\/div>\n<div style=\"text-align: justify;\">\n<ul>\n<li>Bot\u00f3n on\/off. Calienta el agua \u00fanicamente cuando t\u00fa lo deseas*.<\/li>\n<li>Flujo de encendido de 1 L\/min.<\/li>\n<\/ul>\n<p><strong>EFICIENCIA<\/strong><\/p>\n<ul>\n<li>Hasta 99% de eficiencia energ\u00e9tica.<\/li>\n<\/ul>\n<p>\u00a0<\/p>\n<div style=\"text-align: justify;\"><strong>DURABILIDAD<\/strong><\/p>\n<ul>\n<li>Resistencia el\u00e9ctrica intercambiable hecha de cobre con revestimiento para aumentar la vida del producto. Con certificado IPX4 que protege al interior del equipo contra agua.<\/li>\n<\/ul>\n<\/div>\n<p>\u00a0<\/p>\n<div style=\"text-align: justify;\"><strong>TEMPERATURA<\/strong><\/p>\n<ul>\n<li>Sistema de auto-modulaci\u00f3n y perilla de control de temperatura*.<\/li>\n<\/ul>\n<\/div>\n<\/div>\n<div style=\"text-align: justify;\">\u00a0<\/div>\n<div style=\"text-align: justify;\"><strong>INSTALACI\u00d3N Y MANTENIMIENTO<\/strong><\/div>\n<div style=\"text-align: justify;\">\n<ul>\n<li>F\u00e1cil mantenimiento.<\/li>\n<li>Resistencia intercambiable.<\/li>\n<li>F\u00e1cil y adaptable a instalaciones con alta y baja presi\u00f3n.<\/li>\n<\/ul>\n<\/div>\n<div style=\"text-align: justify;\">\u00a0<\/div>\n<div style=\"text-align: justify;\"><em>* Para modelos RTX3-08, RTX3-13, RTX3-18, RTX3-27<\/em><\/div>\n<p>\u00a0<\/p>\n<div style=\"text-align: justify;\">Dise\u00f1ados para proporcionar agua caliente al instante, pueden instalarse en cualquier lugar ahorrando energ\u00eda. <strong>TERMOSTATO AUTOM\u00c1TICO<\/strong> Controla la temperatura del equipo para su seguridad. <strong>SENSOR DE FLUJO<\/strong> Detecta el paso y la cantidad de agua para el encendido del equipo. <strong>SENSOR DE TEMPERATURA<\/strong> Sistema de seguridad para el control de la temperatura. <strong>PANEL DE CONTROL<\/strong> Para mayor control de temperatura y diagn\u00f3stico de fallas. <strong>RECTIFICADORES TRIAC<\/strong> Corrige la se\u00f1al electr\u00f3nica para un mejor encendido y funcionamiento de la tarjeta de control. <strong>RESISTENCIAS EL\u00c9CTRICAS<\/strong> De alta durabilidad y f\u00e1cil reposici\u00f3n. <strong>PERILLA REGULADORA<\/strong> Para un control m\u00e1s preciso de la temperatura. <strong>DISPLAY LED<\/strong> Muestra la temperatura del agua. <strong><em> GARANT\u00cdA: 2 a\u00f1os en intercambiador; 1 a\u00f1o en partes el\u00e9ctricas y\/o electr\u00f3nicas.<\/em><\/strong><\/div>\n<div>\u00a0<\/div>\n<div>\u00a0<\/div>\n<div>\u00a0<\/div>\n<div style=\"text-align: center;\"><strong>CALENTADOR PIEZA POR PIEZA<\/strong><\/div>\n<div>\u00a0<\/div>\n<div style=\"text-align: center;\"><img decoding=\"async\" src=\"https:\/\/h2otek.com\/tienda\/img\/cms\/aguacaliente\/rheem\/instantaneo-electrico\/RTX3\/partes-boiler-instantaneo-electrico-rheem-RTX3.jpg\" alt=\"\" width=\"650\" height=\"594\" \/><\/div>\n<p>\u00a0<\/p>\n<p>\u00a0<\/p>\n<p style=\"text-align: center;\"><strong>TABLA DE ESPECIFICACIONES:<\/strong><\/p>\n<p style=\"text-align: center;\"><img decoding=\"async\" src=\"https:\/\/h2otek.com\/tienda\/img\/cms\/aguacaliente\/rheem\/instantaneo-electrico\/RTX3\/especificaciones-boiler-instantaneo-electrico-rheem-RTX3-18.gif\" alt=\"especificaciones-boiler-instantaneo-elec\" width=\"514\" height=\"346\" \/><\/p>\n<p>\u00a0<\/p>\n<p style=\"text-align: center;\"><img loading=\"lazy\" decoding=\"async\" class=\"aligncenter\" src=\"https:\/\/h2otek.com\/tienda\/img\/cms\/aguacaliente\/rheem\/instantaneo-electrico\/RTX3\/guia-boiler-instantaneo-electrico-rheem.png\" alt=\"guia-boiler-instantaneo-electrico-rheem.\" width=\"680\" height=\"313\" \/><\/p>\n<p>\u00a0<\/p>\n<p>\u00a0<\/p>\n<p style=\"text-align: center;\"><strong>VIDEO:<\/strong><\/p>\n<p><iframe title=\"Instalaci\u00f3n y mantenimiento de calentador instant\u00e1neo el\u00e9ctrico\" width=\"500\" height=\"281\" src=\"https:\/\/www.youtube.com\/embed\/O9Bg7PDiius?feature=oembed\" frameborder=\"0\" allow=\"accelerometer; autoplay; clipboard-write; encrypted-media; gyroscope; picture-in-picture; web-share\" referrerpolicy=\"strict-origin-when-cross-origin\" allowfullscreen><\/iframe><\/p>\n<p>\u00a0<\/p>\n<p>\u00a0<\/p>\n<p><strong style=\"text-align: justify;\">DESCARGAR MANUALES:<\/strong><\/p>\n<ul>\n<li><strong><a href=\"http:\/\/www.h2otek.com\/tienda\/pdf\/aguacaliente\/FOLLETO%20CALENTADORES%20ELECTRICOS%20INSTANTANEOS%20DE%20PASO%20RHEM%20RTX3.pdf\" target=\"_blank\" rel=\"noopener\">FOLLETO<\/a><\/strong><\/li>\n<\/ul>\n<p>\u00a0<\/p>\n","protected":false},"excerpt":{"rendered":"<p><span style=\"color: #ff0000;\"><strong>PRECIO\u00a0EN PESOS MEXICANOS.<br \/>PRECIO INCLUYE 16 % DE I.V.A.<br \/>PRECIO INCLUYE ENVIO (ZONA CENTRO).<\/strong><\/span><\/p>\n<p><strong>CALENTADOR DE AGUA EL\u00c9CTRICO INSTANT\u00c1NEO 18 KW 220V.<\/strong><\/p>\n<p><strong>HASTA UN 99% DE EFICIENCIA ENERG\u00c9TICA Y AHORRO DE 90% CONTRA UN CALENTADOR TRADICIONAL<\/strong><em><br \/><\/em><\/p>\n<p><em><strong>IDEALES EN:<\/strong><\/em><\/p>\n<ul>\n<li><em><strong>OFICINAS<\/strong><\/em><\/li>\n<li><em><strong>GASOLINERAS<\/strong><\/em><\/li>\n<li><em><strong>TIENDAS<\/strong><\/em><\/li>\n<li><em><strong>ESCUELAS<\/strong><\/em><\/li>\n<li><em><strong>CENTROS COMERCIALES<\/strong><\/em><\/li>\n<li><em><strong>HOTELES<\/strong><\/em><\/li>\n<li><em><strong>HOSPITALES<\/strong><\/em><\/li>\n<li><em><strong>ALMACENES<\/strong><\/em><\/li>\n<li><em><strong>OFICINAS M\u00c9DICAS<\/strong><\/em><\/li>\n<li><em><strong>RESTAURANTES<\/strong><\/em><\/li>\n<li><em><strong>PLANTAS MANUFACTURADAS<\/strong><\/em><\/li>\n<li><em><strong>BARCOS, E<\/strong><\/em><em><strong>TC.<\/strong><\/em><\/li>\n<\/ul>\n","protected":false},"featured_media":7150,"comment_status":"closed","ping_status":"closed","template":"","meta":[],"pwb-brand":[1161],"product_brand":[],"product_cat":[359],"product_tag":[],"class_list":{"0":"post-19299","1":"product","2":"type-product","3":"status-publish","4":"has-post-thumbnail","6":"pwb-brand-rheem","7":"product_cat-230-volts-1-fase-de-paso-boilers-calentadores-de-agua","9":"first","10":"onbackorder","11":"purchasable","12":"product-type-simple"},"brands":[{"id":1161,"name":"Rheem","slug":"rheem"}],"_links":{"self":[{"href":"https:\/\/h2otek.com\/tienda\/wp-json\/wp\/v2\/product\/19299","targetHints":{"allow":["GET"]}}],"collection":[{"href":"https:\/\/h2otek.com\/tienda\/wp-json\/wp\/v2\/product"}],"about":[{"href":"https:\/\/h2otek.com\/tienda\/wp-json\/wp\/v2\/types\/product"}],"replies":[{"embeddable":true,"href":"https:\/\/h2otek.com\/tienda\/wp-json\/wp\/v2\/comments?post=19299"}],"wp:featuredmedia":[{"embeddable":true,"href":"https:\/\/h2otek.com\/tienda\/wp-json\/wp\/v2\/media\/7150"}],"wp:attachment":[{"href":"https:\/\/h2otek.com\/tienda\/wp-json\/wp\/v2\/media?parent=19299"}],"wp:term":[{"taxonomy":"pwb-brand","embeddable":true,"href":"https:\/\/h2otek.com\/tienda\/wp-json\/wp\/v2\/pwb-brand?post=19299"},{"taxonomy":"product_brand","embeddable":true,"href":"https:\/\/h2otek.com\/tienda\/wp-json\/wp\/v2\/product_brand?post=19299"},{"taxonomy":"product_cat","embeddable":true,"href":"https:\/\/h2otek.com\/tienda\/wp-json\/wp\/v2\/product_cat?post=19299"},{"taxonomy":"product_tag","embeddable":true,"href":"https:\/\/h2otek.com\/tienda\/wp-json\/wp\/v2\/product_tag?post=19299"}],"curies":[{"name":"wp","href":"https:\/\/api.w.org\/{rel}","templated":true}]}}