{"id":19239,"date":"2021-07-06T21:21:22","date_gmt":"2021-07-06T21:21:22","guid":{"rendered":"https:\/\/h2otek.com\/tienda\/producto\/bomba-cerrada-manejo-directo-1-2-gpm-1000-psi-marca-aeromist-modelo-60050kh\/"},"modified":"2024-03-25T19:13:43","modified_gmt":"2024-03-25T19:13:43","slug":"bomba-cerrada-manejo-directo-1-2-gpm-1000-psi-marca-aeromist-modelo-60050kh","status":"publish","type":"product","link":"https:\/\/h2otek.com\/tienda\/producto\/bomba-cerrada-manejo-directo-1-2-gpm-1000-psi-marca-aeromist-modelo-60050kh\/","title":{"rendered":"BOMBA CERRADA MANEJO DIRECTO 1\/2 GPM 1000 PSI MARCA AEROMIST\u00ae MODELO 60050KH"},"content":{"rendered":"<p style=\"text-align: center;\"><img fetchpriority=\"high\" decoding=\"async\" src=\"https:\/\/h2otek.com\/tienda\/img\/cms\/controlhumedad\/aeromist\/misting-pumps\/header-aeromist-bomba-sola-enclosed-1000PSI-60050KH.jpg\" alt=\"header-aeromist-bomba-sola-enclosed-1000\" width=\"650\" height=\"300\" \/><\/p>\n<p style=\"text-align: justify;\"><strong>DESCRIPCI\u00d3N GENERAL DEL PRODUCTO:<\/strong><\/p>\n<p>Las Bombas de Nebulizaci\u00f3n mejoran la eficacia del sistema en su conjunto para enfriar \u00e1reas al aire libre mediante la creaci\u00f3n de una niebla fina.<\/p>\n<p><strong>VISTA R\u00c1PIDA<\/strong><br \/>\n<strong>Capacidad de la bomba de 1000 PSI:<\/strong><\/p>\n<ul>\n<li>11-25 .008 Boquillas de nebulizaci\u00f3n<\/li>\n<li>8-18 .012 Boquillas de nebulizaci\u00f3n<\/li>\n<li>7-15 .014 Boquillas de nebulizaci\u00f3n<\/li>\n<li>120 voltios 60Hz 8.4 amperios<\/li>\n<li>Motor de 3\/4 HP 1725 RPM<\/li>\n<li>Filtro doble de 10&#8243; montado en la bomba<\/li>\n<\/ul>\n<p><strong>Beneficios del filtro Scale X<\/strong> (sku: 57011X)<br \/>\nEl filtro de escala inhibe efectivamente la formaci\u00f3n de escamas de carbonato de calcio para mantener sus boquillas limpias por m\u00e1s tiempo. El filtro de escala reemplaza el filtro est\u00e1ndar de 1 micra en su bomba; minimizar el mantenimiento de la boquilla; disfrute de su sistema de nebulizaci\u00f3n sin problemas.<\/p>\n<p><strong>Beneficios del interruptor LP<\/strong> (sku: 66400K)<br \/>\nEl interruptor de baja presi\u00f3n protege su bomba de 1000 psi de da\u00f1os si el suministro de agua se cierra accidentalmente. El interruptor evita que la bomba se encienda, lo que evita que la bomba se sobrecaliente y da\u00f1e los sellos internos.<\/p>\n<p>&nbsp;<\/p>\n<p><strong>ESPECIFICACIONES:<\/strong><\/p>\n<ul>\n<li>Peso y dimensiones: 65 lbs; L 21&#8243; W 19&#8243; H 13&#8243;<\/li>\n<li>Caracter\u00edsticas: motor el\u00e9ctrico TEFC (sku: 31041), man\u00f3metro de glicerina (sku: 57251), regulador ajustable,<\/li>\n<li>Solenoide (sku: 30375)<\/li>\n<li>Elemento filtrante de 10 &#8220;de 1 micr\u00f3n (sku: 57006)<\/li>\n<li>Elemento filtrante de 10 &#8220;de 5 micrones (sku: 57011)<\/li>\n<li>Aceite de repuesto para bomba CAT (sku: 57025)<\/li>\n<\/ul>\n<p>&nbsp;<\/p>\n<p style=\"text-align: justify;\"><strong>ESPECIFICACIONES COMUNES DE LA CABEZA DE LA BOMBA<\/strong><br \/>\nRango de presi\u00f3n de entrada &#8230;&#8230;&#8230;&#8230;&#8230;&#8230;&#8230;&#8230;&#8230;&#8230;.. Inundado a 60 psi<br \/>\nAburrir&#8230;&#8230;&#8230;&#8230;&#8230;&#8230;&#8230;&#8230;&#8230;&#8230;&#8230;&#8230;&#8230;&#8230;&#8230;&#8230;. &#8230;&#8230;&#8230;&#8230;.. 0.630\u201d<br \/>\nMax. Temperatura del l\u00edquido &#8230;&#8230;&#8230;&#8230;&#8230;&#8230;&#8230;&#8230;&#8230;&#8230;.. 140\u00b0 F<br \/>\nCapacidad del c\u00e1rter &#8230;&#8230;&#8230;&#8230;&#8230;&#8230;&#8230;&#8230;&#8230;&#8230;&#8230;&#8230;&#8230;&#8230;.. 8.5 oz.<br \/>\nPuertos de entrada (1) &#8230;&#8230;&#8230;&#8230;&#8230;&#8230;&#8230;&#8230;&#8230;&#8230;&#8230;&#8230;&#8230;.. 3\/8\u201d NPTF<br \/>\nPuerto de descarga (1) &#8230;&#8230;&#8230;&#8230;&#8230;&#8230;&#8230;&#8230;&#8230;&#8230;. .. &#8230;&#8230; 3\/8&#8243; NPTM<br \/>\nDi\u00e1metro del eje&#8230;&#8230;&#8230;&#8230;&#8230;&#8230;&#8230;&#8230;&#8230;&#8230;&#8230;&#8230;&#8230;&#8230;&#8230;&#8230;&#8230; 5\/8&#8243;<\/p>\n<p><strong><br \/>\nComplementos opcionales:<\/strong><br \/>\nEl interruptor de baja presi\u00f3n evita que la bomba se encienda cuando el suministro de agua se cierra accidentalmente. Esto evita da\u00f1os a la bomba.<\/p>\n<p style=\"text-align: justify;\"><em>12 MESES DE GARANT\u00cdA BAJO CUALQUIER DEFECTO DE FABRICACI\u00d3N<\/em><\/p>\n<p>&nbsp;<\/p>\n<p><span style=\"color: #4a4a4a;\"><strong>DESCARGAR MANUALES:<\/strong><\/span><\/p>\n<ul>\n<li><strong><a href=\"https:\/\/h2otek.com\/tienda\/img\/cms\/controlhumedad\/aeromist\/misting-pumps\/MANUAL%20INSTRUCCIONES%20BOMBAS%20MANEJO%20DIRECTO%20CERRADO%201000%20PSI%2060030KH-60150KH.pdf\" target=\"_blank\" rel=\"noopener\">MANUAL DE INSTRUCCIONES<\/a><\/strong><\/li>\n<li><strong><a href=\"https:\/\/h2otek.com\/tienda\/img\/cms\/controlhumedad\/aeromist\/misting-pumps\/ESPECIFICACIONES%20BOMBAS%20MANEJO%20DIRECTO%20CERRADO%201000%20PSI%2060030KH-60150KH.pdf\" target=\"_blank\" rel=\"noopener\">ESPECIFICACIONES<\/a><\/strong><\/li>\n<li><strong><a href=\"https:\/\/h2otek.com\/tienda\/img\/cms\/controlhumedad\/aeromist\/misting-pumps\/MANUAL%20SERVICIOS%20BOMBAS%20MANEJO%20DIRECTO%20CERRADO%201000%20PSI%2060030KH-60150KH.pdf\" target=\"_blank\" rel=\"noopener\">MANUAL DE SERVICIO<\/a><\/strong><\/li>\n<li><strong><span style=\"color: #0000ff;\"><a href=\"https:\/\/h2otek.com\/tienda\/pdf\/controlhumedad\/CATALOGO%20PRODUCTOS%20AEROMIST.pdf\" target=\"_blank\" rel=\"noopener\">CAT\u00c1LOGO PRODUCTOS AEROMIST\u00ae<\/a><\/span><\/strong><\/li>\n<li><strong><span style=\"color: #0000ff;\"><a href=\"https:\/\/h2otek.com\/tienda\/pdf\/controlhumedad\/MANUAL%20DEL%20USUARIO%20PRODUCTOS%20AEROMIST.pdf\" target=\"_blank\" rel=\"noopener\">MANUAL DEL USUARIO PRODUCTOS AEROMIST\u00ae<\/a><\/span><\/strong><\/li>\n<\/ul>\n<p>&nbsp;<\/p>\n<p><span style=\"color: #000000;\"><strong><br \/>\nPRECIO INCLUYE GASTOS DE ENVIO (GRATIS) E IMPUESTO 16% DE IVA<\/strong><\/span><\/p>\n","protected":false},"excerpt":{"rendered":"<p><span style=\"color: #ff0000;\"><strong>PRECIO EN D\u00d3LARES US.<\/strong><\/span><\/p>\n<p style=\"text-align: left;\"><strong><em><span style=\"font-size: small;\">HUMIDIFICADORES IDEALES PARA:<\/span><\/em><\/strong><\/p>\n<ul>\n<li><span style=\"font-size: small; font-style: italic; font-weight: bold;\">PATIOS<\/span><\/li>\n<li><span style=\"font-size: small; font-style: italic; font-weight: bold;\">JARDINES<\/span><\/li>\n<li><span style=\"font-size: small; font-style: italic; font-weight: bold;\">ESPACIOS SOCIALES<\/span><\/li>\n<li><span style=\"font-size: small; font-style: italic; font-weight: bold;\">ALMACENES<\/span><\/li>\n<li><span style=\"font-size: small; font-style: italic; font-weight: bold;\">PROCESOS<\/span><\/li>\n<li><span style=\"font-size: small; font-style: italic; font-weight: bold;\">LABORATORIOS<\/span><\/li>\n<li><span style=\"font-size: small; font-style: italic; font-weight: bold;\">CUARTOS DE PRUEBA<\/span><\/li>\n<li><span style=\"font-size: small; font-style: italic; font-weight: bold;\">COMERCIOS<\/span><\/li>\n<li><span style=\"font-size: small; font-style: italic; font-weight: bold;\">RESTAURANTES<\/span><\/li>\n<li><span style=\"font-size: small; font-style: italic; font-weight: bold;\">TERRAZAS<\/span><\/li>\n<li><span style=\"font-size: small; font-style: italic; font-weight: bold;\">INDUSTRIA EN GENERAL<\/span><em><strong><span style=\"font-size: small;\">,\u00a0<\/span><\/strong><\/em><span style=\"font-size: small; font-weight: bold; font-style: italic;\">ETC.<\/span><\/li>\n<\/ul>\n","protected":false},"featured_media":6342,"comment_status":"closed","ping_status":"closed","template":"","meta":[],"pwb-brand":[],"product_brand":[],"product_cat":[989,939,362],"product_tag":[],"class_list":{"0":"post-19239","1":"product","2":"type-product","3":"status-publish","4":"has-post-thumbnail","6":"product_cat-bomba-cerrada-manejo-directo-1000-psi","7":"product_cat-cerrada-manejo-directo-1000-psi","8":"product_cat-control-de-humedad-humidificadores-deshumidificadores","10":"first","11":"instock","12":"purchasable","13":"product-type-simple"},"brands":[],"_links":{"self":[{"href":"https:\/\/h2otek.com\/tienda\/wp-json\/wp\/v2\/product\/19239","targetHints":{"allow":["GET"]}}],"collection":[{"href":"https:\/\/h2otek.com\/tienda\/wp-json\/wp\/v2\/product"}],"about":[{"href":"https:\/\/h2otek.com\/tienda\/wp-json\/wp\/v2\/types\/product"}],"replies":[{"embeddable":true,"href":"https:\/\/h2otek.com\/tienda\/wp-json\/wp\/v2\/comments?post=19239"}],"wp:featuredmedia":[{"embeddable":true,"href":"https:\/\/h2otek.com\/tienda\/wp-json\/wp\/v2\/media\/6342"}],"wp:attachment":[{"href":"https:\/\/h2otek.com\/tienda\/wp-json\/wp\/v2\/media?parent=19239"}],"wp:term":[{"taxonomy":"pwb-brand","embeddable":true,"href":"https:\/\/h2otek.com\/tienda\/wp-json\/wp\/v2\/pwb-brand?post=19239"},{"taxonomy":"product_brand","embeddable":true,"href":"https:\/\/h2otek.com\/tienda\/wp-json\/wp\/v2\/product_brand?post=19239"},{"taxonomy":"product_cat","embeddable":true,"href":"https:\/\/h2otek.com\/tienda\/wp-json\/wp\/v2\/product_cat?post=19239"},{"taxonomy":"product_tag","embeddable":true,"href":"https:\/\/h2otek.com\/tienda\/wp-json\/wp\/v2\/product_tag?post=19239"}],"curies":[{"name":"wp","href":"https:\/\/api.w.org\/{rel}","templated":true}]}}