{"id":19208,"date":"2021-07-06T21:21:11","date_gmt":"2021-07-06T21:21:11","guid":{"rendered":"https:\/\/h2otek.com\/tienda\/producto\/kit-de-ventilador-aero-cool-6-con-bomba-cerrada-de-300-psi-marca-aeromist-modelo-68025-b-mp-6fs\/"},"modified":"2024-03-25T19:14:00","modified_gmt":"2024-03-25T19:14:00","slug":"kit-de-ventilador-aero-cool-6-con-bomba-cerrada-de-300-psi-marca-aeromist-modelo-68025-b-mp-6fs","status":"publish","type":"product","link":"https:\/\/h2otek.com\/tienda\/producto\/kit-de-ventilador-aero-cool-6-con-bomba-cerrada-de-300-psi-marca-aeromist-modelo-68025-b-mp-6fs\/","title":{"rendered":"KIT DE VENTILADOR AERO COOL (6) CON BOMBA CERRADA DE 300 PSI MARCA AEROMIST\u00ae MODELO 68025-B-MP-6FS"},"content":{"rendered":"<p style=\"text-align: center;\"><img fetchpriority=\"high\" decoding=\"async\" src=\"https:\/\/h2otek.com\/tienda\/img\/cms\/controlhumedad\/aeromist\/ventiladores\/enclosed-pump-300psi\/header-aeromist-mistingfans-68025-b-mp-6fs.jpg\" alt=\"header-aeromist-mistingfans-68025-b-mp\" width=\"550\" height=\"250\" \/><\/p>\n<p style=\"text-align: justify;\">\u00a0<\/p>\n<p style=\"text-align: justify;\"><strong>DESCRIPCI\u00d3N GENERAL DEL PRODUCTO:<\/strong><\/p>\n<div style=\"text-align: justify;\">Vantilador Aero-Cool con un cubo de niebla de 5 boquillas combinado con una bomba de 300 PSI incluida ofrece evaporaci\u00f3n instant\u00e1nea y excelente enfriamiento de la niebla. Las 5 boquillas ayudan a dispersar el vapor de agua sobre un \u00e1rea m\u00e1s amplia de cobertura para producir una niebla evaporativa para enfriar su patio o bodega hasta 30 grados F.<\/p>\n<\/div>\n<div style=\"text-align: justify;\">\u00a0<\/div>\n<div style=\"text-align: justify;\"><strong>CARACTER\u00cdSTICAS:<\/strong><\/div>\n<div style=\"text-align: justify;\">\n<ul>\n<li>Construido en el cubo de niebla de 5 boquillas<\/li>\n<li>Funcionamiento silencioso y completamente sellado<\/li>\n<li>Inclinaci\u00f3n de 30 grados y oscilaci\u00f3n de 90 grados<\/li>\n<li>Incluye soporte de montaje en la pared<\/li>\n<li>Conexi\u00f3n de cierre deslizante de 3\/8&#8243; para tuber\u00edas de alimentaci\u00f3n de agua<\/li>\n<\/ul>\n<\/div>\n<p>\u00a0<\/p>\n<div style=\"text-align: justify;\"><span style=\"font-weight: bold;\">ESTE KIT INCLUYE:<\/span><\/div>\n<ul>\n<li style=\"text-align: justify;\">6 ventiladores Aero-Cool y una bomba de nebulizaci\u00f3n cerrada de 300 PSI<\/li>\n<li style=\"text-align: justify;\">L\u00ednea de alimentaci\u00f3n de OD de 3\/8&#8243;<\/li>\n<li style=\"text-align: justify;\">Accesorios, boquillas y juegos de abrazaderas<\/li>\n<\/ul>\n<p>\u00a0<\/p>\n<p><span style=\"font-weight: bold; text-align: justify;\">KIT INCLUYE:<\/span><\/p>\n<p style=\"text-align: center;\"><img decoding=\"async\" src=\"https:\/\/h2otek.com\/tienda\/img\/cms\/controlhumedad\/aeromist\/ventiladores\/enclosed-pump-300psi\/kitincluye-aeromist-mistingfans-68025-b-mp-6fs.gif\" alt=\"kitincluye-aeromist-mistingfans-68025-b-\" width=\"519\" height=\"300\" \/><\/p>\n<p>\u00a0<\/p>\n<p><em>12 MESES DE GARANT\u00cdA BAJO CUALQUIER DEFECTO DE FABRICACI\u00d3N (EN LA BOMBA)<\/em><\/p>\n<p style=\"text-align: center;\">\u00a0<\/p>\n<p><strong>DESCARGAR MANUALES:<\/strong><\/p>\n<ul>\n<li><strong><a href=\"https:\/\/h2otek.com\/tienda\/pdf\/controlhumedad\/CATALOGO%20PRODUCTOS%20AEROMIST.pdf\" target=\"_blank\" rel=\"noopener\">CAT\u00c1LOGO PRODUCTOS AEROMIST\u00ae<\/a><\/strong><\/li>\n<li><strong><a href=\"https:\/\/h2otek.com\/tienda\/pdf\/controlhumedad\/MANUAL%20DEL%20USUARIO%20PRODUCTOS%20AEROMIST.pdf\" target=\"_blank\" rel=\"noopener\">MANUAL DEL USUARIO PRODUCTOS AEROMIST\u00ae<\/a><\/strong><\/li>\n<\/ul>\n","protected":false},"excerpt":{"rendered":"<p><span style=\"color: #ff0000;\"><strong>PRECIO\u00a0EN\u00a0D\u00d3LARES US.<br \/>PRECIO INCLUYE 16 % DE I.V.A.<br \/>PRECIO INCLUYE ENVIO (ZONA CENTRO).<\/strong><\/span><\/p>\n<p><strong><em>HUMIDIFICADORES IDEALES PARA:<\/em><\/strong><\/p>\n<ul>\n<li><strong><em>PATIOS<\/em><\/strong><\/li>\n<li><strong><em>JARDINES<\/em><\/strong><\/li>\n<li><strong><em>ESPACIOS SOCIALES<\/em><\/strong><\/li>\n<li><strong><em>ALMACENES<\/em><\/strong><\/li>\n<li><strong><em>PROCESOS<\/em><\/strong><\/li>\n<li><strong><em>LABORATORIOS<\/em><\/strong><\/li>\n<li><strong><em>CUARTOS DE PRUEBA<\/em><\/strong><\/li>\n<li><strong><em>COMERCIOS<\/em><\/strong><\/li>\n<li><strong><em>RESTAURANTES<\/em><\/strong><\/li>\n<li><strong><em>TERRAZAS<\/em><\/strong><\/li>\n<li><strong><em>INDUSTRIA EN GENERAL,\u00a0ETC.<\/em><\/strong><\/li>\n<\/ul>\n","protected":false},"featured_media":3980,"comment_status":"closed","ping_status":"closed","template":"","meta":[],"pwb-brand":[],"product_brand":[],"product_cat":[409],"product_tag":[],"class_list":{"0":"post-19208","1":"product","2":"type-product","3":"status-publish","4":"has-post-thumbnail","6":"product_cat-kits-de-ventilador-aero-cool-con-con-bomba-cerrada-300-de-psi","8":"first","9":"onbackorder","10":"purchasable","11":"product-type-simple"},"brands":[],"_links":{"self":[{"href":"https:\/\/h2otek.com\/tienda\/wp-json\/wp\/v2\/product\/19208","targetHints":{"allow":["GET"]}}],"collection":[{"href":"https:\/\/h2otek.com\/tienda\/wp-json\/wp\/v2\/product"}],"about":[{"href":"https:\/\/h2otek.com\/tienda\/wp-json\/wp\/v2\/types\/product"}],"replies":[{"embeddable":true,"href":"https:\/\/h2otek.com\/tienda\/wp-json\/wp\/v2\/comments?post=19208"}],"wp:featuredmedia":[{"embeddable":true,"href":"https:\/\/h2otek.com\/tienda\/wp-json\/wp\/v2\/media\/3980"}],"wp:attachment":[{"href":"https:\/\/h2otek.com\/tienda\/wp-json\/wp\/v2\/media?parent=19208"}],"wp:term":[{"taxonomy":"pwb-brand","embeddable":true,"href":"https:\/\/h2otek.com\/tienda\/wp-json\/wp\/v2\/pwb-brand?post=19208"},{"taxonomy":"product_brand","embeddable":true,"href":"https:\/\/h2otek.com\/tienda\/wp-json\/wp\/v2\/product_brand?post=19208"},{"taxonomy":"product_cat","embeddable":true,"href":"https:\/\/h2otek.com\/tienda\/wp-json\/wp\/v2\/product_cat?post=19208"},{"taxonomy":"product_tag","embeddable":true,"href":"https:\/\/h2otek.com\/tienda\/wp-json\/wp\/v2\/product_tag?post=19208"}],"curies":[{"name":"wp","href":"https:\/\/api.w.org\/{rel}","templated":true}]}}