{"id":19197,"date":"2021-07-06T21:21:11","date_gmt":"2021-07-06T21:21:11","guid":{"rendered":"https:\/\/h2otek.com\/tienda\/producto\/deshumidificador-acero-inox-refrigeracion-cap-868-pintas-480-lts-220v-3-fases-para-ducto-mod-rddi-480l-d-4400-3-h2otek\/"},"modified":"2025-02-07T23:20:56","modified_gmt":"2025-02-07T23:20:56","slug":"deshumidificador-acero-inox-refrigeracion-cap-868-pintas-480-lts-220v-3-fases-para-ducto-mod-rddi-480l-d-3800-3-h2otek","status":"publish","type":"product","link":"https:\/\/h2otek.com\/tienda\/producto\/deshumidificador-acero-inox-refrigeracion-cap-868-pintas-480-lts-220v-3-fases-para-ducto-mod-rddi-480l-d-3800-3-h2otek\/","title":{"rendered":"DESHUMIDIFICADOR ACERO INOX REFRIGERACI\u00d3N CAP. 868 PINTAS (480 LTS.) 220V 3 FASES PARA DUCTO MOD. RDDI-480L\/D-3800-3 H2OTEK"},"content":{"rendered":"<p align=\"center\"><img fetchpriority=\"high\" decoding=\"async\" class=\"alignnone size-full wp-image-29519\" src=\"https:\/\/h2otek.com\/tienda\/wp-content\/uploads\/2021\/07\/header-deshumidificador-h2otek-ducto-RDDI-480L-D-3800-3.jpg\" alt=\"\" width=\"700\" height=\"300\" srcset=\"https:\/\/h2otek.com\/tienda\/wp-content\/uploads\/2021\/07\/header-deshumidificador-h2otek-ducto-RDDI-480L-D-3800-3.jpg 700w, https:\/\/h2otek.com\/tienda\/wp-content\/uploads\/2021\/07\/header-deshumidificador-h2otek-ducto-RDDI-480L-D-3800-3-300x129.jpg 300w, https:\/\/h2otek.com\/tienda\/wp-content\/uploads\/2021\/07\/header-deshumidificador-h2otek-ducto-RDDI-480L-D-3800-3-600x257.jpg 600w\" sizes=\"(max-width: 700px) 100vw, 700px\" \/><\/p>\n<p style=\"text-align: justify;\"><strong>DESCRIPCI\u00d3N:<\/strong><\/p>\n<ul>\n<li>Para trabajar con ductos \u00f3 descarga libre (colgante)<\/li>\n<li>Cubierta de acero inoxidable<\/li>\n<li>Recomendado para un \u00e1rea de cobertura de 600-750 m2 (medidas en promedio. El \u00e1rea de cobertura puede variar dependiendo las condiciones de la instalaci\u00f3n y las caracter\u00edsticas del \u00e1rea a cubrir)<\/li>\n<li>Unidades de aplicaci\u00f3n comercial o industrial<\/li>\n<li>Unidades ecol\u00f3gicas (con refrigerante R410)<\/li>\n<li>Aire seco y puro (filtro de aire integrado)<\/li>\n<li>Filtro f\u00e1cilmente lavable<\/li>\n<li>Control de humedad digital LCD graduables de 10 a 99% HR<\/li>\n<li>Control de tiempo integrado<\/li>\n<li>Construcci\u00f3n en acero inoxidable<\/li>\n<li>Drenaje autom\u00e1tico por medio de manguera de desag\u00fce (ver fotos)<\/li>\n<li>Bomba de drenado no incluida (opcional)<\/li>\n<li>Compresor de alta calidad<\/li>\n<li>Unidades totalmente desarmables<\/li>\n<li>Con opci\u00f3n de m\u00f3dulo de calefacci\u00f3n el\u00e9ctrica (se vende aparte).<\/li>\n<li>Colocaci\u00f3n tipo ducto, estacionario o colgante<\/li>\n<li>Con opci\u00f3n a incluir bomba de condensados (opcional)<\/li>\n<li>1 A\u00d1O DE GARANT\u00cdA SOBRE CUALQUIER DEFECTO DE FABRICACI\u00d3N.<\/li>\n<\/ul>\n<p><strong>CARACTER\u00cdSTICAS:<\/strong><\/p>\n<ul>\n<li>Adopta el compresor de famosa marca importada.<\/li>\n<li>Adoptar acanalado de cobre y tubo interior de calidad y eficaz pel\u00edcula de aluminio hidrof\u00edlico de altura, para un mejor efecto de deshumidificaci\u00f3n.<\/li>\n<li>Pantalla de humedad en tiempo real, configuraci\u00f3n y control libre.<\/li>\n<li>Ajuste de la hora, alarma de fallo y autoprotecci\u00f3n.<\/li>\n<li>La m\u00e1quina se puede conectar con la manguera de aire o una nueva manguera de aire, de aire acondicionado central de forma directa, con deshumidificador eficaz y uniforme.<\/li>\n<\/ul>\n<div><\/div>\n<div style=\"text-align: center;\"><strong>ESTRUCTURA DEL DESHUMIDIFICADOR<\/strong><\/div>\n<p align=\"center\"><img decoding=\"async\" src=\"https:\/\/www.h2otek.com\/tienda\/Images\/h2otek\/deshumidificadores\/estructura-deshumidificador-h2otek-305pintas-ducto.jpg\" alt=\"\" border=\"0\" \/><\/p>\n<p align=\"center\"><strong>TABLERO DE CONTROL E INSTRUCCIONES<\/strong><\/p>\n<p align=\"center\"><img decoding=\"async\" src=\"https:\/\/www.h2otek.com\/tienda\/Images\/h2otek\/deshumidificadores\/panel-control-h2otek.jpg\" alt=\"\" border=\"0\" \/><\/p>\n<p style=\"text-align: center;\"><strong>APLICACIONES EN LA INDUSTRIA<\/strong><\/p>\n<p align=\"center\"><img decoding=\"async\" src=\"https:\/\/www.h2otek.com\/tienda\/Images\/h2otek\/deshumidificadores\/aplicaciones-deshumidificador-h2otek-portatiles.jpg\" alt=\"\" border=\"0\" \/><\/p>\n<p style=\"text-align: center;\"><strong>INSTALACI\u00d3N T\u00cdPICA EN DUCTO DE VENTILACI\u00d3N O AIRE ACONDICIONADO:<\/strong><\/p>\n<p align=\"center\"><img decoding=\"async\" src=\"https:\/\/www.h2otek.com\/tienda\/Images\/h2otek\/deshumidificadores\/instalaciontipica-deshumidificador-h2otek-ducto.jpg\" alt=\"\" width=\"450\" height=\"463\" border=\"0\" \/><\/p>\n<p>&nbsp;<\/p>\n<p style=\"text-align: center;\"><strong>TABLA DE ESPECIFICACIONES:<\/strong><\/p>\n<table class=\"aligncenter\" style=\"height: 1240px; width: 91.2031%; border-collapse: collapse; border-style: solid; border-color: #006bad;\" border=\"1\" cellspacing=\"4\" cellpadding=\"1\">\n<tbody>\n<tr style=\"height: 24px; background-color: #005a8f; border-color: #ffffff;\">\n<td style=\"width: 50%; height: 24px;\"><span style=\"color: #ffffff;\"><strong>MODELO<\/strong><\/span><\/td>\n<td style=\"width: 50%; height: 24px;\"><span style=\"color: #ffffff;\"><strong>RDDI-480L\/D-3800-3<\/strong><\/span><\/td>\n<\/tr>\n<tr style=\"height: 24px;\">\n<td style=\"width: 50%; height: 24px;\">Tipo\/Sistema<\/td>\n<td style=\"width: 50%; height: 24px;\">Refrigeraci\u00f3n\/Condensaci\u00f3n<\/td>\n<\/tr>\n<tr style=\"height: 24px;\">\n<td style=\"width: 50%; height: 24px;\">Tipo de Refrigerante<\/td>\n<td style=\"width: 50%; height: 24px;\">R407 (ECOL\u00d3GICO)<\/td>\n<\/tr>\n<tr style=\"height: 24px;\">\n<td style=\"width: 50%; height: 24px;\">Litros\/D\u00eda<\/td>\n<td style=\"width: 50%; height: 24px;\">480<\/td>\n<\/tr>\n<tr style=\"height: 24px;\">\n<td style=\"width: 50%; height: 24px;\">Pintas (30C\/80RH)<\/td>\n<td style=\"width: 50%; height: 24px;\">868<\/td>\n<\/tr>\n<tr style=\"height: 24px;\">\n<td style=\"width: 50%; height: 24px;\">Voltaje<\/td>\n<td style=\"width: 50%; height: 24px;\">220<\/td>\n<\/tr>\n<tr style=\"height: 24px;\">\n<td style=\"width: 50%; height: 24px;\">Fases<\/td>\n<td style=\"width: 50%; height: 24px;\">3<\/td>\n<\/tr>\n<tr style=\"height: 24px;\">\n<td style=\"width: 50%; height: 24px;\">Watts<\/td>\n<td style=\"width: 50%; height: 24px;\">12000<\/td>\n<\/tr>\n<tr style=\"height: 24px;\">\n<td style=\"width: 50%; height: 24px;\">Amperes<\/td>\n<td style=\"width: 50%; height: 24px;\">32<\/td>\n<\/tr>\n<tr style=\"height: 24px;\">\n<td style=\"width: 50%; height: 24px;\">Hz<\/td>\n<td style=\"width: 50%; height: 24px;\">60<\/td>\n<\/tr>\n<tr style=\"height: 24px;\">\n<td style=\"width: 50%; height: 24px;\">Cantidad de compresores<\/td>\n<td style=\"width: 50%; height: 24px;\">2<\/td>\n<\/tr>\n<tr style=\"height: 24px;\">\n<td style=\"width: 50%; height: 24px;\">Capacidad total en BTU\/HR<\/td>\n<td style=\"width: 50%; height: 24px;\">83,500<\/td>\n<\/tr>\n<tr style=\"height: 24px;\">\n<td style=\"width: 50%; height: 24px;\">Tipo de compresor<\/td>\n<td style=\"width: 50%; height: 24px;\">Rotatorio<\/td>\n<\/tr>\n<tr style=\"height: 24px;\">\n<td style=\"width: 50%; height: 24px;\">Tipo de descongelaci\u00f3n<\/td>\n<td style=\"width: 50%; height: 24px;\">Se detiene el compresor en autom\u00e1tico y el ventilador sigue funcionando<\/td>\n<\/tr>\n<tr style=\"height: 24px;\">\n<td style=\"width: 50%; height: 24px;\">Kit de carga de gas ajustable<\/td>\n<td style=\"width: 50%; height: 24px;\">Si, en alta y baja ambos lados<\/td>\n<\/tr>\n<tr style=\"height: 24px;\">\n<td style=\"width: 50%; height: 24px;\">Pastilla t\u00e9rmica (braker)<\/td>\n<td style=\"width: 50%; height: 24px;\">75 amps<\/td>\n<\/tr>\n<tr style=\"height: 24px;\">\n<td style=\"width: 50%; height: 24px;\">Drenaje de agua<\/td>\n<td style=\"width: 50%; height: 24px;\">Si<\/td>\n<\/tr>\n<tr style=\"height: 24px;\">\n<td style=\"width: 50%; height: 24px;\">Di\u00e1metro de la tuber\u00eda<\/td>\n<td style=\"width: 50%; height: 24px;\">16 mm<\/td>\n<\/tr>\n<tr style=\"height: 24px;\">\n<td style=\"width: 50%; height: 24px;\">Bomba de condensados<\/td>\n<td style=\"width: 50%; height: 24px;\">No<\/td>\n<\/tr>\n<tr style=\"height: 24px;\">\n<td style=\"width: 50%; height: 24px;\">Tipo de conexi\u00f3n<\/td>\n<td style=\"width: 50%; height: 24px;\">Bloque terminales de tornillo<\/td>\n<\/tr>\n<tr style=\"height: 24px;\">\n<td style=\"width: 50%; height: 24px;\">Flujo de aire m3\/h<\/td>\n<td style=\"width: 50%; height: 24px;\">8000<\/td>\n<\/tr>\n<tr style=\"height: 24px;\">\n<td style=\"width: 50%; height: 24px;\">CFM<\/td>\n<td style=\"width: 50%; height: 24px;\">3800\/6570 m3\/hr<\/td>\n<\/tr>\n<tr style=\"height: 24px;\">\n<td style=\"width: 50%; height: 24px;\">Motor del ventilador<\/td>\n<td style=\"width: 50%; height: 24px;\">Grande, flujo de aire ventilador: 3000 m3\/h<\/td>\n<\/tr>\n<tr style=\"height: 24px;\">\n<td style=\"width: 50%; height: 24px;\">N\u00famero de motores<\/td>\n<td style=\"width: 50%; height: 24px;\">2<\/td>\n<\/tr>\n<tr style=\"height: 24px;\">\n<td style=\"width: 50%; height: 24px;\">Tipo<\/td>\n<td style=\"width: 50%; height: 24px;\">Ducto<\/td>\n<\/tr>\n<tr style=\"height: 24px;\">\n<td style=\"width: 50%; height: 24px;\">Filtro de aire lavable<\/td>\n<td style=\"width: 50%; height: 24px;\">Si<\/td>\n<\/tr>\n<tr style=\"height: 24px;\">\n<td style=\"width: 50%; height: 24px;\">Control<\/td>\n<td style=\"width: 50%; height: 24px;\">Control digital con cable de 15m de longitud<\/td>\n<\/tr>\n<tr style=\"height: 24px;\">\n<td style=\"width: 50%; height: 24px;\">Rango de ajuste (porcentaje de humedad)<\/td>\n<td style=\"width: 50%; height: 24px;\">10 &#8211; 99%<\/td>\n<\/tr>\n<tr style=\"height: 24px;\">\n<td style=\"width: 50%; height: 24px;\">Precisi\u00f3n<\/td>\n<td style=\"width: 50%; height: 24px;\">+-8%<\/td>\n<\/tr>\n<tr style=\"height: 24px;\">\n<td style=\"width: 50%; height: 24px;\">Sensor de humedad<\/td>\n<td style=\"width: 50%; height: 24px;\">Si<\/td>\n<\/tr>\n<tr style=\"height: 24px;\">\n<td style=\"width: 50%; height: 24px;\">Control de Tiempo<\/td>\n<td style=\"width: 50%; height: 24px;\">Si (1-24 horas)<\/td>\n<\/tr>\n<tr style=\"height: 24px;\">\n<td style=\"width: 50%; height: 24px;\">Alarma<\/td>\n<td style=\"width: 50%; height: 24px;\">Si<\/td>\n<\/tr>\n<tr style=\"height: 24px;\">\n<td style=\"width: 50%; height: 24px;\">Temperatura de operaci\u00f3n del equipo<\/td>\n<td style=\"width: 50%; height: 24px;\">5-38\u00b0C<\/td>\n<\/tr>\n<tr style=\"height: 24px;\">\n<td style=\"width: 50%; height: 24px;\">Dimensiones (cm)<\/td>\n<td style=\"width: 50%; height: 24px;\">100 largo x 133 ancho x 77.5 alto<\/td>\n<\/tr>\n<tr style=\"height: 24px;\">\n<td style=\"width: 50%; height: 24px;\">Tama\u00f1o de entrada de aire (mm)<\/td>\n<td style=\"width: 50%; height: 24px;\">583 alto x 1088 largo<\/td>\n<\/tr>\n<tr style=\"height: 24px;\">\n<td style=\"width: 50%; height: 24px;\">Tama\u00f1o de salida de aire (mm)<\/td>\n<td style=\"width: 50%; height: 24px;\">485 alto x 1080 largo<\/td>\n<\/tr>\n<tr style=\"height: 24px;\">\n<td style=\"width: 50%; height: 24px;\">Gabinete<\/td>\n<td style=\"width: 50%; height: 24px;\">Acero inoxidable<\/td>\n<\/tr>\n<tr style=\"height: 24px;\">\n<td style=\"width: 50%; height: 24px;\">Color<\/td>\n<td style=\"width: 50%; height: 24px;\">Acero inoxidable<\/td>\n<\/tr>\n<tr style=\"height: 24px;\">\n<td style=\"width: 50%; height: 24px;\">Nivel de ruido<\/td>\n<td style=\"width: 50%; height: 24px;\">65dB<\/td>\n<\/tr>\n<tr style=\"height: 24px;\">\n<td style=\"width: 50%; height: 24px;\">Dimensiones con empaque (cm)<\/td>\n<td style=\"width: 50%; height: 24px;\">142 x 125 x 85<\/td>\n<\/tr>\n<tr style=\"height: 24px;\">\n<td style=\"width: 50%; height: 24px;\">Tipo de empaque<\/td>\n<td style=\"width: 50%; height: 24px;\">Madera<\/td>\n<\/tr>\n<tr style=\"height: 24px;\">\n<td style=\"width: 50%; height: 24px;\">Peso del equipo (sin empaque)<\/td>\n<td style=\"width: 50%; height: 24px;\">250 Kg.<\/td>\n<\/tr>\n<tr style=\"height: 24px;\">\n<td style=\"width: 50%; height: 24px;\">Peso del equipo (con empaque)<\/td>\n<td style=\"width: 50%; height: 24px;\">270 Kg.<\/td>\n<\/tr>\n<tr style=\"height: 24px;\">\n<td style=\"width: 50%; height: 24px;\">\u00c1rea de trabajo recomendada (m2)<\/td>\n<td style=\"width: 50%; height: 24px;\">600-750 (Esta especificaci\u00f3n puede cambiar dependiendo las caracter\u00edsticas y las condiciones en donde se use)<\/td>\n<\/tr>\n<tr style=\"height: 24px;\">\n<td style=\"width: 50%; height: 24px;\">Garant\u00eda<\/td>\n<td style=\"width: 50%; height: 24px;\">1 a\u00f1o sobre cualquier defecto de fabricaci\u00f3n<\/td>\n<\/tr>\n<tr style=\"height: 24px;\">\n<td style=\"width: 50%;\">Filtro de aceite<\/td>\n<td style=\"width: 50%;\">Si<\/td>\n<\/tr>\n<tr style=\"height: 24px;\">\n<td style=\"width: 50%;\">Dispositivo de protecci\u00f3n de alta presi\u00f3n compresor(es)<\/td>\n<td style=\"width: 50%;\">Si<\/td>\n<\/tr>\n<\/tbody>\n<\/table>\n<p>&nbsp;<\/p>\n<ul>\n<li><span style=\"color: #f7040f;\"><strong>DEBIDO AL PROCESO DE DESHUMIDIFICACION, EL EQUIPO INYECTA AIRE, ADEMAS DE SECARLO, CON UN AUMENTO EN LA TEMPERATURA DE 5 A 10 GRADOS CENTRIGRADOS ARRIBA, DE LA TEMPERATURA DE AIRE RETORNADA, ESTO ES IMPORTANTE TOMARLO EN CUENTA, EN LOS ESTUDIOS DE CARGAS TERMICAS.\u00a0 <\/strong><\/span><\/li>\n<li><span style=\"color: #f7040f;\"><strong>NO ES RECOMENDABLE UTILIZAR DESHUMIDIFICADORES POR SISTEMA DE REFRIGERACION, CUANDO EL PORCENTAJE DE HUMEDAD, DENTRO DEL CUARTO, SE REQUIERE MUY BAJO (35-40% O MENOS). PARA ESTOS CASOS SE REQUIERE <\/strong><\/span><\/li>\n<li><span style=\"color: #f7040f;\"><strong>DESHUMIDIFICADORES DESECANTES:\u00a0<\/strong><strong><br \/>\n<span style=\"color: #2445a2;\"><strong><a href=\"https:\/\/h2otek.com\/tienda\/188-sistema-desecante\"><span style=\"color: #2445a2;\">https:\/\/h2otek.com\/tienda\/188-sistema-desecante<\/span><\/a><\/strong><\/span><\/strong><\/span><\/li>\n<li><span style=\"color: #f7040f;\"><strong>LOS EQUIPOS DISE\u00d1ADOS PARA TRABAJO EN DUCTO, PUEDEN VENCER UNA PRESION ESTATICA HASTA 0.8\u201dC.A. (PARA EL CALCULDO DE DUCTERIA). NO ES RECOMENDABLE DUCTOS MAS LARGOS DE 5 METROS O EN SU DEFECTO, PONER VENTILADORES DE RESPALDO, EN DONDE LA CAPACIDAD EN PCM (CFM) DEBE SER SIMILAR A LA ORIGINAL<\/strong><\/span><\/li>\n<\/ul>\n<p align=\"center\"><strong>DIMENSIONES:<\/strong><\/p>\n<p align=\"center\"><img decoding=\"async\" src=\"https:\/\/www.h2otek.com\/tienda\/img\/cms\/controlhumedad\/h2otek\/deshumidificadores\/aceroinox\/dimensiones-deshumidificador-h2otek-RDDI-380L.jpg\" alt=\"\" width=\"550\" height=\"500\" \/><\/p>\n<p align=\"center\"><strong>SOBRE PEDIDO SE PUEDEN FABRICAR EQUIPOS DE DIFERENTES CARACTER\u00cdSTICAS:<\/strong><\/p>\n<p align=\"center\"><img decoding=\"async\" src=\"https:\/\/www.h2otek.com\/tienda\/Images\/h2otek\/deshumidificadores\/fotos-deshumidificador-h2otek-RDD-sobrepedido.jpg\" alt=\"\" border=\"0\" \/><\/p>\n<p align=\"center\"><em>\u00a0Fotos representativas con aplicaci\u00f3n de pintura electrost\u00e1tica, se fabrican igual en acero inoxidable.<\/em><\/p>\n<p align=\"center\"><strong>VIDEOS REPRESENTATIVOS<\/strong><br \/>\n<em>Modelos mostrados son con aplicaci\u00f3n de pintura electrost\u00e1tica, los modelos en acero inoxidable son iguales.<\/em><\/p>\n<p align=\"center\"><iframe src=\"https:\/\/www.youtube.com\/embed\/miHyKSQfQsc\" width=\"560\" height=\"315\" frameborder=\"0\"><\/iframe><\/p>\n<p align=\"center\"><img loading=\"lazy\" decoding=\"async\" class=\"aligncenter\" style=\"text-align: start;\" src=\"https:\/\/h2otek.com\/tienda\/img\/cms\/garantia-insignias\/garantia-h2otek-2years.jpg\" alt=\"\" width=\"350\" height=\"350\" \/><\/p>\n<p>&nbsp;<\/p>\n<p><strong>DESCARGAR MANUALES:<\/strong><\/p>\n<ul>\n<li><strong><span style=\"color: #0000ff;\"><a href=\"https:\/\/h2otek.com\/tienda\/pdf\/controlhumedad\/DESHUMIDIFICADOR%20INDUSTRIAL%20DE%20REFRIGERACION%20PARA%20DUCTO%20H2OTEK.pdf\" target=\"_blank\" rel=\"noopener\"><span style=\"color: #0000ff;\">MANUAL DEL USUARIO<\/span><\/a><\/span><\/strong><\/li>\n<\/ul>\n<div><\/div>\n","protected":false},"excerpt":{"rendered":"<p><span style=\"font-size: 12pt; color: #ff0000;\"><strong>PRECIO EN D\u00d3LARES US.<br \/>\n<\/strong><strong>PRECIO INCLUYE 16 % DE I.V.A.<br \/>\n<\/strong><strong>PRECIO INCLUYE ENVIO (ZONA CENTRO).<\/strong><\/span><\/p>\n<p style=\"text-align: left;\"><span style=\"font-size: small; font-weight: bold; color: #000080;\">EFICIENTE DESHUMIDIFICADOR PARA DUCTOS O DESCARGA LIBRE, HASTA 480 LITROS POR D\u00cdA<\/span><\/p>\n<p style=\"text-align: left;\"><strong><span style=\"font-size: small; color: #ff0000;\">GARANT\u00cdA M\u00c1S AMPLIA DEL MERCADO: COMPRESOR 2 A\u00d1OS, PARTES 1 A\u00d1O.<\/span><\/strong><\/p>\n<p style=\"text-align: left;\"><span style=\"font-size: small; color: #000000;\"><strong><em><strong><em>APLICACIONES COMUNES: <\/em><\/strong><\/em><\/strong><\/span><\/p>\n<ul>\n<li><span style=\"font-style: italic; font-weight: bold; font-size: small;\">EN DUCTOS PARA AIRE ACONDICIONADO<\/span><\/li>\n<li><span style=\"font-style: italic; font-weight: bold; font-size: small;\">ALMACENES<\/span><\/li>\n<li><span style=\"font-style: italic; font-weight: bold; font-size: small;\">\u00c1REAS DE PROCESO<\/span><\/li>\n<li><span style=\"font-style: italic; font-weight: bold; font-size: small;\">LABORATORIOS<\/span><\/li>\n<li><span style=\"font-style: italic; font-weight: bold; font-size: small;\">CUARTOS DE PRUEBA<\/span><\/li>\n<li><span style=\"font-style: italic; font-weight: bold; font-size: small;\">PROCESOS INDUSTRIALES<\/span><\/li>\n<li><span style=\"font-style: italic; font-weight: bold; font-size: small;\">ALBERCAS<br \/>\n<\/span><\/li>\n<li><span style=\"font-style: italic; font-weight: bold; font-size: small;\">\u00c1REAS DE TRABAJO<\/span><\/li>\n<li><span style=\"font-style: italic; font-weight: bold; font-size: small;\">GIMNASIOS<\/span><span style=\"font-style: italic; font-weight: bold; font-size: small;\">,<\/span><span style=\"font-size: small; font-style: italic; font-weight: bold;\">\u00a0ETC.<\/span><\/li>\n<\/ul>\n","protected":false},"featured_media":5864,"comment_status":"closed","ping_status":"closed","template":"","meta":[],"pwb-brand":[],"product_brand":[],"product_cat":[871],"product_tag":[],"class_list":{"0":"post-19197","1":"product","2":"type-product","3":"status-publish","4":"has-post-thumbnail","6":"product_cat-para-ducto-hvac-220-volts-3-fases-1-neutro-deshumidificadores-por-condensacion-refrigeracion-pintura-electrostatica-fabricacion-deshumidificadores","8":"first","9":"onbackorder","10":"purchasable","11":"product-type-simple"},"brands":[],"_links":{"self":[{"href":"https:\/\/h2otek.com\/tienda\/wp-json\/wp\/v2\/product\/19197","targetHints":{"allow":["GET"]}}],"collection":[{"href":"https:\/\/h2otek.com\/tienda\/wp-json\/wp\/v2\/product"}],"about":[{"href":"https:\/\/h2otek.com\/tienda\/wp-json\/wp\/v2\/types\/product"}],"replies":[{"embeddable":true,"href":"https:\/\/h2otek.com\/tienda\/wp-json\/wp\/v2\/comments?post=19197"}],"wp:featuredmedia":[{"embeddable":true,"href":"https:\/\/h2otek.com\/tienda\/wp-json\/wp\/v2\/media\/5864"}],"wp:attachment":[{"href":"https:\/\/h2otek.com\/tienda\/wp-json\/wp\/v2\/media?parent=19197"}],"wp:term":[{"taxonomy":"pwb-brand","embeddable":true,"href":"https:\/\/h2otek.com\/tienda\/wp-json\/wp\/v2\/pwb-brand?post=19197"},{"taxonomy":"product_brand","embeddable":true,"href":"https:\/\/h2otek.com\/tienda\/wp-json\/wp\/v2\/product_brand?post=19197"},{"taxonomy":"product_cat","embeddable":true,"href":"https:\/\/h2otek.com\/tienda\/wp-json\/wp\/v2\/product_cat?post=19197"},{"taxonomy":"product_tag","embeddable":true,"href":"https:\/\/h2otek.com\/tienda\/wp-json\/wp\/v2\/product_tag?post=19197"}],"curies":[{"name":"wp","href":"https:\/\/api.w.org\/{rel}","templated":true}]}}