{"id":19092,"date":"2021-07-06T21:20:45","date_gmt":"2021-07-06T21:20:45","guid":{"rendered":"https:\/\/h2otek.com\/tienda\/producto\/kit-de-nebulizacion-1000-psi-50-pies-de-nylon-con-bomba-de-accionamiento-directo-marca-aeromist-modelo-10550-008\/"},"modified":"2024-03-25T19:13:02","modified_gmt":"2024-03-25T19:13:02","slug":"kit-de-nebulizacion-1000-psi-50-pies-de-nylon-con-bomba-de-accionamiento-directo-marca-aeromist-modelo-10550-008","status":"publish","type":"product","link":"https:\/\/h2otek.com\/tienda\/producto\/kit-de-nebulizacion-1000-psi-50-pies-de-nylon-con-bomba-de-accionamiento-directo-marca-aeromist-modelo-10550-008\/","title":{"rendered":"KIT DE NEBULIZACI\u00d3N 1000 PSI 50 PIES DE NYLON CON BOMBA DE ACCIONAMIENTO DIRECTO MARCA AEROMIST\u00ae MODELO 10550-008"},"content":{"rendered":"<p style=\"text-align:center;\"><img fetchpriority=\"high\" decoding=\"async\" src=\"https:\/\/h2otek.com\/tienda\/img\/cms\/controlhumedad\/aeromist\/1000psi-misting-kit\/nylon\/header-aeromist-kit-nylon-1000psi-10550-008.jpg\" width=\"650\" height=\"300\" alt=\"header-aeromist-kit-nebulizacion-nylon-1\" \/><\/p>\n<p style=\"text-align:justify;\">\u00a0<\/p>\n<p><strong>DESCRIPCI\u00d3N GENERAL DEL PRODUCTO:<\/strong><\/p>\n<p>Este kit incluye: bomba de accionamiento directo de 1000 PSI, elementos de filtro de 5 y 1 micra, tubo de nylon precortado de 24&#8243; de di\u00e1metro externo de 3\/8\u201d, l\u00ednea de alimentaci\u00f3n de nylon marr\u00f3n de alta presi\u00f3n, accesorios de bloqueo deslizante, boquillas antigoteo chapadas en Ni y kits de abrazaderas .<\/p>\n<p><strong>Beneficios del filtro de escala<\/strong>\u00a0(sku: 57011X)<br \/>El filtro de escala inhibe efectivamente la formaci\u00f3n de escamas de carbonato de calcio para mantener sus boquillas limpias por m\u00e1s tiempo. El filtro de escala reemplaza el filtro est\u00e1ndar de 1 micra en su bomba; minimizar el mantenimiento de la boquilla; disfrute de su sistema de nebulizaci\u00f3n sin problemas.<\/p>\n<p><strong>Beneficios del interruptor LP<\/strong>\u00a0(sku: 66400K)<br \/>El interruptor de baja presi\u00f3n protege su bomba de 1000 psi de da\u00f1os si el suministro de agua se cierra accidentalmente. El interruptor evita que la bomba se encienda, lo que evita que la bomba se sobrecaliente y da\u00f1e los sellos internos.<\/p>\n<p><strong>KIT INCLUYE:<\/strong><\/p>\n<p><\/p>\n<table cellpadding=\"4\">\n<thead>\n<tr>\n<th>Cantidad<\/th>\n<th>SKU<\/th>\n<th>Descripci\u00f3n<\/th>\n<\/tr>\n<\/thead>\n<tbody>\n<tr>\n<td style=\"text-align:center;\">1<\/td>\n<td>60100-DF<\/td>\n<td>Bomba de nebulizaci\u00f3n 1000 PSI 1.0 GPM<\/td>\n<\/tr>\n<tr>\n<td style=\"text-align:center;\">1<\/td>\n<td>56401-1<\/td>\n<td>Tubo de nylon marr\u00f3n, rollo de 50 pies, di\u00e1metro exterior de 3\/8&#8243;<\/td>\n<\/tr>\n<tr>\n<td style=\"text-align:center;\">24<\/td>\n<td>56403<\/td>\n<td>Tubo de nylon 24\u201d 3\/8&#8243; OD<\/td>\n<\/tr>\n<tr>\n<td style=\"text-align:center;\">25<\/td>\n<td>52375<\/td>\n<td>Uni\u00f3n de boquilla de bloqueo de empuje de 3\/8&#8243;<\/td>\n<\/tr>\n<tr>\n<td style=\"text-align:center;\">2<\/td>\n<td>52379<\/td>\n<td>Tap\u00f3n de cierre de 3\/8&#8243;<\/td>\n<\/tr>\n<tr>\n<td style=\"text-align:center;\">25<\/td>\n<td><span>51422-N<\/span><\/td>\n<td>Boquilla antigoteo serie .008<\/td>\n<\/tr>\n<tr>\n<td style=\"text-align:center;\">3<\/td>\n<td>52376<\/td>\n<td>Codo de bloqueo de empuje de 3\/8&#8243;<\/td>\n<\/tr>\n<tr>\n<td style=\"text-align:center;\">1<\/td>\n<td>52377<\/td>\n<td>Soporte de bloqueo de empuje de 3\/8&#8243;<\/td>\n<\/tr>\n<tr>\n<td style=\"text-align:center;\">1<\/td>\n<td>65186<\/td>\n<td>Mini cortatubos<\/td>\n<\/tr>\n<tr>\n<td style=\"text-align:center;\">35<\/td>\n<td>56375<\/td>\n<td>Abrazadera de goma<\/td>\n<\/tr>\n<tr>\n<td style=\"text-align:center;\">35<\/td>\n<td>52602<\/td>\n<td>Tornillo<\/td>\n<\/tr>\n<tr>\n<td style=\"text-align:center;\">35<\/td>\n<td>52603<\/td>\n<td>Ancla de pl\u00e1stico<\/td>\n<\/tr>\n<\/tbody>\n<\/table>\n<p>\u00a0<\/p>\n<p><em>12 MESES DE GARANT\u00cdA BAJO CUALQUIER DEFECTO DE FABRICACI\u00d3N (EN LA BOMBA)<\/em><\/p>\n<p style=\"text-align:center;\">\u00a0<\/p>\n<p><span style=\"color:#4a4a4a;\"><strong>DESCARGAR MANUALES:<\/strong><\/span><\/p>\n<ul>\n<li><strong><span style=\"color:#0000ff;\"><a href=\"http:\/\/www.h2otek.com\/tienda\/pdf\/controlhumedad\/CATALOGO%20PRODUCTOS%20AEROMIST.pdf\" target=\"_blank\" rel=\"noopener\">CAT\u00c1LOGO PRODUCTOS AEROMIST\u00ae<\/a><\/span><\/strong><\/li>\n<li><strong><span style=\"color:#0000ff;\"><a href=\"http:\/\/www.h2otek.com\/tienda\/pdf\/controlhumedad\/MANUAL%20DEL%20USUARIO%20PRODUCTOS%20AEROMIST.pdf\" target=\"_blank\" rel=\"noopener\">MANUAL DEL USUARIO PRODUCTOS AEROMIST\u00ae<\/a><\/span><\/strong><\/li>\n<\/ul>\n<p>\u00a0<\/p>\n<p>\u00a0<\/p>\n<p>\u00a0<\/p>\n<p><\/p>\n","protected":false},"excerpt":{"rendered":"<p><span style=\"color: #ff0000; font-size: 12pt;\"><strong>PRECIO\u00a0EN\u00a0D\u00d3LARES US.<br \/>PRECIO INCLUYE 16 % DE I.V.A.<br \/>PRECIO INCLUYE ENVIO (ZONA CENTRO).<\/strong><\/span><\/p>\n<p><strong><em>HUMIDIFICADORES IDEALES PARA:<\/em><\/strong><\/p>\n<ul>\n<li><em><strong>PATIOS<\/strong><\/em><\/li>\n<li><em><strong>JARDINES<\/strong><\/em><\/li>\n<li><em><strong>ESPACIOS SOCIALES<\/strong><\/em><\/li>\n<li><em><strong>ALMACENES<\/strong><\/em><\/li>\n<li><em><strong>PROCESOS<\/strong><\/em><\/li>\n<li><em><strong>LABORATORIOS<\/strong><\/em><\/li>\n<li><em><strong>CUARTOS DE PRUEBA<\/strong><\/em><\/li>\n<li><em><strong>COMERCIOS<\/strong><\/em><\/li>\n<li><em><strong>RESTAURANTES<\/strong><\/em><\/li>\n<li><em><strong>TERRAZAS<\/strong><\/em><\/li>\n<li><em><strong>INDUSTRIA EN GENERAL,\u00a0ETC.<\/strong><\/em><\/li>\n<\/ul>\n","protected":false},"featured_media":1974,"comment_status":"closed","ping_status":"closed","template":"","meta":[],"pwb-brand":[],"product_brand":[],"product_cat":[362,922],"product_tag":[],"class_list":{"0":"post-19092","1":"product","2":"type-product","3":"status-publish","4":"has-post-thumbnail","6":"product_cat-control-de-humedad-humidificadores-deshumidificadores","7":"product_cat-kits-bomba-y-boquillas","9":"first","10":"outofstock","11":"purchasable","12":"product-type-simple"},"brands":[],"_links":{"self":[{"href":"https:\/\/h2otek.com\/tienda\/wp-json\/wp\/v2\/product\/19092","targetHints":{"allow":["GET"]}}],"collection":[{"href":"https:\/\/h2otek.com\/tienda\/wp-json\/wp\/v2\/product"}],"about":[{"href":"https:\/\/h2otek.com\/tienda\/wp-json\/wp\/v2\/types\/product"}],"replies":[{"embeddable":true,"href":"https:\/\/h2otek.com\/tienda\/wp-json\/wp\/v2\/comments?post=19092"}],"wp:featuredmedia":[{"embeddable":true,"href":"https:\/\/h2otek.com\/tienda\/wp-json\/wp\/v2\/media\/1974"}],"wp:attachment":[{"href":"https:\/\/h2otek.com\/tienda\/wp-json\/wp\/v2\/media?parent=19092"}],"wp:term":[{"taxonomy":"pwb-brand","embeddable":true,"href":"https:\/\/h2otek.com\/tienda\/wp-json\/wp\/v2\/pwb-brand?post=19092"},{"taxonomy":"product_brand","embeddable":true,"href":"https:\/\/h2otek.com\/tienda\/wp-json\/wp\/v2\/product_brand?post=19092"},{"taxonomy":"product_cat","embeddable":true,"href":"https:\/\/h2otek.com\/tienda\/wp-json\/wp\/v2\/product_cat?post=19092"},{"taxonomy":"product_tag","embeddable":true,"href":"https:\/\/h2otek.com\/tienda\/wp-json\/wp\/v2\/product_tag?post=19092"}],"curies":[{"name":"wp","href":"https:\/\/api.w.org\/{rel}","templated":true}]}}