{"id":18864,"date":"2021-07-06T21:19:36","date_gmt":"2021-07-06T21:19:36","guid":{"rendered":"https:\/\/h2otek.com\/tienda\/producto\/calentador-de-agua-a-gas-uso-comercial-industrial-4000000-btuh-marca-raypak-linea-mvb-mod-4003\/"},"modified":"2023-03-04T02:14:19","modified_gmt":"2023-03-04T02:14:19","slug":"calentador-de-agua-a-gas-uso-comercial-industrial-4000000-btuh-marca-raypak-linea-mvb-mod-4003","status":"publish","type":"product","link":"https:\/\/h2otek.com\/tienda\/producto\/calentador-de-agua-a-gas-uso-comercial-industrial-4000000-btuh-marca-raypak-linea-mvb-mod-4003\/","title":{"rendered":"CALENTADOR DE AGUA A GAS USO COMERCIAL-INDUSTRIAL 4&#8217;000,000 BTUH MARCA RAYPAK LINEA MVB MOD. 4003"},"content":{"rendered":"<p style=\"text-align: center;\"><img decoding=\"async\" src=\"https:\/\/www.h2otek.com\/tienda\/Images\/boilers\/raypak\/header-raypak-econopak-mvb-4003.jpg\" alt=\"\" border=\"0\" \/><\/p>\n<p style=\"text-align: justify;\"><strong><span style=\"font-size: small;\">La Siguiente Generaci\u00f3n De Calderas Verticales Modulables<\/span><\/strong><\/p>\n<p style=\"text-align: justify;\">Tecnolog\u00edas consagradas por el tiempo se unen con avances de primera l\u00ednea en la nueva caldera vertical modulable MVB de Raypak. Nunca antes una caldera vertical proporciono a ambos: instalador y constructor de piscinas, tal flexibilidad de instalaci\u00f3n, eficiencia, as\u00ed como confiabilidad y desempe\u00f1o a largo plazo. Un lugar estrecho, no es un problema. La MVB requiere uno de los m\u00e1s peque\u00f1os espacios de instalaci\u00f3n sobre cualquier calentador vertical por condensaci\u00f3n. Nuestro dise\u00f1o compacto le hace la elecci\u00f3n perfecta para esos duros proyectos de modernizaci\u00f3n dif\u00edciles de lograr. La MVB de Raypak est\u00e1 constru\u00edda con componentes y materiales de grado comercial. Desde nuestra base del canal de acero a nuestra sobrecubierta del tubo de chimenea de acero inoxidable y el intercambiador de calor por condensaci\u00f3n, usted puede decir que la MVB se construye para durar. Es f\u00e1cil de manejar e instalar, pero a\u00fan as\u00ed amigable con el usuario en el servicio. Ahora es el momento perfecto para echar un vistazo m\u00e1s de cerca a Raypak.<\/p>\n<p style=\"text-align: justify;\"><strong><span style=\"font-size: small;\">Flexibilidad <\/span><\/strong><\/p>\n<p style=\"text-align: justify;\">La asignaci\u00f3n de la longitud del respiradero lider en la industria ofrece mayores alternativas de ubicaci\u00f3n para la ventilaci\u00f3n, lo que reduce el espacio desperdiciado. La versatilidad de la ventilaci\u00f3n est\u00e1 adicionalmente reforzada por el sistema de combusti\u00f3n de ajuste autom\u00e1tico que compensa configuraciones inusuales de la chimenea y el respiradero.<\/p>\n<p style=\"text-align: justify;\"><strong>Categoria I *<\/strong> &#8211; Son los modelos disponibles con Certificados por la CSA, calderas hasta un 84% de eficiencia y calentadores de agua hasta 85% de eficiencia . Nuestra categor\u00eda I es la soluci\u00f3n para el perfecto reemplazo en sus aplicaciones de actualizaci\u00f3n. Esto reduce el costo de instalaci\u00f3n, al usar la ventilaci\u00f3n o chimenea existente en la Categor\u00eda I. La instalaci\u00f3n no podr\u00eda requerir menos esfuerzo; todas las conexiones est\u00e1n en la parte trasera de la unidad. La puesta en marcha es muy sencilla, de hecho, para una caldera ser\u00eda lo m\u00e1s cercano a \u201cconectar y usar\u201d (plug and play).<\/p>\n<p style=\"text-align: justify;\"><strong>Categor\u00eda IV<\/strong> &#8211; Certificados por la CSA, hasta 87% de eficiencia a fuego completo, lo m\u00e1s alto posible para calderas sin condensaci\u00f3n (\u00a1hasta 88.4% de eficiencia en la parte de carga!). Cuando el trabajo requiere de alta eficiencia, nuestra soluci\u00f3n de la Categoria IV se adapta a sus necesidades. En el coraz\u00f3n de cada MVB de Raypak hay un \u00fanico sistema integral de evaporador, la primera defensa en contra de condensaci\u00f3n da\u00f1ina. El sistema del evaporador de Raypak recolecta y reevapora la condensaci\u00f3n que se puede formar durante los per\u00edodos iniciales de puesta en marcha o en breves per\u00edodos de operaci\u00f3n con agua fr\u00eda, eliminando as\u00ed la necesidad de un desag\u00fce como en las calderas de condensaci\u00f3n. Esto le ahorra a usted dinero en los costos de instalaci\u00f3n, as\u00ed como, el dolor de cabeza de tratar con m\u00faltiples desag\u00fces de condensaci\u00f3n.<\/p>\n<p style=\"text-align: justify;\"><strong><span style=\"font-size: small;\">Modulaci\u00f3n Verdadera <\/span><\/strong><\/p>\n<p style=\"text-align: justify;\">La modulaci\u00f3n no es nada nuevo para Raypak, hemos perfeccionado nuestra experiencia en modulaci\u00f3n de gas por m\u00e1s de 50 a\u00f1os. El MVB de Raypak rastrear\u00e1 infinitamente la carga de calefacci\u00f3n de manera precisa, con el control de modo Rastreo de Temperatura, eliminando costosos sobre calentamientos. Utilizando la \u00faltima tecnolog\u00eda europea para el paquete del soplador de la v\u00e1lvula de gas, la proporci\u00f3n \u00f3ptima de aire &#8211; combustible se mantiene a lo largo del rango completo de la operaci\u00f3n de carga &#8211; monitoreo. Nuestra suave reducci\u00f3n de 4:1 (503 a 2003) asegura que la eficiencia se mantiene a lo largo de la frecuencia de encendido y de hecho aumenta durante la parte de la carga, o bien, cuando usted lo requiera! El MVB autom\u00e1ticamente auto-sincroniza para adecuar el rango m\u00e1s amplio de presiones del suministro del gas. El soplador de alta calidad integrado en la v\u00e1lvula de gas es de autocorrecci\u00f3n y permite un funcionamiento suave, a\u00fan, con fluctuaciones en la presi\u00f3n del suministro de gas. El MVB de Raypak es tecnolog\u00eda de punta con simplicidad atmosf\u00e9rica.<\/p>\n<p style=\"text-align: justify;\"><strong><span style=\"font-size: small;\">Caracter\u00edsticas est\u00e1ndar del equipo:<\/span><\/strong><\/p>\n<ol>\n<li>Cabezal de bronce en WH7<\/li>\n<li>Cabezal de hierro fundido en H7<\/li>\n<li>87% de eficiencia t\u00e9rmica<\/li>\n<li>Tubos de cobre aletados<\/li>\n<li>Intercambiador de 4 pasos de humo<\/li>\n<li>Para Gas Natural o Gas LP<\/li>\n<li>Controlador modulante con pantalla LCD<\/li>\n<li>Conexiones traseras, gas, agua, el\u00e9ctricas y salida de gases<\/li>\n<li>Control de ajuste manual H7 240\u00b0F, WH7 200\u00b0F<\/li>\n<li>Filtro de aire desmontado<\/li>\n<li>Sensores de temperatura de agua 2 montados y 1 desmontado<\/li>\n<li>Pantalla LCD con memoria de aver\u00eda<\/li>\n<li>Protecci\u00f3n contra congelamiento<\/li>\n<li>Encendido de superficie caliente<\/li>\n<li>Modulaci\u00f3n electr\u00f3nica<\/li>\n<li>Switch de flujo<\/li>\n<li>Contacto seco para alarma<\/li>\n<\/ol>\n<p style=\"text-align: justify;\"><strong><span style=\"font-size: small;\">Caracter\u00edsticas Principales<\/span><\/strong><\/p>\n<ul>\n<li>4&#8217;000,000 BTUH<\/li>\n<li>Eficiencia de hasta el 85% (Categor\u00eda I*)<\/li>\n<li>Eficiencia de hasta el 88.4% (Cat.IV)<\/li>\n<li>No requiere de ning\u00fan dren de condensaci\u00f3n (dise\u00f1o propio)<\/li>\n<li>Requiere de la menor temperatura en el agua de entrada (48.8\u00b0C) \u00a0(120\u00b0F)<\/li>\n<li>V\u00e1lvula de gas y quemador modulables, reducci\u00f3n de hasta 7:1 (503A a 4003A Cat. IV)<\/li>\n<li>M\u00faltiples salidas de la bomba &#8211; Caldera, sistema y ACS indirecta.<\/li>\n<li>0-10 VDC BMS Interface (punto de ajuste o accionamiento directo).<\/li>\n<li>Capacidad de la funci\u00f3n de cascada para un m\u00e1ximo de 4 calderas.<\/li>\n<li>Capacidad de la funcionalidad de restablecimiento al aire libre.<\/li>\n<li>Puerto Modbus BMS.<\/li>\n<li>Dise\u00f1ado con los componentes del sistema se corresponden perfectamente<\/li>\n<li>Con el dise\u00f1o para instalaci\u00f3n m\u00e1s compacto, que se ajusta a espacios apretados y f\u00e1cilmente reemplaza calderas mayores<\/li>\n<li>Dise\u00f1o peque\u00f1o huella instalado encaja espacios reducidos y f\u00e1cilmente reemplaza calderas m\u00e1s grandes<\/li>\n<li>Centro de diagn\u00f3stico avanzado, c\u00f3digos de falla en ingles<\/li>\n<li>Todos los modelos enst\u00e1n certificados para interior y exterior<\/li>\n<li>El gabinete completo protege todos los controles y el cableado<\/li>\n<li>El sistema de combusti\u00f3n de bajo NOx<\/li>\n<li>Adecuado para altitudes de hasta 10.000 pies (disminuci\u00f3n de potencia por encima de 5.000 pies)<\/li>\n<li>Con todas las v\u00edas navegables de cobre y bronce (opcional en algunos modelos), el MVB est\u00e1 disponible en configuraciones de calderas y calentadores de agua<\/li>\n<li>Filtro de aire de combusti\u00f3n Inline (MERV8)<\/li>\n<li>Todos los calentadores de agua son bajos de plomo (&lt;0,25%) certificada.<\/li>\n<\/ul>\n<p>* Categor\u00eda I con ventilaci\u00f3n vertical, categor\u00eda III con ventilaci\u00f3n horizontal y sin extractor.<\/p>\n<p style=\"text-align: center;\"><strong>CARACTER\u00cdSTICAS Y BENEFICIOS<\/strong><\/p>\n<div style=\"text-align: center;\"><a href=\"http:\/\/www.h2otek.com\/tienda\/Images\/boilers\/raypak\/dimensiones-raypak-xfyre_gde.jpg\" target=\"_blank\" rel=\"noopener\"><img decoding=\"async\" src=\"https:\/\/www.h2otek.com\/tienda\/Images\/boilers\/raypak\/caracteristicas-raypak-mvb.jpg\" alt=\"\" border=\"0\" \/><\/a><\/div>\n<div style=\"text-align: center;\">Modelos 2503 al 4003<\/div>\n<div style=\"text-align: justify;\">\n<ol>\n<li><strong>Interfaz de control <\/strong> Pantalla LCDcgrande y f\u00e1cil de leer (3,5&#8243;). Controlar\u00e1 continuamente la fuerza de la llama (\u03bca), temperaturas del sensor, se\u00f1al de BMS (0-10V), puntos de ajuste, DeltaT, todas las se\u00f1ales de seguridad, un diagn\u00f3stico completo y el hist\u00f3rico de fallos de los \u00faltimos 15 eventos. Configuraci\u00f3n del panel t\u00e1ctil simples. Todo lo que necesitas de puesta a punto para el servicio est\u00e1 a su alcance, todo en un solo lugar.<strong>1a. Tablero Versa IC (no mostrado)<\/strong> El Versa IC, sistema de control integrado es CSA y certificado como un combinado de temperatura, seguridad, y el dispositivo de control de encendido. F\u00e1cil acceso frontal a todo el cableado de campo. Esto incluye sensor de exterior, sensor de agua caliente, sistema de alarma, el puerto Modbus BMS y conexiones de entrada 0-10V DC. Cada unidad viene equipada de f\u00e1brica con capacidad de control en cascada. Simple, r\u00e1pida cadena de acceso margarita de hasta 4 calderas, enlaza a Raypak en modo rastreador de temperatura control + maestro Hibrido para un m\u00e1ximo de 16.<\/li>\n<\/ol>\n<\/div>\n<p><strong> 1b. Conexiones de cableado de baja tensi\u00f3n (no se muestra)<\/strong> En la delantera, y de f\u00e1cil acceso. Hace cableado del sensor y el cableado de control externo sencillo y limpio. <strong>1c. Panel de control (no mostrado)<\/strong> Controles completamente cerrados y cableado protegen contra da\u00f1os o vandalismo. Oscilante gabinete de dise\u00f1o permite un f\u00e1cil acceso a los controles para la instalaci\u00f3n y el servicio.<\/p>\n<ul>\n<li><strong>Indicadores de estado y de interruptor de encendido\/apagado<\/strong> F\u00e1cil de leer y controlar el estado de la caldera. Luces de colores de alerta al personal de mantenimiento al poder, llamada de calor, quemador de encendido y fallo de seguridad.<\/li>\n<li><strong>V\u00e1lvula de gas<\/strong> Dise\u00f1ado para trabajar en perfecta armon\u00eda con el soplador de aire. La v\u00e1lvula de gas entrega la mezcla de combustible perfecta basada en la cantidad de aire de combusti\u00f3n que se suministra. La v\u00e1lvula de gas Euro dise\u00f1ado proporciona una luz suave de modulaci\u00f3n de llama y precisa con hasta 7:01 de descubierta (503A 4003A trav\u00e9s de Cat. IV).<\/li>\n<li><strong>Combusti\u00f3n de aire del ventilador<\/strong> Carcasa del ventilador de aluminio fundido, la construcci\u00f3n no genera chispas. Entrada de velocidad PWM precisa permite una respuesta instant\u00e1nea del de la salida de control Versa IC. No lag ventilador asociado con sensor de temperatura del agua en tiempo real.<\/li>\n<li><strong>Interruptor de presi\u00f3n<\/strong> Monitores de ventilaci\u00f3n de presi\u00f3n y dispone de cierre de seguridad hacia abajo si la contrapresi\u00f3n es excesiva.<\/li>\n<li><strong>Filtro de aire<\/strong> Cada MVB viene de serie con un acceso posterior, f\u00e1ciles de mantener Merv 8 medios de comunicaci\u00f3n, el filtro de aire de combusti\u00f3n.<\/li>\n<li><strong>Encabezados Cast Rugged<\/strong> Cabeceras de bronce est\u00e1ndar en los modelos de calentadores de agua. Fundici\u00f3n de hierro est\u00e1ndar en los modelos de calderas 503A-2004A, con cabeceras de bronce opcionales.<\/li>\n<li><strong>Placa de tubo Construcci\u00f3n<\/strong> Elimina los problemas de reparaci\u00f3n y mantenimiento asociados con la construcci\u00f3n de tubo enrollado. F\u00e1cil, sustituci\u00f3n de componentes rentable.<\/li>\n<li><strong>Intercambiador de calor Vertical<\/strong>\u00a0Intercambiador de calor de m\u00faltiples pasadas cil\u00edndrico captura toda la energ\u00eda radiante, eliminando la necesidad de refractario pesada.<\/li>\n<li><strong>Requisitos m\u00ednimos de Liquidaci\u00f3n<\/strong> S\u00f3lo se requiere un cent\u00edmetro de espacio libre lateral de las superficies combustibles. <strong>10a. Cubierta resistente a la intemperie<\/strong>\u00a0Calibre pesado de acero galvanizado con un polvo Polytuf final de la capa resistente a rayos UV es resistente a la intemperie ya la corrosi\u00f3n. Raypak tiene uno de los mejores, los sistemas de capa de polvo top-of-the-line de la costa oeste, independientemente de la industria. Nos re\u00edmos de un ensayo de niebla salina 1000 horas. Documentaci\u00f3n de pruebas independiente disponible bajo petici\u00f3n.<\/li>\n<li><strong>F\u00e1cil aparejo<\/strong> Base de acero permite un uso jack montacargas\/palet. Modelos desde 2.503 hasta 4003 han montado f\u00e1brica ojales aparejo para las conexiones de elevaci\u00f3n y gr\u00faas.<\/li>\n<li><strong>V\u00e1lvulas de drenaje<\/strong> Dos v\u00e1lvulas de drenaje est\u00e1n situados en la parte inferior del intercambiador de calor. Esto permite un acondicionamiento para el invierno completo y drenaje del calentador. Se conecta a una manguera de jard\u00edn est\u00e1ndar.<\/li>\n<\/ul>\n<p style=\"text-align: center;\"><span style=\"font-weight: bold;\">TABLAS DE ESPECIFICACIONES POR MODELOS:<\/span><\/p>\n<p style=\"text-align: center;\"><a href=\"https:\/\/h2otek.com\/tienda\/Images\/boilers\/raypak\/especificaciones-raypak-econopak-mvb-4003-gde.jpg\" target=\"_blank\" rel=\"noopener\"><img decoding=\"async\" src=\"https:\/\/www.h2otek.com\/tienda\/Images\/boilers\/raypak\/especificaciones-raypak-econopak-mvb-4003.jpg\" alt=\"\" border=\"0\" \/><\/a><\/p>\n<p style=\"text-align: center;\"><em>(Clic en la imagen para agrandar)<\/em><\/p>\n<p><span style=\"text-align: justify;\">* Categor\u00eda I con ventilaci\u00f3n vertical, categor\u00eda III con ventilaci\u00f3n horizontal y ning\u00fan extractor.\u00a0<\/span> <span style=\"text-align: justify;\">\u2020 NPT se muestra es para Gas Natural. Para Propano, NPT = 1&#8243; en relaci\u00f3n con 503 \/ 4-2003 \/ 4 y 2-1\/2&#8243; de 2503 a 4003 todos los tama\u00f1os de calentador de agua \/ caldera.\u00a0<\/span><br style=\"text-align: justify;\" \/><span style=\"text-align: justify;\"> \u2021 El consumo de corriente es s\u00f3lo para calefacci\u00f3n. (Interruptor de alimentaci\u00f3n debe tener un viaje retrasado.)<\/span><\/p>\n<p style=\"text-align: center;\"><strong>VIDEO:<\/strong><\/p>\n<p><iframe title=\"Raypak\u00ae MVB &amp; Xtherm Installation - Training Video\" width=\"500\" height=\"281\" src=\"https:\/\/www.youtube.com\/embed\/h65JqLTCQYQ?feature=oembed\" frameborder=\"0\" allow=\"accelerometer; autoplay; clipboard-write; encrypted-media; gyroscope; picture-in-picture; web-share\" referrerpolicy=\"strict-origin-when-cross-origin\" allowfullscreen><\/iframe><\/p>\n<p><iframe title=\"Raypak\u00ae MVB XTherm Start-up - Training Video\" width=\"500\" height=\"281\" src=\"https:\/\/www.youtube.com\/embed\/5qaacV2j3xc?feature=oembed\" frameborder=\"0\" allow=\"accelerometer; autoplay; clipboard-write; encrypted-media; gyroscope; picture-in-picture; web-share\" referrerpolicy=\"strict-origin-when-cross-origin\" allowfullscreen><\/iframe><\/p>\n<p style=\"text-align: center;\"><img decoding=\"async\" class=\"aligncenter\" src=\"https:\/\/www.h2otek.com\/tienda\/Images\/boilers\/raypak\/footer-raypak-raytherm.jpg\" alt=\"\" border=\"0\" \/><\/p>\n<p>\u00a0 <strong><span style=\"color: #0000ff;\">DESCARGAR MANUALES:<\/span><\/strong><\/p>\n<ul>\n<li><strong><span style=\"color: #0000ff;\"><a href=\"http:\/\/www.h2otek.com\/tienda\/pdf\/aguacaliente\/FOLLETO%20BOILER%20A%20GAS%20USO%20COMERCIAL-INDUSTRIAL%20LINEA%20MVB.pdf\" target=\"_blank\" rel=\"noopener\">FOLLETO BOILER A GAS USO COMERCIAL-INDUSTRIAL LINEA MVB<\/a><\/span><\/strong><\/li>\n<li><strong><a href=\"http:\/\/www.h2otek.com\/tienda\/pdf\/aguacaliente\/ESPECIFICACIONES%20BOILER%20A%20GAS%20USO%20COMERCIAL-INDUSTRIAL%20LINEA%20MVB.pdf\" target=\"_blank\" rel=\"noopener\">ESPECIFICACIONES<\/a><\/strong><\/li>\n<li><strong><a href=\"http:\/\/www.h2otek.com\/tienda\/pdf\/aguacaliente\/INSTALACION%20BOILER%20A%20GAS%20USO%20COMERCIAL-INDUSTRIAL%20LINEA%20MVB.pdf\" target=\"_blank\" rel=\"noopener\">INSTALACI\u00d3N Y OPERACI\u00d3N<\/a><\/strong><\/li>\n<li><strong><a href=\"http:\/\/www.h2otek.com\/tienda\/pdf\/aguacaliente\/LISTA%20DE%20PARTES%20BOILER%20A%20GAS%20USO%20COMERCIAL-INDUSTRIAL%20LINEA%20MVB.pdf\" target=\"_blank\" rel=\"noopener\">LISTA DE PARTES<\/a><\/strong><\/li>\n<\/ul>\n<div><strong><span style=\"color: #000000;\">PRECIO INCLUYE GASTOS DE ENVIO (GRATIS) E IMPUESTO 16 % DE IVA<\/span><\/strong><\/div>\n","protected":false},"excerpt":{"rendered":"<p><span style=\"color: #ff0000;\"><strong>PARA PRECIO DE ESTE PRODUCTO FAVOR DE COMUNICARSE EN ATENCION A CLIENTES: info@h2otek.com O AL TEL: 01 800 94 26 835<\/strong><\/span><\/p>\n<p style=\"text-align: left;\"><strong><span style=\"font-size: small; color: #000000;\"><strong>CALENTADOR DE AGUA PRESURIZADO\/INTERIOR.\u00a0<\/strong><\/span><\/strong><span style=\"font-weight: bold; font-size: small;\">87% EFICIENCIA CONDENSASI\u00d3N. RECOMENDADO PARA USO COMERCIAL-INDUSTRIAL<\/span><\/p>\n<p style=\"text-align: left;\"><em><span style=\"font-size: small;\"><strong>IDEALES PARA CUALQUIER NECESIDAD DE AGUA CALIENTE, COMO PUEDE SER EN:<\/strong><\/span><\/em><\/p>\n<ul>\n<li><em><span style=\"font-size: small;\"><strong>CASAS<\/strong><\/span><\/em><\/li>\n<li><em><span style=\"font-size: small;\"><strong>RESIDENCIAS<\/strong><\/span><\/em><\/li>\n<li><em><span style=\"font-size: small;\"><strong>DEPARTAMENTOS<\/strong><\/span><\/em><\/li>\n<li><em><span style=\"font-size: small;\"><strong>CONDOMINIOS<\/strong><\/span><\/em><\/li>\n<li><em><span style=\"font-size: small;\"><strong>RESTAURANTES<\/strong><\/span><\/em><\/li>\n<li><em><span style=\"font-size: small;\"><strong>HOTELES\/MOTELES<\/strong><\/span><\/em><\/li>\n<li><em><span style=\"font-size: small;\"><strong>LAVANDER\u00cdAS COMERCIALES<\/strong><\/span><\/em><\/li>\n<li><em><span style=\"font-size: small;\"><strong>CL\u00cdNICAS DE REPOSO<\/strong><\/span><\/em><\/li>\n<li><em><span style=\"font-size: small;\"><strong>ETC.<\/strong><\/span><\/em><\/li>\n<\/ul>\n","protected":false},"featured_media":5400,"comment_status":"closed","ping_status":"closed","template":"","meta":[],"pwb-brand":[],"product_brand":[],"product_cat":[836,364],"product_tag":[],"class_list":{"0":"post-18864","1":"product","2":"type-product","3":"status-publish","4":"has-post-thumbnail","6":"product_cat-linea-mvb-raypak","7":"product_cat-raypak-calentadores-de-agua-boilers-calderas","9":"first","10":"instock","11":"purchasable","12":"product-type-simple"},"brands":[],"_links":{"self":[{"href":"https:\/\/h2otek.com\/tienda\/wp-json\/wp\/v2\/product\/18864","targetHints":{"allow":["GET"]}}],"collection":[{"href":"https:\/\/h2otek.com\/tienda\/wp-json\/wp\/v2\/product"}],"about":[{"href":"https:\/\/h2otek.com\/tienda\/wp-json\/wp\/v2\/types\/product"}],"replies":[{"embeddable":true,"href":"https:\/\/h2otek.com\/tienda\/wp-json\/wp\/v2\/comments?post=18864"}],"wp:featuredmedia":[{"embeddable":true,"href":"https:\/\/h2otek.com\/tienda\/wp-json\/wp\/v2\/media\/5400"}],"wp:attachment":[{"href":"https:\/\/h2otek.com\/tienda\/wp-json\/wp\/v2\/media?parent=18864"}],"wp:term":[{"taxonomy":"pwb-brand","embeddable":true,"href":"https:\/\/h2otek.com\/tienda\/wp-json\/wp\/v2\/pwb-brand?post=18864"},{"taxonomy":"product_brand","embeddable":true,"href":"https:\/\/h2otek.com\/tienda\/wp-json\/wp\/v2\/product_brand?post=18864"},{"taxonomy":"product_cat","embeddable":true,"href":"https:\/\/h2otek.com\/tienda\/wp-json\/wp\/v2\/product_cat?post=18864"},{"taxonomy":"product_tag","embeddable":true,"href":"https:\/\/h2otek.com\/tienda\/wp-json\/wp\/v2\/product_tag?post=18864"}],"curies":[{"name":"wp","href":"https:\/\/api.w.org\/{rel}","templated":true}]}}