{"id":18853,"date":"2021-07-06T21:19:36","date_gmt":"2021-07-06T21:19:36","guid":{"rendered":"https:\/\/h2otek.com\/tienda\/producto\/nebulizador-humidificador-para-ducto-de-electrodos-capacidad-de-vapor-110-lt-hr-480-volts-3-fases-60-hz-marca-h2otek-mod-hee48-97-5-31pro-290\/"},"modified":"2024-10-24T01:52:38","modified_gmt":"2024-10-24T01:52:38","slug":"nebulizador-humidificador-para-ducto-de-electrodos-capacidad-de-vapor-110-lt-hr-480-volts-3-fases-60-hz-marca-h2otek-mod-hee48-97-5-31pro-290","status":"publish","type":"product","link":"https:\/\/h2otek.com\/tienda\/producto\/nebulizador-humidificador-para-ducto-de-electrodos-capacidad-de-vapor-110-lt-hr-480-volts-3-fases-60-hz-marca-h2otek-mod-hee48-97-5-31pro-290\/","title":{"rendered":"NEBULIZADOR &#8211; HUMIDIFICADOR PARA DUCTO DE ELECTRODOS CAPACIDAD DE VAPOR 110 LT\/HR 480 VOLTS 3 FASES 60 HZ MARCA H2OTEK MOD. HEE48-97.5-31PRO\/290"},"content":{"rendered":"<h3 style=\"text-align: center;\"><img fetchpriority=\"high\" decoding=\"async\" src=\"https:\/\/h2otek.com\/tienda\/img\/cms\/controlhumedad\/h2otek-electrodos\/header-humidificador-ducto-electrodos-HEE48-97_5-31PRO.jpg\" alt=\"header-humidificador-ducto-electrodos-HE\" width=\"650\" height=\"330\" \/><\/h3>\n<div style=\"text-align: justify;\">\n<p><span style=\"font-size: 11pt;\">Nuestros humidificadores de la familia HHE son \u00f3ptimos para trabajar en cualquier necesidad de aumento de humedad, en espacios. Esto por medio de ductos. Su trabajo es altamente eficiente por medio de electrodos. Totalmente equipado.<\/span><\/p>\n<p>&nbsp;<\/p>\n<p><strong>CARACTERISTICAS GENERALES:<\/strong><\/p>\n<ul style=\"list-style-type: circle;\">\n<li>IDEALES PARA TRABAJO EN DUCTOS, INCLUYE DISPEROR DE VAPOR EN ACERO INOXIDABLE<\/li>\n<li>OPCIONAL PARA TRABAJAR EN DESCARGA LIBRE CON TAPA DISPESORA (NO INCLUIDA)<\/li>\n<li>OPCION DE CONTROL MULTIPLE: ON\/OFF CON HUMIDOSTATO DE CUARTO, PUEDE RECIBIR SE\u00d1AL PARA TRABAJAR EN FORMA PROPORCIONAL<\/li>\n<li>DISE\u00d1O Y FABRICACION CON GABINETE Y BASE EN ALUMINIO RIGIDA, LIBRE DE OXIDO Y LARGA VIDA UTIL<\/li>\n<li>TRABAJO POR MEDIO DE ELECTRODOS<\/li>\n<li>PANEL DIGITAL (INGLES)<\/li>\n<li>TANQUE DE RESINA DE ALTA RESISTENCIA<\/li>\n<li>EQUIPADO CON SISTEMAS DE SEGURIDAD DE ALTO NIVEL<\/li>\n<li>UNIDAD TOTALMENTE DESARMABLE<\/li>\n<li>SISTEMA DE MONITORIZACION DE CILINDROS<\/li>\n<li>PARA USO EN INTERIORES<\/li>\n<li>GARANTIA DE UN A\u00d1O SOBRE CUALQUIER DEFECTO DE FABRICACION<\/li>\n<\/ul>\n<p>&nbsp;<\/p>\n<\/div>\n<div style=\"text-align: justify;\"><\/div>\n<p style=\"text-align: center;\"><strong>PARTES DEL HUMIDIFICADOR<\/strong><\/p>\n<p style=\"text-align: center;\"><img decoding=\"async\" src=\"https:\/\/h2otek.com\/tienda\/img\/cms\/controlhumedad\/h2otek-electrodos\/partes-humidificador-ducto-electrodos.jpg\" alt=\"\" width=\"700\" height=\"845\" \/><\/p>\n<p>&nbsp;<\/p>\n<p style=\"text-align: justify;\"><strong>1 &#8211; CAJA DE ALUMINIO<br \/>\n<\/strong>El gabinete del humidificador est\u00e1 fabricado con una placa de aleaci\u00f3n de aluminio, lo que garantiza un alto nivel de corrosi\u00f3n y libre de \u00f3xido y no necesita ser recubierto. Este gabinete asegura que las unidades sean livianas, altamente reforzadas y tengan una larga vida \u00fatil<\/p>\n<div style=\"text-align: justify;\"><\/div>\n<div style=\"text-align: justify;\"><strong>2 &#8211; SISTEMA DE MONITORIZACI\u00d3N DE CILINDROS<br \/>\n<\/strong><\/div>\n<div style=\"text-align: justify;\">El microchip est\u00e1 integrado en el cilindro para monitorear el estado de trabajo del cilindro y garantiza una mayor eficiencia, un mejor ahorro de energ\u00eda y resultados m\u00e1s confiables.<\/div>\n<div style=\"text-align: justify;\"><\/div>\n<div style=\"text-align: justify;\"><\/div>\n<div style=\"text-align: justify;\"><strong>3 &#8211; BOMBA DE DRENAJE<\/strong><\/div>\n<div style=\"text-align: justify;\">A diferencia de la v\u00e1lvula de drenaje tradicional, el humidificador utiliza una bomba de drenaje. El di\u00e1metro de la bomba de drenaje es lo suficientemente grande para pasar a trav\u00e9s de una gran escala de agua. Los impulsores giratorios de alta velocidad trituran la cascarilla de agua hasta convertirla en polvo y drenan. Mediante este m\u00e9todo, la vida \u00fatil del cilindro se prolonga 2 o 3 veces m\u00e1s, y el proceso de humidificaci\u00f3n se vuelve m\u00e1s preciso y estable.<\/div>\n<p style=\"text-align: justify;\"><span style=\"color: #ff0000;\"><strong><span style=\"color: #ff0000;\"><strong>\u00a0<\/strong><\/span><\/strong><\/span><\/p>\n<h3><span style=\"font-size: 10pt;\">SISTEMA DE CONTROL<\/span><\/h3>\n<div style=\"text-align: justify;\">\n<ul>\n<li>El humidificador utiliza una CPU de 32 bits en la placa de circuito para alcanzar la alta confiabilidad.<\/li>\n<li>El microchip, que est\u00e1 integrado en el cilindro, monitorea el estado de funcionamiento del cilindro en tiempo real.<\/li>\n<li>El sistema de control utiliza un algoritmo que ajusta de manera inteligente los par\u00e1metros operativos internos del sistema, se adapta autom\u00e1ticamente a las diferentes calidades del agua u otras condiciones externas, reduce el consumo de energ\u00eda, mejora la velocidad de reacci\u00f3n y la confiabilidad y optimiza la operaci\u00f3n efecto. El m\u00f3dulo WIFI opcional (no lo incluye el equipo) del humidificador establece el sistema de control y monitoreo de red basado en Internet.<\/li>\n<li>El humidificador tiene el puerto de comunicaci\u00f3n RS485, que admite muchas redes, como Modbus, etc.<\/li>\n<li>El humidificador tiene el indicador de tubo nixie.<\/li>\n<li>El humidificador tiene un visualizador LCD de pantalla grande.<\/li>\n<li>La configuraci\u00f3n del men\u00fa de varios niveles garantiza la alta seguridad.<\/li>\n<\/ul>\n<\/div>\n<div style=\"text-align: justify;\"><\/div>\n<div style=\"text-align: justify;\"><\/div>\n<div style=\"text-align: justify;\"><strong>Control de encendido\/apagado<\/strong><\/div>\n<div style=\"text-align: justify;\">La unidad funciona o se detiene seg\u00fan la se\u00f1al del humidistato.<\/div>\n<div style=\"text-align: justify;\"><\/div>\n<div style=\"text-align: justify;\"><\/div>\n<div style=\"text-align: justify;\"><strong>Control proporcional<\/strong><\/div>\n<div style=\"text-align: justify;\">La capacidad de vapor var\u00eda continuamente de acuerdo con la se\u00f1al proporcional de entrada, como 0-10V, 0-5V, 1-5V, 0.5-4.5V, 0-20mA, 4-20mA y 2-10V.<\/div>\n<div style=\"text-align: justify;\"><\/div>\n<div style=\"text-align: justify;\"><\/div>\n<p style=\"text-align: center;\"><strong><br \/>\nDISPLAY DE HUMIDIFICADOR (INGLES)<\/strong><\/p>\n<p style=\"text-align: center;\"><img decoding=\"async\" src=\"https:\/\/h2otek.com\/tienda\/img\/cms\/controlhumedad\/h2otek-electrodos\/displayer-humidificador-ducto-electrodos.jpg\" alt=\"\" width=\"300\" height=\"379\" \/><\/p>\n<p>&nbsp;<\/p>\n<p style=\"text-align: center;\"><strong>TABLA DE ESPECIFICACIONES:<\/strong><\/p>\n<p style=\"text-align: center;\"><img loading=\"lazy\" decoding=\"async\" class=\"alignnone size-full wp-image-30823\" src=\"https:\/\/h2otek.com\/tienda\/wp-content\/uploads\/2021\/07\/especificaciones-humidificador-ducto-electrodos-HEE48-97_5-31PRO.gif\" alt=\"\" width=\"565\" height=\"524\" \/><\/p>\n<p>Nota: El humidificador est\u00e1 equipado para poder controlarlo On\/Off (humidostato) y con se\u00f1al proporcional. De igual forma puede trabajar con una se\u00f1al externa.<\/p>\n<p>&nbsp;<\/p>\n<p style=\"text-align: center;\"><img loading=\"lazy\" decoding=\"async\" class=\"alignnone size-full wp-image-30714\" src=\"https:\/\/h2otek.com\/tienda\/wp-content\/uploads\/2024\/03\/nota-humidificador-electrodos.jpg\" alt=\"\" width=\"650\" height=\"238\" srcset=\"https:\/\/h2otek.com\/tienda\/wp-content\/uploads\/2024\/03\/nota-humidificador-electrodos.jpg 650w, https:\/\/h2otek.com\/tienda\/wp-content\/uploads\/2024\/03\/nota-humidificador-electrodos-300x110.jpg 300w, https:\/\/h2otek.com\/tienda\/wp-content\/uploads\/2024\/03\/nota-humidificador-electrodos-164x60.jpg 164w, https:\/\/h2otek.com\/tienda\/wp-content\/uploads\/2024\/03\/nota-humidificador-electrodos-246x90.jpg 246w, https:\/\/h2otek.com\/tienda\/wp-content\/uploads\/2024\/03\/nota-humidificador-electrodos-600x220.jpg 600w\" sizes=\"(max-width: 650px) 100vw, 650px\" \/><\/p>\n<p>&nbsp;<\/p>\n<p style=\"text-align: center;\"><strong>FOTOS:<\/strong><\/p>\n<p>&nbsp;<\/p>\n<table style=\"width: 100%; margin-left: auto; margin-right: auto;\" border=\"0\" cellspacing=\"2\" cellpadding=\"4\">\n<tbody>\n<tr style=\"text-align: center;\">\n<td>HUMIDISTATO DE CUARTO<\/td>\n<td>CONTROL PARA SE\u00d1AR PROPORCIONAL<\/td>\n<\/tr>\n<tr style=\"text-align: center;\">\n<td><img loading=\"lazy\" decoding=\"async\" src=\"https:\/\/h2otek.com\/tienda\/img\/cms\/controlhumedad\/h2otek-electrodos\/foto01-humidificador-ducto-electrodos.jpg\" alt=\"foto01-humidificador-ducto-electrodos.jp\" width=\"282\" height=\"250\" \/><\/td>\n<td><img loading=\"lazy\" decoding=\"async\" src=\"https:\/\/h2otek.com\/tienda\/img\/cms\/controlhumedad\/h2otek-electrodos\/foto02-humidificador-ducto-electrodos.jpg\" alt=\"foto02-humidificador-ducto-electrodos.jp\" width=\"320\" height=\"146\" \/><\/td>\n<\/tr>\n<tr style=\"text-align: center;\">\n<td>SENSOR PARA SE\u00d1AL PROPORCIONAL<\/td>\n<td>DISPENSOR DE VAPOR PARA DUCTO<\/td>\n<\/tr>\n<tr style=\"text-align: center;\">\n<td><img loading=\"lazy\" decoding=\"async\" src=\"https:\/\/h2otek.com\/tienda\/img\/cms\/controlhumedad\/h2otek-electrodos\/foto03-humidificador-ducto-electrodos.jpg\" alt=\"foto03-humidificador-ducto-electrodos.jp\" width=\"127\" height=\"256\" \/><\/td>\n<td><img loading=\"lazy\" decoding=\"async\" src=\"https:\/\/h2otek.com\/tienda\/img\/cms\/controlhumedad\/h2otek-electrodos\/01-dispensor-de-vapor_1.jpg\" alt=\"\" width=\"88\" height=\"256\" \/><\/td>\n<\/tr>\n<tr style=\"text-align: center;\">\n<td>POSICI\u00d3N DE PINES PARA EL FUNCIONAMIENTO DEL EQUIPO<\/td>\n<td>HUMIDIFICADOR Y ACCESORIOS<\/td>\n<\/tr>\n<tr style=\"text-align: center;\">\n<td><img loading=\"lazy\" decoding=\"async\" src=\"https:\/\/h2otek.com\/tienda\/img\/cms\/controlhumedad\/h2otek-electrodos\/02-posicion-pines_1.jpg\" alt=\"02-posicion-pines_1.jpg\" width=\"320\" height=\"356\" \/><\/td>\n<td><img loading=\"lazy\" decoding=\"async\" src=\"https:\/\/h2otek.com\/tienda\/img\/cms\/controlhumedad\/h2otek-electrodos\/03-humidificador-accesorios.jpg\" alt=\"03-humidificador-accesorios.jpg\" width=\"320\" height=\"197\" \/><\/td>\n<\/tr>\n<\/tbody>\n<\/table>\n<p><strong>\u00a0<\/strong><\/p>\n<p>&nbsp;<\/p>\n<p>&nbsp;<\/p>\n<p style=\"text-align: center;\"><strong>VIDEO<\/strong><\/p>\n<p><iframe title=\"YouTube video player\" src=\"https:\/\/www.youtube.com\/embed\/9dWfa3Ag6PI\" width=\"560\" height=\"315\" frameborder=\"0\"><\/iframe><\/p>\n<p>&nbsp;<\/p>\n<p>&nbsp;<\/p>\n<p style=\"text-align: center;\"><img loading=\"lazy\" decoding=\"async\" src=\"https:\/\/h2otek.com\/tienda\/img\/cms\/controlhumedad\/h2otek-electrodos\/garantia-h2otek-1year.jpg\" alt=\"\" width=\"300\" height=\"300\" \/><\/p>\n<p>&nbsp;<\/p>\n<p><strong>DESCARGAR MANUAL:<\/strong><\/p>\n<ul>\n<li><strong><a href=\"https:\/\/h2otek.com\/tienda\/wp-content\/uploads\/2024\/03\/MANUAL-HUMIDIFICADORES-DE-ELECTRODOS.pdf\" target=\"_blank\" rel=\"noopener\">MANUAL DEL USUARIO<\/a><\/strong><\/li>\n<li><strong><a href=\"https:\/\/h2otek.com\/tienda\/wp-content\/uploads\/2024\/03\/MANUAL-DE-CONTROL-PID.pdf\" target=\"_blank\" rel=\"noopener\">MANUAL DE CONTROL PID<\/a><\/strong><\/li>\n<\/ul>\n","protected":false},"excerpt":{"rendered":"<p><span style=\"color: #ff0000; font-size: 12pt;\"><strong>PRECIO\u00a0EN\u00a0D\u00d3LARES US.<br \/>\nPRECIO INCLUYE 16 % DE I.V.A.<br \/>\nPRECIO INCLUYE ENVIO (ZONA CENTRO).<\/strong><\/span><\/p>\n<p><strong><span style=\"color: #ff0000;\">CAPACIDAD VAPOR 110 LT\/HR 480V 60 HZ 3 FASES<\/span><\/strong><\/p>\n<p><em><strong>APLICACIONES MAS COMUNES:<\/strong><\/em><\/p>\n<ul>\n<li><em><strong>HOSPITALES<\/strong><\/em><\/li>\n<li><em><strong>QUIR\u00d3FANOS<\/strong><\/em><\/li>\n<li><em><strong>LABORATORIOS<\/strong><\/em><\/li>\n<li><em><strong>PROCESOS<\/strong><\/em><\/li>\n<li><em><strong>CUARTOS DE PRUEBA<\/strong><\/em><\/li>\n<li><em><strong>INDUSTRIA ELECTR\u00d3NICA<\/strong><\/em><\/li>\n<li><em><strong>ALMACENES<\/strong><\/em><\/li>\n<li><em><strong>INDUSTRIA FARMAC\u00c9UTICA<\/strong><\/em><\/li>\n<li><em><strong>INDUSTRIA QU\u00cdMICA<\/strong><\/em><\/li>\n<li><em><strong>ESTACIONES DE TRABAJO<\/strong><\/em><\/li>\n<li><em><strong>INDUSTRIA ALIMENTICIA Y DEL TABACO<\/strong><\/em><\/li>\n<li><em><strong>INDUSTRIA TEXTIL<\/strong><\/em><\/li>\n<li><em><strong>CONSERVADORES,\u00a0ETC.<\/strong><\/em><\/li>\n<\/ul>\n","protected":false},"featured_media":734,"comment_status":"closed","ping_status":"closed","template":"","meta":[],"pwb-brand":[],"product_brand":[],"product_cat":[753,427,899,975],"product_tag":[],"class_list":{"0":"post-18853","1":"product","2":"type-product","3":"status-publish","4":"has-post-thumbnail","6":"product_cat-por-electrodos-generadores-de-vapor-para-ducto-hvac-electricos","7":"product_cat-generadores-de-vapor-vapor-para-bano-industriales-aplicacion-en-ductos-de-aire-acondicionado-humidificador-de-vapor","8":"product_cat-por-electrodos-generadores-de-vapor-para-ducto-hvac-electricos-electricos-generadores-de-vapor-para-ductos-humidificadores-para-ducto","9":"product_cat-por-electrodos-generadores-de-vapor-para-ducto-hvac-electricos-electricos-generadores-de-vapor-para-ductos-para-ducto-generadores-de-vapor-para-ductos-en-sistemas-de-aire-acondicionado-y-o-ventilacion","11":"first","12":"onbackorder","13":"purchasable","14":"product-type-simple"},"brands":[],"_links":{"self":[{"href":"https:\/\/h2otek.com\/tienda\/wp-json\/wp\/v2\/product\/18853","targetHints":{"allow":["GET"]}}],"collection":[{"href":"https:\/\/h2otek.com\/tienda\/wp-json\/wp\/v2\/product"}],"about":[{"href":"https:\/\/h2otek.com\/tienda\/wp-json\/wp\/v2\/types\/product"}],"replies":[{"embeddable":true,"href":"https:\/\/h2otek.com\/tienda\/wp-json\/wp\/v2\/comments?post=18853"}],"wp:featuredmedia":[{"embeddable":true,"href":"https:\/\/h2otek.com\/tienda\/wp-json\/wp\/v2\/media\/734"}],"wp:attachment":[{"href":"https:\/\/h2otek.com\/tienda\/wp-json\/wp\/v2\/media?parent=18853"}],"wp:term":[{"taxonomy":"pwb-brand","embeddable":true,"href":"https:\/\/h2otek.com\/tienda\/wp-json\/wp\/v2\/pwb-brand?post=18853"},{"taxonomy":"product_brand","embeddable":true,"href":"https:\/\/h2otek.com\/tienda\/wp-json\/wp\/v2\/product_brand?post=18853"},{"taxonomy":"product_cat","embeddable":true,"href":"https:\/\/h2otek.com\/tienda\/wp-json\/wp\/v2\/product_cat?post=18853"},{"taxonomy":"product_tag","embeddable":true,"href":"https:\/\/h2otek.com\/tienda\/wp-json\/wp\/v2\/product_tag?post=18853"}],"curies":[{"name":"wp","href":"https:\/\/api.w.org\/{rel}","templated":true}]}}