{"id":18830,"date":"2021-07-06T21:19:26","date_gmt":"2021-07-06T21:19:26","guid":{"rendered":"https:\/\/h2otek.com\/tienda\/producto\/calentador-de-agua-a-gas-para-piscina-o-spa-1045000-btu-vertical-comercial-raypak-mvb-mod-p-1104a\/"},"modified":"2022-10-07T19:40:56","modified_gmt":"2022-10-07T19:40:56","slug":"calentador-de-agua-a-gas-para-piscina-o-spa-1045000-btu-vertical-comercial-raypak-mvb-mod-p-1104a","status":"publish","type":"product","link":"https:\/\/h2otek.com\/tienda\/producto\/calentador-de-agua-a-gas-para-piscina-o-spa-1045000-btu-vertical-comercial-raypak-mvb-mod-p-1104a\/","title":{"rendered":"CALENTADOR DE AGUA A GAS PARA PISCINA O SPA 1,045,000 BTU VERTICAL COMERCIAL RAYPAK MVB MOD. P-1104A"},"content":{"rendered":"<p style=\"text-align: center;\"><img fetchpriority=\"high\" decoding=\"async\" src=\"https:\/\/h2otek.com\/tienda\/img\/cms\/aguacaliente\/raypak\/mvb\/header-calentador-mvb-P-1104A.jpg\" alt=\"header-calentador-mvb\" width=\"650\" height=\"300\" \/><\/p>\n<p style=\"text-align: left;\"><span style=\"text-decoration: underline;\"><strong><br \/>\nCALENTADORES DE AGUA A GAS PARA\u00a0 SPA O PISCINAS VERTICAL MVB<\/strong><\/span><\/p>\n<div style=\"text-align: justify;\">\n<p><span lang=\"es\" xml:lang=\"es\"><br \/>\n<span lang=\"es\" xml:lang=\"es\"><span title=\"Raypak's Raytherm\u00ae line of atmospheric pool heaters offers rugged construction and simple operation at low cost.\"><span lang=\"es\" xml:lang=\"es\"><span title=\"The Hi Delta\u00ae line of fan-assisted combustion units offers solid performance and low emissions with flexible control and easy-to-understand diagnostics.\"><span lang=\"es\" xml:lang=\"es\"><span title=\"Time-honored technologies unite with cutting-edge advancements in Raypak\u2019s MVB modulating vertical pool heater.\">Tecnolog\u00edas respetuosas con el tiempo se unen con avances de vanguardia en el <strong>MVB de Raypak<\/strong> que modula el calentador vertical de la piscina. <\/span><span title=\"Small space is no longer a problem, and our compact design fits through a 32\u201d door opening to make it the perfect choice for those hard-to-reach retrofit projects.\">El peque\u00f1o espacio ya no es un problema, y \u200b\u200bnuestro dise\u00f1o compacto se ajusta a trav\u00e9s de una apertura de la puerta de 32&#8243; para que sea la opci\u00f3n perfecta para aquellos proyectos de modernizaci\u00f3n dif\u00edciles de alcanzar. <\/span><\/span><\/span><\/span><\/span><\/span><\/span><\/p>\n<p>El MVB est\u00e1 construido para durar, desde la base de acero estructural hasta la envoltura de chimenea de acero inoxidable. <span title=\"The built-in VERSA IC\u00ae Integrated Control platform precisely tracks the heating load to eliminate costly overshooting.\">La plataforma de control integrado <strong>VERSA IC\u00ae<\/strong> controla con precisi\u00f3n la carga de calentamiento para eliminar la sobrecarga costosa. <\/span><span title=\"The category I venting reduces the installed cost by using existing cat I venting or chimney.\">La ventilaci\u00f3n de la categor\u00eda I reduce el costo instalado usando la ventilaci\u00f3n o chimenea del gato I existente.<\/span><\/p>\n<\/div>\n<div id=\"tab-description\" class=\"panel wc-tab entry-content active\" style=\"text-align: justify;\">\n<p>&nbsp;<\/p>\n<p style=\"text-align: justify;\"><strong>CARACTER\u00cdSTICAS:<br \/>\n<\/strong><\/p>\n<ul>\n<li><span lang=\"es\" xml:lang=\"es\"><span title=\"All models indoor\/outdoor certified. \u00a0\u00a0\u00a0\u00a0\"><span lang=\"es\" xml:lang=\"es\"><span title=\"85% Thermal Efficiency at Full Rate. \u00a0\u00a0\u00a0\u00a0\">85% Eficiencia T\u00e9rmica a Plena Tasa.<\/span><\/span><\/span><\/span><\/li>\n<li><span lang=\"es\" xml:lang=\"es\"><span title=\"All models indoor\/outdoor certified. \u00a0\u00a0\u00a0\u00a0\"><span lang=\"es\" xml:lang=\"es\"><span title=\"Negative vent pressure, Non-condensing Appliance.\">Presi\u00f3n de ventilaci\u00f3n negativa, Aparato sin condensaci\u00f3n. <\/span><span title=\"Cat I Vent Required. \u00a0\u00a0\u00a0\u00a0\">Ventilaci\u00f3n del gato I requerida.<\/span><\/span><\/span><\/span><\/li>\n<li><span lang=\"es\" xml:lang=\"es\"><span title=\"All models indoor\/outdoor certified. \u00a0\u00a0\u00a0\u00a0\"><span lang=\"es\" xml:lang=\"es\"><span title=\"Bronze headers with Cupro-Nickel finned tube heat exchanger standard.\">Cabezales de bronce con intercambiador de calor Cupro-N\u00edquel. <\/span><span title=\"ASME Section IV constructed and stamped, National Board registered. \u00a0\u00a0\u00a0\u00a0\">ASME Secci\u00f3n IV construido y estampado, Junta Nacional registrada.<\/span><\/span><\/span><\/span><\/li>\n<li><span lang=\"es\" xml:lang=\"es\"><span title=\"All models indoor\/outdoor certified. \u00a0\u00a0\u00a0\u00a0\"><span lang=\"es\" xml:lang=\"es\"><span title=\"CSA Low-Lead certified, less than 0.25% Lead. \u00a0\u00a0\u00a0\u00a0\">Certificado CSA bajo nivel, menos de 0.25% de plomo.<\/span><\/span><\/span><\/span><\/li>\n<li><span lang=\"es\" xml:lang=\"es\"><span title=\"All models indoor\/outdoor certified. \u00a0\u00a0\u00a0\u00a0\"><span lang=\"es\" xml:lang=\"es\"><span title=\"Certified to ANSI Z21.56. \u00a0\u00a0\u00a0\u00a0\">Certificado seg\u00fan la norma ANSI Z21.56.<\/span><\/span><\/span><\/span><\/li>\n<li><span lang=\"es\" xml:lang=\"es\"><span title=\"All models indoor\/outdoor certified. \u00a0\u00a0\u00a0\u00a0\"><span lang=\"es\" xml:lang=\"es\"><span title=\"Minimum Continuous Inlet Water Temperature: 50\u00b0F. \u00a0\u00a0\u00a0\u00a0\">Temperatura m\u00ednima del agua de entrada continua: 50\u00b0 F.<\/span><\/span><\/span><\/span><\/li>\n<li><span lang=\"es\" xml:lang=\"es\"><span title=\"All models indoor\/outdoor certified. \u00a0\u00a0\u00a0\u00a0\"><span lang=\"es\" xml:lang=\"es\"><span title=\"Maximum Setpoint: 106\u00b0F. \u00a0\u00a0\u00a0\u00a0\">Punto de ajuste m\u00e1ximo: 106\u00b0 F.<\/span><\/span><\/span><\/span><\/li>\n<li><span lang=\"es\" xml:lang=\"es\"><span title=\"All models indoor\/outdoor certified. \u00a0\u00a0\u00a0\u00a0\"><span lang=\"es\" xml:lang=\"es\"><span title=\"On\/Off Operation with Soft Start. \u00a0\u00a0\u00a0\u00a0\">Funcionamiento de encendido\/apagado con arranque suave.<\/span><\/span><\/span><\/span><\/li>\n<li><span lang=\"es\" xml:lang=\"es\"><span title=\"All models indoor\/outdoor certified. \u00a0\u00a0\u00a0\u00a0\"><span lang=\"es\" xml:lang=\"es\"><span title=\"VERSA IC\u00ae Control Package with LCD Display. \u00a0\u00a0\u00a0\u00a0\">Paquete de control VERSA IC\u00ae con pantalla LCD.<\/span><\/span><\/span><\/span><\/li>\n<li><span lang=\"es\" xml:lang=\"es\"><span title=\"All models indoor\/outdoor certified. \u00a0\u00a0\u00a0\u00a0\"><span lang=\"es\" xml:lang=\"es\"><span title=\"Status Display Lights. \u00a0\u00a0\u00a0\u00a0\">Indicadores de estado.<\/span><\/span><\/span><\/span><\/li>\n<li><span lang=\"es\" xml:lang=\"es\"><span title=\"All models indoor\/outdoor certified. \u00a0\u00a0\u00a0\u00a0\"><span lang=\"es\" xml:lang=\"es\"><span title=\"Cascade control of up to 4 units, no external sequencer required. \u00a0\u00a0\u00a0\u00a0\">Control en cascada de hasta 4 unidades, sin necesidad de secuenciador externo.<\/span><\/span><\/span><\/span><\/li>\n<li><span lang=\"es\" xml:lang=\"es\"><span title=\"All models indoor\/outdoor certified. \u00a0\u00a0\u00a0\u00a0\"><span lang=\"es\" xml:lang=\"es\"><span title=\"Diagnostics Center with History, English, no codes. \u00a0\u00a0\u00a0\u00a0\">Centro de Diagn\u00f3stico con Historia, Ingl\u00e9s, sin c\u00f3digos.<\/span><\/span><\/span><\/span><\/li>\n<li><span lang=\"es\" xml:lang=\"es\"><span title=\"All models indoor\/outdoor certified. \u00a0\u00a0\u00a0\u00a0\"><span lang=\"es\" xml:lang=\"es\"><span title=\"Modbus RTU BMS port (RS485). \u00a0\u00a0\u00a0\u00a0\">Puerto Modbus RTU BMS (RS485).<\/span><\/span><\/span><\/span><\/li>\n<li><span lang=\"es\" xml:lang=\"es\"><span title=\"All models indoor\/outdoor certified. \u00a0\u00a0\u00a0\u00a0\"><span lang=\"es\" xml:lang=\"es\"><span title=\"0-10 VDC BMS Interface (Setpoint or Direct Drive). \u00a0\u00a0\u00a0\u00a0\">Interfaz BMS de 0-10 VDC (Setpoint o Direct Drive).<\/span><\/span><\/span><\/span><\/li>\n<li><span lang=\"es\" xml:lang=\"es\"><span title=\"All models indoor\/outdoor certified. \u00a0\u00a0\u00a0\u00a0\"><span lang=\"es\" xml:lang=\"es\"><span title=\"All models indoor\/outdoor construction. \u00a0\u00a0\u00a0\u00a0\">Todos los modelos de construcci\u00f3n interior\/exterior.<\/span><\/span><\/span><\/span><\/li>\n<li><span lang=\"es\" xml:lang=\"es\"><span title=\"All models indoor\/outdoor certified. \u00a0\u00a0\u00a0\u00a0\"><span lang=\"es\" xml:lang=\"es\"><span title=\"Certified under SCAQMD Rule 1146.2.\">Certificado bajo la Regla 1146.2 del SCAQMD. <\/span><span title=\"Meets all Low NOx regulations. \u00a0\u00a0\u00a0\u00a0\">Cumple con todas las regulaciones de bajo NOx.<\/span><\/span><\/span><\/span><\/li>\n<li><span lang=\"es\" xml:lang=\"es\"><span title=\"All models indoor\/outdoor certified. \u00a0\u00a0\u00a0\u00a0\"><span lang=\"es\" xml:lang=\"es\"><span title=\"Engineered with precisely matched system components. \u00a0\u00a0\u00a0\u00a0\">Dise\u00f1ado con componentes del sistema precisamente emparejados.<\/span><\/span><\/span><\/span><\/li>\n<li><span lang=\"es\" xml:lang=\"es\"><span title=\"All models indoor\/outdoor certified. \u00a0\u00a0\u00a0\u00a0\"><span lang=\"es\" xml:lang=\"es\"><span title=\"Smallest installed footprint (5.4 square feet) design fits tight spaces and easily replaces larger boilers. \u00a0\u00a0\u00a0\u00a0\">El dise\u00f1o m\u00e1s peque\u00f1o de la huella instalada (5.4 pies cuadrados) se adapta a espacios reducidos y reemplaza f\u00e1cilmente las calderas m\u00e1s grandes.<\/span><\/span><\/span><\/span><\/li>\n<li><span lang=\"es\" xml:lang=\"es\"><span title=\"All models indoor\/outdoor certified. \u00a0\u00a0\u00a0\u00a0\"><span lang=\"es\" xml:lang=\"es\"><span title=\"100% Factory Fire Tested. \u00a0\u00a0\u00a0\u00a0\">Fuego de la f\u00e1brica 100% probado.<\/span><\/span><\/span><\/span><\/li>\n<li><span lang=\"es\" xml:lang=\"es\"><span title=\"All models indoor\/outdoor certified. \u00a0\u00a0\u00a0\u00a0\"><span lang=\"es\" xml:lang=\"es\"><span title=\"Complete cabinet protects all controls and wiring.\">El gabinete completo protege todos los controles y el cableado. <\/span><span title=\"Tough, rust-resistant powder-coat finish. \u00a0\u00a0\u00a0\u00a0\">Acabado en polvo resistente a la corrosi\u00f3n.<\/span><\/span><\/span><\/span><\/li>\n<li><span lang=\"es\" xml:lang=\"es\"><span title=\"All models indoor\/outdoor certified. \u00a0\u00a0\u00a0\u00a0\"><span lang=\"es\" xml:lang=\"es\"><span title=\"Suitable for altitudes up to 10,000 ft. (derate above 2,000 ft.). \u00a0\u00a0\u00a0\u00a0\">Adecuado para altitudes de hasta 10.000 pies (m\u00e1s de 2.000 pies).<\/span><\/span><\/span><\/span><\/li>\n<li><span lang=\"es\" xml:lang=\"es\"><span title=\"All models indoor\/outdoor certified. \u00a0\u00a0\u00a0\u00a0\"><span lang=\"es\" xml:lang=\"es\"><span title=\"No boiler condensate drain required (proprietary design) \u00a0\u00a0\u00a0\u00a0\">No se requiere drenaje de condensado de la caldera (dise\u00f1o propio)<\/span><\/span><\/span><\/span><\/li>\n<li><span lang=\"es\" xml:lang=\"es\"><span title=\"All models indoor\/outdoor certified. \u00a0\u00a0\u00a0\u00a0\"><span lang=\"es\" xml:lang=\"es\"><span title=\"Available for natural gas or propane. \u00a0\u00a0\u00a0\u00a0\">Disponible para gas natural o propano.<\/span><\/span><\/span><\/span><\/li>\n<li><span lang=\"es\" xml:lang=\"es\"><span title=\"All models indoor\/outdoor certified. \u00a0\u00a0\u00a0\u00a0\"><span lang=\"es\" xml:lang=\"es\"><span title=\"Integral Combustion Air Filter (MERV8). \u00a0\u00a0\u00a0\u00a0\">Filtro de Aire de Combusti\u00f3n Integral (MERV8).<\/span><\/span><\/span><\/span><\/li>\n<li><span lang=\"es\" xml:lang=\"es\"><span title=\"All models indoor\/outdoor certified. \u00a0\u00a0\u00a0\u00a0\"><span lang=\"es\" xml:lang=\"es\"><span title=\"Multiple Pump Outputs \u2013 Boiler Pump, System Pump. \u00a0\u00a0\u00a0\u00a0\">Salidas m\u00faltiples de la bomba &#8211; bomba de la caldera, bomba del sistema.<\/span><\/span><\/span><\/span><\/li>\n<li><span lang=\"es\" xml:lang=\"es\"><span title=\"All models indoor\/outdoor certified. \u00a0\u00a0\u00a0\u00a0\"><span lang=\"es\" xml:lang=\"es\"><span title=\"Whisper-Quiet Operation. \u00a0\u00a0\u00a0\u00a0\">Operaci\u00f3n Whisper-Quiet.<\/span><\/span><\/span><\/span><\/li>\n<li><span lang=\"es\" xml:lang=\"es\"><span title=\"All models indoor\/outdoor certified. \u00a0\u00a0\u00a0\u00a0\"><span lang=\"es\" xml:lang=\"es\"><span title=\"Proudly Assembled in the USA.\">Orgullosamente ensamblado en los EEUU.<\/span><\/span><\/span><\/span><\/li>\n<\/ul>\n<p><span lang=\"es\" xml:lang=\"es\"><span title=\"All models indoor\/outdoor certified. \u00a0\u00a0\u00a0\u00a0\"><span lang=\"es\" xml:lang=\"es\"><span title=\"Proudly Assembled in the USA.\"><br \/>\n<\/span><span title=\"Bypass Options: \u00a0\u00a0\u00a0\u00a0\"><strong>Opciones de bypass:<\/strong><\/span><\/span><\/span><\/span><\/p>\n<p>&nbsp;<\/p>\n<ul>\n<li><span lang=\"es\" xml:lang=\"es\"><span title=\"All models indoor\/outdoor certified. \u00a0\u00a0\u00a0\u00a0\"><span lang=\"es\" xml:lang=\"es\"><span title=\"The standard external bypass uses a user adjustable valve to adjust bypass flow and achieve cold-water protection. \u00a0\u00a0\u00a0\u00a0\">La derivaci\u00f3n externa est\u00e1ndar utiliza una v\u00e1lvula ajustable por el usuario para ajustar el flujo de derivaci\u00f3n y lograr la protecci\u00f3n contra el agua fr\u00eda.<\/span><\/span><\/span><\/span><\/li>\n<li><span lang=\"es\" xml:lang=\"es\"><span title=\"All models indoor\/outdoor certified. \u00a0\u00a0\u00a0\u00a0\"><span lang=\"es\" xml:lang=\"es\"><span title=\"All units available without an external bypass (cold-water protection provided in the field). \u00a0\u00a0\u00a0\u00a0\">Todas las unidades disponibles sin un bypass externo (protecci\u00f3n de agua fr\u00eda en el campo).<\/span><\/span><\/span><\/span><\/li>\n<li><span lang=\"es\" xml:lang=\"es\"><span title=\"All models indoor\/outdoor certified. \u00a0\u00a0\u00a0\u00a0\"><span lang=\"es\" xml:lang=\"es\"><span title=\"The Cold-Water Run option provides electronic control of a variable-speed pump to continuously adjust bypass flow, achieving real-time cold-water protection.\">La opci\u00f3n Run de agua fr\u00eda proporciona el control electr\u00f3nico de una bomba de velocidad variable para ajustar continuamente el flujo de derivaci\u00f3n, logrando la protecci\u00f3n en tiempo real de agua fr\u00eda.<\/span><\/span><\/span><\/span><\/li>\n<\/ul>\n<p><span lang=\"es\" xml:lang=\"es\"><span title=\"All models indoor\/outdoor certified. \u00a0\u00a0\u00a0\u00a0\"><span lang=\"es\" xml:lang=\"es\"><span title=\"The Cold-Water Run option provides electronic control of a variable-speed pump to continuously adjust bypass flow, achieving real-time cold-water protection.\"><br \/>\n<\/span><span title=\"Options: \u00a0\u00a0\u00a0\u00a0\"><strong>Opciones:<\/strong><br \/>\n<\/span><\/span><\/span><\/span><\/p>\n<ul>\n<li><span lang=\"es\" xml:lang=\"es\"><span title=\"All models indoor\/outdoor certified. \u00a0\u00a0\u00a0\u00a0\"><span lang=\"es\" xml:lang=\"es\"><span title=\"BACNet IP, BACnet MS\/TP, Modbus TCP, N2 Metasys (B-85) \u00a0\u00a0\u00a0\u00a0\">BACNet IP, BACnet MS\/TP, Modbus TCP, N2 Metasys (B-85)<\/span><\/span><\/span><\/span><\/li>\n<li><span lang=\"es\" xml:lang=\"es\"><span title=\"All models indoor\/outdoor certified. \u00a0\u00a0\u00a0\u00a0\"><span lang=\"es\" xml:lang=\"es\"><span title=\"Lonworks (B-86) \u00a0\u00a0\u00a0\u00a0\">Lonworks (B-86)<\/span><\/span><\/span><\/span><\/li>\n<li><span lang=\"es\" xml:lang=\"es\"><span title=\"All models indoor\/outdoor certified. \u00a0\u00a0\u00a0\u00a0\"><span lang=\"es\" xml:lang=\"es\"><span title=\"Alarm with 4\u201d Bell (E-5) \u00a0\u00a0\u00a0\u00a0\">Alarma con campana de 4&#8243; (E-5)<\/span><\/span><\/span><\/span><\/li>\n<li><span lang=\"es\" xml:lang=\"es\"><span title=\"All models indoor\/outdoor certified. \u00a0\u00a0\u00a0\u00a0\"><span lang=\"es\" xml:lang=\"es\"><span title=\"Low Water Cutoff (F-10) \u00a0\u00a0\u00a0\u00a0\">Corte del agua baja (F-10)<\/span><\/span><\/span><\/span><\/li>\n<li><span lang=\"es\" xml:lang=\"es\"><span title=\"All models indoor\/outdoor certified. \u00a0\u00a0\u00a0\u00a0\"><span lang=\"es\" xml:lang=\"es\"><span title=\"Cold Water Run \u00a0\u00a0\u00a0\u00a0\">Corrida de agua fr\u00eda<\/span><\/span><\/span><\/span><\/li>\n<li><span lang=\"es\" xml:lang=\"es\"><span title=\"All models indoor\/outdoor certified. \u00a0\u00a0\u00a0\u00a0\"><span lang=\"es\" xml:lang=\"es\"><span title=\"Condensate Neutralizer (Z-12)\">Neutralizador de Condensado (Z-12)<\/span><\/span><\/span><\/span><\/li>\n<\/ul>\n<\/div>\n<p style=\"text-align: center;\">\n<p>&nbsp;<\/p>\n<p style=\"text-align: center;\"><strong>TABLA DE ESPECIFICACIONES:<\/strong><\/p>\n<p style=\"text-align: center;\"><img decoding=\"async\" src=\"https:\/\/h2otek.com\/tienda\/img\/cms\/aguacaliente\/raypak\/mvb\/especificaciones-calentador-mvb-P-1104A.gif\" alt=\"especificaciones-calentador-mvb\" width=\"500\" height=\"318\" \/><\/p>\n<p>&nbsp;<\/p>\n<p>&nbsp;<\/p>\n<p><strong>DESCARGAR MANUALES<\/strong><\/p>\n<ul>\n<li><strong><a href=\"http:\/\/www.h2otek.com\/tienda\/pdf\/aguacaliente\/HOJA%20DE%20DATOS%20CALENTADORES%20PARA%20ALBERCA%20RAYPAK%20HIDELTA.pdf\" target=\"_blank\" rel=\"noopener\">HOJA DE DATOS<\/a><\/strong><\/li>\n<li><strong><a href=\"http:\/\/www.h2otek.com\/tienda\/pdf\/aguacaliente\/MANUAL%20DE%20INSTALACION%20Y%20OPERACION%20CALENTADORES%20PARA%20ALBERCA%20RAYPAK%20MVB.pdf\" target=\"_blank\" rel=\"noopener\">MANUAL DE INSTALACI\u00d3N Y OPERACI\u00d3N<\/a><\/strong><\/li>\n<li><strong><a href=\"http:\/\/www.h2otek.com\/tienda\/pdf\/aguacaliente\/LISTA%20DE%20PARTES%20CALENTADORES%20PARA%20ALBERCA%20RAYPAK%20MVB.pdf\" target=\"_blank\" rel=\"noopener\">LISTA DE PARTES<\/a><\/strong><\/li>\n<li><strong><a href=\"http:\/\/www.h2otek.com\/tienda\/pdf\/aguacaliente\/CONTROL%20DE%20TEMPERATURA%20ELECTRONICO%20PARA%20CALENTADORES%20RAYPAK%20HIDELTA.pdf\" target=\"_blank\" rel=\"noopener\">CONTROL DE TEMPERATURA ELECTR\u00d3NICO<\/a><\/strong><\/li>\n<\/ul>\n<p>&nbsp;<\/p>\n<div>\n<p style=\"text-align: left;\"><strong>PRECIO INCLUYE GASTOS DE ENVIO (GRATIS) E IMPUESTO 16% DE IVA.<\/strong><\/p>\n<\/div>\n","protected":false},"excerpt":{"rendered":"<p><span style=\"color: #ff0000;\"><strong>PARA PRECIO DE ESTE PRODUCTO FAVOR DE COMUNICARSE EN ATENCION A CLIENTES: info@h2otek.com O AL TEL: 01 800 94 26 835<\/p>\n<p>CALENTADOR DE AGUA A GAS PARA SPA O ALBERCAS 1,045,000 BTU VERTICAL L\u00cdNEA COMERCIAL MVB MARCA RAYPAK<\/strong><\/span><\/p>\n<p><strong>CALEFACCI\u00d3N EN PISCINAS POR DEMANDA O RECIRCULACION DE AGUA CALIENTE. OPERACI\u00d3N SILENCIOSA.<em><br \/>\n<\/em><\/strong><\/p>\n<p><em><strong>IDEALES EN:<\/strong><\/em><\/p>\n<ul>\n<li><em><strong>ALBERCA \u00d3 PISCINA<br \/>\n<\/strong><\/em><\/li>\n<li><em><strong>SPA<\/strong><\/em><\/li>\n<li><em><strong>JACUZZI<\/strong><\/em><\/li>\n<li><em><strong>HIDROMASAJE, ETC.<\/strong><\/em><\/li>\n<\/ul>\n","protected":false},"featured_media":6446,"comment_status":"closed","ping_status":"closed","template":"","meta":[],"pwb-brand":[],"product_brand":[],"product_cat":[544],"product_tag":[],"class_list":{"0":"post-18830","1":"product","2":"type-product","3":"status-publish","4":"has-post-thumbnail","6":"product_cat-calentadores-de-agua-verticales-de-modulacion-mvb-504a-2004a","8":"first","9":"outofstock","10":"purchasable","11":"product-type-simple"},"brands":[],"_links":{"self":[{"href":"https:\/\/h2otek.com\/tienda\/wp-json\/wp\/v2\/product\/18830","targetHints":{"allow":["GET"]}}],"collection":[{"href":"https:\/\/h2otek.com\/tienda\/wp-json\/wp\/v2\/product"}],"about":[{"href":"https:\/\/h2otek.com\/tienda\/wp-json\/wp\/v2\/types\/product"}],"replies":[{"embeddable":true,"href":"https:\/\/h2otek.com\/tienda\/wp-json\/wp\/v2\/comments?post=18830"}],"wp:featuredmedia":[{"embeddable":true,"href":"https:\/\/h2otek.com\/tienda\/wp-json\/wp\/v2\/media\/6446"}],"wp:attachment":[{"href":"https:\/\/h2otek.com\/tienda\/wp-json\/wp\/v2\/media?parent=18830"}],"wp:term":[{"taxonomy":"pwb-brand","embeddable":true,"href":"https:\/\/h2otek.com\/tienda\/wp-json\/wp\/v2\/pwb-brand?post=18830"},{"taxonomy":"product_brand","embeddable":true,"href":"https:\/\/h2otek.com\/tienda\/wp-json\/wp\/v2\/product_brand?post=18830"},{"taxonomy":"product_cat","embeddable":true,"href":"https:\/\/h2otek.com\/tienda\/wp-json\/wp\/v2\/product_cat?post=18830"},{"taxonomy":"product_tag","embeddable":true,"href":"https:\/\/h2otek.com\/tienda\/wp-json\/wp\/v2\/product_tag?post=18830"}],"curies":[{"name":"wp","href":"https:\/\/api.w.org\/{rel}","templated":true}]}}