{"id":18809,"date":"2021-07-06T21:19:21","date_gmt":"2021-07-06T21:19:21","guid":{"rendered":"https:\/\/h2otek.com\/tienda\/producto\/caldera-hidronica-a-gas-hidelta-ss-cap-150000-btuh-linea-residencial-marca-raypak-mod-h3-hd151r\/"},"modified":"2023-03-24T07:11:14","modified_gmt":"2023-03-24T07:11:14","slug":"caldera-hidronica-a-gas-hidelta-ss-cap-150000-btuh-linea-residencial-marca-raypak-mod-h3-hd151r","status":"publish","type":"product","link":"https:\/\/h2otek.com\/tienda\/producto\/caldera-hidronica-a-gas-hidelta-ss-cap-150000-btuh-linea-residencial-marca-raypak-mod-h3-hd151r\/","title":{"rendered":"CALDERA HIDR\u00d3NICA A GAS HIDELTA\u00ae SS CAP. 150,000 BTUH LINEA RESIDENCIAL MARCA RAYPAK MOD. H3-HD151R"},"content":{"rendered":"<p style=\"text-align: center;\"><img fetchpriority=\"high\" decoding=\"async\" src=\"https:\/\/h2otek.com\/tienda\/img\/cms\/aguacaliente\/raypak\/hidelta\/HD101R-HD401R\/header-calderas-hidelta-H3-HD151R.jpg\" alt=\"header-hidelta-ss-raypak\" width=\"650\" height=\"300\" \/><\/p>\n<p style=\"text-align: left;\"><span style=\"text-decoration: underline;\"><strong>\u00a0<\/strong><\/span><\/p>\n<p><strong>CALDERA HIDR\u00d3NICA\u00a0A GAS HIDELTA SS L\u00cdNEA RESIDENCIAL<\/strong><\/p>\n<div>La familia Raypak de las\u00a0<strong>calderas de hidrocarburo Hi Delta SS, HD101R-HD301R<\/strong>, est\u00e1n certificadas para interiores y exteriores, cuentan con bombas de acero inoxidable con bridas incluidas, as\u00ed como con ventilaci\u00f3n para paredes laterales.<\/div>\n<div id=\"tab-description\" class=\"panel wc-tab entry-content active\" style=\"text-align: justify;\">\n<p>&nbsp;<\/p>\n<p><strong>CARACTER\u00cdSTICAS:<br \/>\n<\/strong><\/p>\n<ul>\n<li style=\"text-align: justify;\">Todos los modelos de interior\/exterior certificados.<\/li>\n<li style=\"text-align: justify;\">La &#8220;manta de seguridad&#8221; patentada del quemador mejora la combusti\u00f3n en etapas, minimiza los problemas de instalaci\u00f3n\/puesta en marcha y protege los quemadores de la fatiga del metal.<\/li>\n<li style=\"text-align: justify;\">Ventilaci\u00f3n vertical como categor\u00eda I, pared lateral ventilada como categor\u00eda III.<\/li>\n<li style=\"text-align: justify;\">85% de AFUE.<\/li>\n<li style=\"text-align: justify;\">Temperatura m\u00ednima del agua de entrada de 105\u00baF.<\/li>\n<li style=\"text-align: justify;\">Intercambiador de calor de tubo con aletas de cobre con cabezales de hierro fundido; Tubos de cupron\u00edquel disponibles cabezales de lat\u00f3n opcionales disponibles.<\/li>\n<li style=\"text-align: justify;\">Operaci\u00f3n de 2 etapas.<\/li>\n<li style=\"text-align: justify;\">Ventilaci\u00f3n lateral lista. No se necesita extractor para la mayor\u00eda de las aplicaciones.<\/li>\n<li style=\"text-align: justify;\">Aire de combusti\u00f3n canalizado listo. TruSeal\u00ae CSA Certified Direct-Vent disponible.<\/li>\n<li style=\"text-align: justify;\">Certificado seg\u00fan la Regla 1146.2 de SCAQMD; Cumple con todas las normativas de NOx.<\/li>\n<li style=\"text-align: justify;\">El controlador electr\u00f3nico con restablecimiento en el exterior var\u00eda el punto de ajuste a medida que cambia la temperatura del aire.<\/li>\n<li style=\"text-align: justify;\">Bomba de acero inoxidable con bridas incluidas.<\/li>\n<li style=\"text-align: justify;\"><strong><span lang=\"es\" xml:lang=\"es\">Disponible para gas natural o propano.<\/span><\/strong><\/li>\n<\/ul>\n<p><strong>HIDELTA DE RAYPAK<\/strong><\/p>\n<p>D\u00e9cadas de experiencia e innovaciones tecnol\u00f3gicas se dedicaron a crear la caldera Hi Delta ss, un producto que incorpora caracter\u00edsticas buscadas por ingenieros, instaladores y usuarios finales por igual. La tradici\u00f3n contin\u00faa con el modelo Hi Delta ss de Raypak. La &#8220;manta de seguridad&#8221; patentada de los quemadores, una ingeniosa mejora que proporciona una v\u00eda perfecta de aire y gas para una combusti\u00f3n completa, hace que el Hi Delta ss sea la combusti\u00f3n sellada m\u00e1s adaptable Caldera en el mercado hoy.<\/p>\n<p>Si bien muchos fabricantes afirman que la extracci\u00f3n del intercambiador de calor es simple y conveniente, el servicio del Hi Delta ss no podr\u00eda ser m\u00e1s sencillo. Simplemente retire la cubierta superior y el colector de humos y se levanta.\u00a0Cuando se instala en interiores, la versatilidad del Hi Delta ss se revela en di\u00e1metros de ventilaci\u00f3n m\u00e1s peque\u00f1os, ventilaci\u00f3n directa y la conveniencia de apilar sin una huella aumentada.<\/p>\n<p>El enfoque de Raypak en la satisfacci\u00f3n del cliente va m\u00e1s all\u00e1 del dise\u00f1o del producto. Al igual que todas las calderas Raypak, cada Hi Delta ss se prueba de f\u00e1brica, lo que garantiza un arranque confiable en la instalaci\u00f3n. Durante m\u00e1s de 65 a\u00f1os, los profesionales de Raypak se han ganado la reputaci\u00f3n de Expertos en gesti\u00f3n de agua caliente. Desde el dise\u00f1o del sistema hasta la instalaci\u00f3n y la puesta en marcha, puede contar con su representante local de Raypak y con el respaldo del mejor personal de ventas, ingenieros de aplicaciones y departamento de servicio de la industria.<\/p>\n<p><strong>OPCIONES<\/strong><\/p>\n<ul style=\"text-align: justify;\">\n<li>Gas natural o propano.<\/li>\n<li>A-3 tubos intercambiadores de calor cupron\u00edquel<\/li>\n<li>A-6 Conexi\u00f3n de agua derecha.<\/li>\n<li>B-42 controlador electr\u00f3nico<br \/>\n&#8211; Reinicio al aire libre<br \/>\n&#8211; Funci\u00f3n de aumento de ACS<br \/>\n&#8211; Est\u00e1ndar en tama\u00f1os HD101-HD301, opcional en tama\u00f1o HD401<\/li>\n<li>Cumplimiento del c\u00f3digo para Nuevo M\u00e9xico y Washington<\/li>\n<\/ul>\n<\/div>\n<div style=\"text-align: center;\">\n<p>&nbsp;<\/p>\n<p>ESPECIFICACIONES:<\/p>\n<p><img decoding=\"async\" style=\"margin-left: auto; margin-right: auto;\" src=\"https:\/\/h2otek.com\/tienda\/img\/cms\/aguacaliente\/raypak\/hidelta\/especificaciones-hidelta-ss-raypak-H3-HD151.gif\" alt=\"especificaciones-hidelta-ss-raypak-H3-HD\" width=\"580\" height=\"137\" \/><\/p>\n<p>DIMENSIONES:<\/p>\n<p><img decoding=\"async\" src=\"https:\/\/h2otek.com\/tienda\/img\/cms\/aguacaliente\/raypak\/hidelta\/dimensiones-hidelta-ss-raypak.gif\" alt=\"\" width=\"550\" height=\"469\" \/><\/p>\n<p>COMPONENTES<\/p>\n<\/div>\n<div style=\"text-align: center;\">\n<p><img loading=\"lazy\" decoding=\"async\" style=\"margin-left: auto; margin-right: auto;\" src=\"https:\/\/h2otek.com\/tienda\/img\/cms\/aguacaliente\/raypak\/hidelta\/componentes01-hidelta-ss-raypak.gif\" alt=\"\" width=\"550\" height=\"492\" \/><\/p>\n<p><img loading=\"lazy\" decoding=\"async\" style=\"margin-left: auto; margin-right: auto;\" src=\"https:\/\/h2otek.com\/tienda\/img\/cms\/aguacaliente\/raypak\/hidelta\/componentes02-hidelta-ss-raypak.gif\" alt=\"\" width=\"680\" height=\"299\" \/><\/p>\n<p><img loading=\"lazy\" decoding=\"async\" style=\"margin-left: auto; margin-right: auto;\" src=\"https:\/\/h2otek.com\/tienda\/img\/cms\/aguacaliente\/raypak\/hidelta\/componentes03-hidelta-ss-raypak.gif\" alt=\"\" width=\"680\" height=\"484\" \/><\/p>\n<\/div>\n<p>&nbsp;<\/p>\n<p><strong>DESCARGAR MANUALES<br \/>\n<\/strong><\/p>\n<ul>\n<li><strong><a href=\"https:\/\/www.h2otek.com\/tienda\/pdf\/aguacaliente\/FOLLETO%20CALDERAS%20HIDRONICAS%20HIDELTA%20SS%20RESIDENCIAL%20HD101R-HD401R.pdf\" target=\"_blank\" rel=\"noopener\">FOLLETO<\/a><\/strong><\/li>\n<li><strong><a href=\"https:\/\/www.h2otek.com\/tienda\/pdf\/aguacaliente\/INSTALACION%20CALDERAS%20HIDRONICAS%20HIDELTA%20SS%20RESIDENCIAL%20HD101R-HD401R.pdf\" target=\"_blank\" rel=\"noopener\">INSTALACI\u00d3N Y OPERACI\u00d3N<\/a><\/strong><\/li>\n<li><strong><a href=\"https:\/\/www.h2otek.com\/tienda\/pdf\/aguacaliente\/MANUAL%20DEL%20USUARIO%20CALDERAS%20HIDRONICAS%20HIDELTA%20SS%20RESIDENCIAL%20HD101R-HD401R.pdf\" target=\"_blank\" rel=\"noopener\">MANUAL DEL USUARIO<\/a><\/strong><\/li>\n<li><strong><a href=\"https:\/\/www.h2otek.com\/tienda\/pdf\/aguacaliente\/LISTA%20DE%20PARTES%20CALDERAS%20HIDRONICAS%20HIDELTA%20SS%20RESIDENCIAL%20HD101R-HD401R.pdf\" target=\"_blank\" rel=\"noopener\">LISTA DE PARTES<\/a><\/strong><\/li>\n<\/ul>\n<p>&nbsp;<\/p>\n<div><\/div>\n<p><strong>PRECIO INCLUYE GASTOS DE ENVIO (GRATIS) E IMPUESTO 16% DE IVA.<\/strong><\/p>\n","protected":false},"excerpt":{"rendered":"<p><span style=\"color: #ff0000;\"><strong>PARA PRECIO DE ESTE PRODUCTO FAVOR DE COMUNICARSE EN ATENCION A CLIENTES: info@h2otek.com O AL TEL: 01 800 94 26 835<\/strong><\/span><\/p>\n<p><span style=\"color: #ff0000;\"><strong>CALDERA HIDR\u00d3NICA A GAS L\u00cdNEA HIDELTA SS CAP. 150,000 BTU RAYPAK<\/strong><\/span><\/p>\n<p><strong>CALEFACCI\u00d3N EN PISCINAS POR DEMANDA O RECIRCULACION DE AGUA CALIENTE. OPERACI\u00d3N SILENCIOSA.<em><br \/>\n<\/em><\/strong><\/p>\n<p><em><strong>IDEALES EN:<\/strong><\/em><\/p>\n<ul>\n<li><em><strong>ALBERCA \u00d3 PISCINA<br \/>\n<\/strong><\/em><\/li>\n<li><em><strong>SPA<\/strong><\/em><\/li>\n<li><em><strong>JACUZZI<\/strong><\/em><\/li>\n<li><em><strong>HIDROMASAJE, ETC.<\/strong><\/em><\/li>\n<\/ul>\n<p><span style=\"font-size: small; color: #000000;\"><strong>\u00a0<\/strong><\/span><\/p>\n","protected":false},"featured_media":3960,"comment_status":"closed","ping_status":"closed","template":"","meta":[],"pwb-brand":[],"product_brand":[],"product_cat":[489],"product_tag":[],"class_list":{"0":"post-18809","1":"product","2":"type-product","3":"status-publish","4":"has-post-thumbnail","6":"product_cat-calderas-hidronicas-hi-delta-ss-hd101r-hd301r","8":"first","9":"outofstock","10":"purchasable","11":"product-type-simple"},"brands":[],"_links":{"self":[{"href":"https:\/\/h2otek.com\/tienda\/wp-json\/wp\/v2\/product\/18809","targetHints":{"allow":["GET"]}}],"collection":[{"href":"https:\/\/h2otek.com\/tienda\/wp-json\/wp\/v2\/product"}],"about":[{"href":"https:\/\/h2otek.com\/tienda\/wp-json\/wp\/v2\/types\/product"}],"replies":[{"embeddable":true,"href":"https:\/\/h2otek.com\/tienda\/wp-json\/wp\/v2\/comments?post=18809"}],"wp:featuredmedia":[{"embeddable":true,"href":"https:\/\/h2otek.com\/tienda\/wp-json\/wp\/v2\/media\/3960"}],"wp:attachment":[{"href":"https:\/\/h2otek.com\/tienda\/wp-json\/wp\/v2\/media?parent=18809"}],"wp:term":[{"taxonomy":"pwb-brand","embeddable":true,"href":"https:\/\/h2otek.com\/tienda\/wp-json\/wp\/v2\/pwb-brand?post=18809"},{"taxonomy":"product_brand","embeddable":true,"href":"https:\/\/h2otek.com\/tienda\/wp-json\/wp\/v2\/product_brand?post=18809"},{"taxonomy":"product_cat","embeddable":true,"href":"https:\/\/h2otek.com\/tienda\/wp-json\/wp\/v2\/product_cat?post=18809"},{"taxonomy":"product_tag","embeddable":true,"href":"https:\/\/h2otek.com\/tienda\/wp-json\/wp\/v2\/product_tag?post=18809"}],"curies":[{"name":"wp","href":"https:\/\/api.w.org\/{rel}","templated":true}]}}