{"id":18797,"date":"2021-07-06T21:19:21","date_gmt":"2021-07-06T21:19:21","guid":{"rendered":"https:\/\/h2otek.com\/tienda\/producto\/boiler-de-paso-electrico-3-banos-27-kw-230v-2-fases-linea-ecosmart-mod-eco-27\/"},"modified":"2026-02-20T15:26:52","modified_gmt":"2026-02-20T15:26:52","slug":"boiler-de-paso-electrico-3-banos-27-kw-230v-2-fases-linea-ecosmart-mod-eco-27","status":"publish","type":"product","link":"https:\/\/h2otek.com\/tienda\/producto\/boiler-de-paso-electrico-3-banos-27-kw-230v-2-fases-linea-ecosmart-mod-eco-27\/","title":{"rendered":"BOILER DE PASO ELECTRICO 3 BA\u00d1OS 27 KW 230V. 2 FASES L\u00cdNEA ECOSMART MOD. ECO 27"},"content":{"rendered":"<p style=\"text-align: center;\"><img decoding=\"async\" src=\"https:\/\/www.h2otek.com\/tienda\/Images\/ecosmart\/header-eco27.jpg\" alt=\"\" align=\"middle\" border=\"0\" \/><\/p>\n<p style=\"text-align: left;\"><strong><span style=\"color: #ff0000;\">CAPACIDAD RECOMENDADA BASADA CON CEBOLLETA(S) (REGADERAS) DE CONSUMO STANDARD O DE BAJO CONSUMO (AGUA).<\/span><\/strong><\/p>\n<p>\u00a0 <img decoding=\"async\" src=\"https:\/\/www.h2otek.com\/tienda\/Images\/ecosmart\/foto01.jpg\" alt=\"\" align=\"right\" border=\"0\" hspace=\"15\" vspace=\"15\" \/><\/p>\n<ol style=\"text-align: justify;\">\n<li style=\"text-align: left;\"><strong>Unicos en el mercado con sistema de modulaci\u00f3n de voltaje. SOLAMENTE GASTARAS LA ENERGIA ELECTRICA NECESARIA PARA CALENTAR EL AGUA QUE PASA ATRAVEZ DEL CALENTADOR, TOMANDO EN CUENTA EL FLUJO DE AGUA Y LA TEMPERATURA GRADUADA EN EL TERMOSTATO, NO MAS!!<\/strong><\/li>\n<li style=\"text-align: left;\">Ahorra hasta 70% del costo de calentar el agua.<\/li>\n<li style=\"text-align: left;\">Cuesta lo mismo que cualquier calentador.<\/li>\n<li style=\"text-align: left;\">Se paga solo, con el dinero que te ahorras.<\/li>\n<li style=\"text-align: left;\">Te ahorra mucho espacio para usarlo como quieras.<\/li>\n<li style=\"text-align: left;\">Jam\u00e1s te quedar\u00e1s sin agua caliente, y te permite controlar la temperatura desde su control digital.<\/li>\n<li style=\"text-align: left;\">Usted nunca tendr\u00e1 que preocuparse porque su calentador explote o se rompa caus\u00e1ndole alg\u00fan da\u00f1o.<\/li>\n<li style=\"text-align: left;\">Es el \u00fanico calentador de agua el\u00e9ctrico que no se afecta con las altas y bajas de energ\u00eda de la compa\u00f1\u00eda de luz, debido a su tecnolog\u00eda revolucionaria de auto-modulaci\u00f3n.<\/li>\n<\/ol>\n<p>Antes de comprar un ECOSMART, aseg\u00farese de que su casa tiene capacidad el\u00e9ctrica suficiente para el modelo deseado, o que ha tomado nota de las actualizaciones que sean necesarias. Si tiene alguna duda al respecto, cont\u00e1ctenos a <a href=\"mailto:info@h2otek.com\" target=\"_blank\" rel=\"noopener\">info@h2otek.com<\/a><\/p>\n<p style=\"text-align: justify;\"><strong>ESPECIFICACIONES:<\/strong><\/p>\n<ul>\n<li>Voltaje 240V<\/li>\n<li>ECO 27: 27 Kw \u00a0112.5A<\/li>\n<li>CONEXION MONOFASICA (2 LINEAS)<\/li>\n<li>Uso m\u00e1s com\u00fan: 3 Ba\u00f1os<\/li>\n<li>Hz: 50\/60<\/li>\n<li>Tuber\u00eda: 3\/4&#8243; NPT<\/li>\n<li>Dimensi\u00f3n: 17&#8243; x 17&#8243; x 3.5&#8243;<\/li>\n<li>Peso: 11 Lb. (5 Kgs.)<\/li>\n<li>Tubos: Cobre<\/li>\n<li>Protecci\u00f3n:\u00a0T\u00e9rmica\u00a0Autom\u00e1tica<\/li>\n<li>Control Temperatura: M\u00e1xima 50\u00baC &#8211; ES AJUSTABLE DE FABRICA HASTA 80\u00baC<\/li>\n<li>Cable el\u00e9ctrico recomendado: 6 AWG<\/li>\n<li>Activaci\u00f3n de flujo: 0.25 Galones por minuto<\/li>\n<li>Eficiencia: 99.8 %<\/li>\n<li>Certificaci\u00f3n: UL 499\/CSA<\/li>\n<li>1 A\u00d1O DE GARANTIA SOBRE CUALQUIER DEFECTO DE FABRICACION<\/li>\n<\/ul>\n<p style=\"text-align: center;\"><img decoding=\"async\" src=\"https:\/\/www.h2otek.com\/tienda\/Images\/ecosmart\/componentes-eco27.jpg\" alt=\"\" align=\"middle\" border=\"0\" \/><\/p>\n<div style=\"text-align: center;\"><strong>TABLA DE AUMENTO DE TEMPERATURA<\/strong><\/div>\n<div style=\"text-align: center;\">\n<p style=\"text-align: center;\"><img decoding=\"async\" src=\"https:\/\/www.h2otek.com\/tienda\/Images\/ecosmart\/temp-eco27.gif\" alt=\"\" align=\"middle\" border=\"0\" \/><\/p>\n<p style=\"text-align: center;\"><strong>Flujos t\u00edpicos:<\/strong><\/p>\n<p><img decoding=\"async\" src=\"https:\/\/www.h2otek.com\/tienda\/Images\/ecosmart\/flujostipicos.gif\" alt=\"\" align=\"middle\" border=\"0\" \/><\/p>\n<\/div>\n<p style=\"text-align: center;\"><strong>APLICACIONES:<\/strong><\/p>\n<p style=\"text-align: center;\"><img decoding=\"async\" src=\"https:\/\/www.h2otek.com\/tienda\/Images\/ecosmart\/regaderas-eco27.jpg\" alt=\"\" align=\"middle\" border=\"0\" \/><\/p>\n<p style=\"text-align: justify;\">\u00a0<strong>REQUISITOS EL\u00c9CTRICOS:<\/strong><\/p>\n<p style=\"text-align: justify;\">Por favor, consulte la tabla siguiente para obtener los requisitos:<\/p>\n<p style=\"text-align: center;\"><img decoding=\"async\" src=\"https:\/\/www.h2otek.com\/tienda\/Images\/ecosmart\/req-eco27.gif\" alt=\"\" align=\"middle\" border=\"0\" \/><\/p>\n<p style=\"text-align: justify;\">Tama\u00f1o y calibre del cable del interruptor debe cumplir con todas las leyes locales, estatales, los c\u00f3digos el\u00e9ctricos provinciales y nacionales para su \u00e1rea, estos son s\u00f3lo directrices que se aplicar\u00e1n a la mayor\u00eda de instalaciones.<\/p>\n<p style=\"text-align: justify;\">Algunos c\u00f3digos requieren el uso de energ\u00eda el\u00e9ctrica sub-panel para la instalaci\u00f3n, especialmente cuando el calentador no est\u00e1 montado dentro de la l\u00ednea de visi\u00f3n del panel el\u00e9ctrico principal. El cableado debe ser de un tama\u00f1o para mantener una ca\u00edda de tensi\u00f3n inferior al 3% bajo carga.\u00a0Por favor, consulte con su electricista para obtener m\u00e1s detalles.<\/p>\n<p style=\"text-align: justify;\">Las especificaciones anteriores son s\u00f3lo directrices. Si su\u00a0instalaci\u00f3n ya est\u00e1 equipada con un gran n\u00famero de aparatos el\u00e9ctricos, tal vez necesite un servicio el\u00e9ctrico m\u00e1s grande que el que se detalla arriba. <strong>Por favor, consulte a un electricista antes de realizar un pedido<\/strong>. Si su casa no tiene el servicio de electrodom\u00e9sticos m\u00ednimos especificados para el modelo deseado, usted puede comprar un calentador de agua sin tanque ECOSMART, sin embargo, la actualizaci\u00f3n a su servicio el\u00e9ctrico ser\u00e1 probablemente necesaria. Se recomienda que consulte con un electricista certificado antes de realizar su compra.<\/p>\n<p style=\"text-align: center;\"><strong>VIDEO:<\/strong><\/p>\n<p><iframe title=\"EcoSmart Tankless Electric Water Heaters: Sharing the Warmth\" width=\"500\" height=\"281\" src=\"https:\/\/www.youtube.com\/embed\/dQHBVHl7GOE?feature=oembed\" frameborder=\"0\" allow=\"accelerometer; autoplay; clipboard-write; encrypted-media; gyroscope; picture-in-picture; web-share\" referrerpolicy=\"strict-origin-when-cross-origin\" allowfullscreen><\/iframe><\/p>\n<p style=\"text-align: justify;\"><strong>DESCARGAR MANUALES<\/strong><\/p>\n<ul>\n<li><a href=\"http:\/\/www.h2otek.com\/tienda\/pdf\/aguacaliente\/MANUALDEINSTALACIONBOILERDEPASOELECTRICOLC3DNEAECOSMARTMOD_ECO18_24_27.pdf\" target=\"_blank\" rel=\"noopener\">FOLLETO<\/a><\/li>\n<li><a href=\"http:\/\/www.h2otek.com\/tienda\/pdf\/aguacaliente\/MANUALDEINSTALACIONBOILERDEPASOELECTRICOLC3DNEAECOSMARTMOD_ECO18_24_27.pdf\" target=\"_blank\" rel=\"noopener\">MANUAL DE INSTALACI\u00d3N<\/a><\/li>\n<li><a href=\"http:\/\/www.h2otek.com\/tienda\/pdf\/aguacaliente\/GUIA_SOLUCION_PROBLEMAS_BOILER_DE_PASO_ELECTRICO_LC38DNEAECOSMARTMOD_ECO2018_24_27.pdf\" target=\"_blank\" rel=\"noopener\">GU\u00cdA DE SOLUCI\u00d3N DE PROBLEMAS<\/a><\/li>\n<\/ul>\n<p style=\"text-align: left;\"><strong>PRECIO INCLUYE GASTOS DE ENVIO (GRATIS) E IMPUESTO 16% DE IVA.<\/strong><\/p>\n<p style=\"text-align: center;\"><a href=\"https:\/\/h2otek.com\/tienda\/?s=ECOSMART&amp;post_type=product\"><strong><span style=\"font-size: medium; font-family: helvetica; color: #008000;\">\u00bfQU\u00c9 ES ECOSMART? CONOCE NUESTRA NUEVA L\u00cdNEA AQU\u00cd<\/span><\/strong><\/a><\/p>\n<p style=\"text-align: center;\"><span style=\"font-size: medium; font-family: helvetica; color: #008000;\"><strong>Certificaciones:<\/strong><\/span><\/p>\n<p style=\"text-align: center;\"><img decoding=\"async\" src=\"https:\/\/www.h2otek.com\/tienda\/Images\/ecosmart\/foto05-certificaciones.gif\" alt=\"\" align=\"middle\" border=\"0\" \/><\/p>\n<p style=\"text-align: center;\"><img decoding=\"async\" src=\"https:\/\/www.h2otek.com\/tienda\/Images\/ecosmart\/foto06-footer.jpg\" alt=\"\" align=\"middle\" border=\"0\" \/><\/p>\n","protected":false},"excerpt":{"rendered":"<p><span style=\"color: #ff0000;\"><strong>PRECIO EN D\u00d3LARES US.<\/strong><\/span><\/p>\n<p><strong>CALENTADOR DE AGUA EL\u00c9CTRICO SIN TANQUE. AHORRA HASTA UN 70% DEL COSTO DE CALENTAR EL AGUA.<\/strong><\/p>\n<p><span style=\"color: #ff0000;\"><strong>APLICACION MAS COMUN 3 BA\u00d1OS<\/strong><\/span><\/p>\n<p><em><strong>IDEALES EN:<\/strong><\/em><\/p>\n<ul>\n<li><em><strong>CASAS<\/strong><\/em><\/li>\n<li><em><strong>DEPARTAMENTOS<\/strong><\/em><\/li>\n<li><em><strong>CONDOMINIOS<\/strong><\/em><\/li>\n<li><em><strong>BA\u00d1OS PUBLICOS<\/strong><\/em><\/li>\n<li><em><strong>LABORATORIOS<\/strong><\/em><\/li>\n<li><em><strong>PROCESOS INDUSTRIALES<\/strong><\/em><\/li>\n<li><em><strong>REGADERAS EN SERIE<\/strong><\/em><\/li>\n<li><em><strong>HOSPITALES<\/strong><\/em><\/li>\n<li><em><strong>OFICINAS<\/strong><\/em><\/li>\n<li><em><strong>HOTELES, <\/strong><\/em><em><strong>ETC.<\/strong><\/em><\/li>\n<\/ul>\n","protected":false},"featured_media":1912,"comment_status":"closed","ping_status":"closed","template":"","meta":[],"pwb-brand":[],"product_brand":[],"product_cat":[359,811,429],"product_tag":[],"class_list":{"0":"post-18797","1":"product","2":"type-product","3":"status-publish","4":"has-post-thumbnail","6":"product_cat-230-volts-1-fase-de-paso-boilers-calentadores-de-agua","7":"product_cat-240-volts-3-fases-boilers-calentadores-de-agua-recirculacion-de-agua-caliente-boilers-calentadores-de-agua","8":"product_cat-recirculacion-de-agua-caliente-boilers-calentadores-de-agua","10":"first","11":"onbackorder","12":"product-type-simple"},"brands":[],"_links":{"self":[{"href":"https:\/\/h2otek.com\/tienda\/wp-json\/wp\/v2\/product\/18797","targetHints":{"allow":["GET"]}}],"collection":[{"href":"https:\/\/h2otek.com\/tienda\/wp-json\/wp\/v2\/product"}],"about":[{"href":"https:\/\/h2otek.com\/tienda\/wp-json\/wp\/v2\/types\/product"}],"replies":[{"embeddable":true,"href":"https:\/\/h2otek.com\/tienda\/wp-json\/wp\/v2\/comments?post=18797"}],"wp:featuredmedia":[{"embeddable":true,"href":"https:\/\/h2otek.com\/tienda\/wp-json\/wp\/v2\/media\/1912"}],"wp:attachment":[{"href":"https:\/\/h2otek.com\/tienda\/wp-json\/wp\/v2\/media?parent=18797"}],"wp:term":[{"taxonomy":"pwb-brand","embeddable":true,"href":"https:\/\/h2otek.com\/tienda\/wp-json\/wp\/v2\/pwb-brand?post=18797"},{"taxonomy":"product_brand","embeddable":true,"href":"https:\/\/h2otek.com\/tienda\/wp-json\/wp\/v2\/product_brand?post=18797"},{"taxonomy":"product_cat","embeddable":true,"href":"https:\/\/h2otek.com\/tienda\/wp-json\/wp\/v2\/product_cat?post=18797"},{"taxonomy":"product_tag","embeddable":true,"href":"https:\/\/h2otek.com\/tienda\/wp-json\/wp\/v2\/product_tag?post=18797"}],"curies":[{"name":"wp","href":"https:\/\/api.w.org\/{rel}","templated":true}]}}