{"id":18312,"date":"2021-07-06T21:17:12","date_gmt":"2021-07-06T21:17:12","guid":{"rendered":"https:\/\/h2otek.com\/tienda\/producto\/boquilla-antigoteo-serie-hexagonal-de-acero-inoxidable-008-x-10-24-marca-aeromist-modelo-51432\/"},"modified":"2024-03-25T19:13:18","modified_gmt":"2024-03-25T19:13:18","slug":"boquilla-antigoteo-serie-hexagonal-de-acero-inoxidable-008-x-10-24-marca-aeromist-modelo-51432","status":"publish","type":"product","link":"https:\/\/h2otek.com\/tienda\/producto\/boquilla-antigoteo-serie-hexagonal-de-acero-inoxidable-008-x-10-24-marca-aeromist-modelo-51432\/","title":{"rendered":"BOQUILLA ANTIGOTEO SERIE HEXAGONAL DE ACERO INOXIDABLE .008 x 10\/24 MARCA AEROMIST\u00ae MODELO 51432"},"content":{"rendered":"<p style=\"text-align: center;\"><img decoding=\"async\" src=\"https:\/\/www.h2otek.com\/tienda\/Images\/nebulizacion\/aeromist\/boquillas\/header-aeromist_boquilla_hexa_acero_anti008x10-24.jpg\" border=\"0\" \/><\/p>\n<p style=\"text-align: justify;\"><strong>\u00a0<\/strong><\/p>\n<p style=\"text-align: justify;\"><strong>DESCRIPCI\u00d3N DEL PRODUCTO<\/strong><\/p>\n<p style=\"text-align: justify;\">Boquillas de atomizaci\u00f3n hexagonales de flujo ultra-fino que se puede apretar manualmente y sellar con una junta t\u00f3rica. La boquilla est\u00e1 dise\u00f1ada con una bola y muelle para detener el flujo de niebla una vez que la bomba se apaga. La boquilla se puede desmontar para facilitar su limpieza.<\/p>\n<p style=\"text-align: justify;\">Estas boquillas de .008\/.2mm son ideales para su uso en sistemas de alta presi\u00f3n en climas h\u00famedos. Esta boquilla no est\u00e1 dise\u00f1ada para usarse en presiones por debajo de 250 PSI. Su flujo t\u00edpico es .020 gpm.\u00a0 Esta boquilla es f\u00e1cil de limpiar y ofrece a\u00f1os de nebulizaci\u00f3n libre de obstrucci\u00f3n.<\/p>\n<p>&nbsp;<\/p>\n<p><strong><span style=\"color: #0000ff;\">DESCARGAR MANUALES:<\/span><\/strong><\/p>\n<ul>\n<li><a href=\"https:\/\/h2otek.com\/tienda\/pdf\/controlhumedad\/CATALOGO PRODUCTOS AEROMIST.pdf\" target=\"_blank\" rel=\"noopener\"><strong>CAT\u00c1LOGO PRODUCTOS AEROMIST\u00ae<\/strong><\/a><\/li>\n<li><strong><span style=\"color: #0000ff;\"><a href=\"https:\/\/h2otek.com\/tienda\/pdf\/controlhumedad\/MANUAL DEL USUARIO PRODUCTOS AEROMIST.pdf\" target=\"_blank\" rel=\"noopener\">MANUAL DEL USUARIO PRODUCTOS AEROMIST\u00ae<\/a><\/span><\/strong><\/li>\n<\/ul>\n<p>&nbsp;<\/p>\n<p><span style=\"color: #000000;\"><strong><br \/>\nPRECIO INCLUYE GASTOS DE ENVIO (GRATIS) E IMPUESTO 16% DE IVA<\/strong><\/span><\/p>\n","protected":false},"excerpt":{"rendered":"<p><strong><span style=\"color: #ff0000;\">PRECIO EN D\u00d3LARES US.<\/span><br \/>\n<span style=\"color: #ff0000;\">PRECIO INCLUYE 16 % DE I.V.A.<\/span><\/strong><\/p>\n<p style=\"text-align: left;\"><strong><em><span style=\"font-size: small;\">HUMIDIFICADORES IDEALES PARA:<\/span><\/em><\/strong><\/p>\n<ul>\n<li><span style=\"font-size: small; font-style: italic; font-weight: bold;\">PATIOS<\/span><\/li>\n<li><span style=\"font-size: small; font-style: italic; font-weight: bold;\">JARDINES<\/span><\/li>\n<li><span style=\"font-size: small; font-style: italic; font-weight: bold;\">ESPACIOS SOCIALES<\/span><\/li>\n<li><span style=\"font-size: small; font-style: italic; font-weight: bold;\">ALMACENES<\/span><\/li>\n<li><span style=\"font-size: small; font-style: italic; font-weight: bold;\">PROCESOS<\/span><\/li>\n<li><span style=\"font-size: small; font-style: italic; font-weight: bold;\">LABORATORIOS<\/span><\/li>\n<li><span style=\"font-size: small; font-style: italic; font-weight: bold;\">CUARTOS DE PRUEBA<\/span><\/li>\n<li><span style=\"font-size: small; font-style: italic; font-weight: bold;\">COMERCIOS<\/span><\/li>\n<li><span style=\"font-size: small; font-style: italic; font-weight: bold;\">RESTAURANTES<\/span><\/li>\n<li><span style=\"font-size: small; font-style: italic; font-weight: bold;\">TERRAZAS<\/span><\/li>\n<li><span style=\"font-size: small; font-style: italic; font-weight: bold;\">INDUSTRIA EN GENERAL<\/span><em><strong><span style=\"font-size: small;\">,\u00a0<\/span><\/strong><\/em><span style=\"font-size: small; font-weight: bold; font-style: italic;\">ETC.<\/span><\/li>\n<\/ul>\n","protected":false},"featured_media":628,"comment_status":"closed","ping_status":"closed","template":"","meta":[],"pwb-brand":[],"product_brand":[],"product_cat":[362],"product_tag":[],"class_list":{"0":"post-18312","1":"product","2":"type-product","3":"status-publish","4":"has-post-thumbnail","6":"product_cat-control-de-humedad-humidificadores-deshumidificadores","8":"first","9":"onbackorder","10":"purchasable","11":"product-type-simple"},"brands":[],"_links":{"self":[{"href":"https:\/\/h2otek.com\/tienda\/wp-json\/wp\/v2\/product\/18312","targetHints":{"allow":["GET"]}}],"collection":[{"href":"https:\/\/h2otek.com\/tienda\/wp-json\/wp\/v2\/product"}],"about":[{"href":"https:\/\/h2otek.com\/tienda\/wp-json\/wp\/v2\/types\/product"}],"replies":[{"embeddable":true,"href":"https:\/\/h2otek.com\/tienda\/wp-json\/wp\/v2\/comments?post=18312"}],"wp:featuredmedia":[{"embeddable":true,"href":"https:\/\/h2otek.com\/tienda\/wp-json\/wp\/v2\/media\/628"}],"wp:attachment":[{"href":"https:\/\/h2otek.com\/tienda\/wp-json\/wp\/v2\/media?parent=18312"}],"wp:term":[{"taxonomy":"pwb-brand","embeddable":true,"href":"https:\/\/h2otek.com\/tienda\/wp-json\/wp\/v2\/pwb-brand?post=18312"},{"taxonomy":"product_brand","embeddable":true,"href":"https:\/\/h2otek.com\/tienda\/wp-json\/wp\/v2\/product_brand?post=18312"},{"taxonomy":"product_cat","embeddable":true,"href":"https:\/\/h2otek.com\/tienda\/wp-json\/wp\/v2\/product_cat?post=18312"},{"taxonomy":"product_tag","embeddable":true,"href":"https:\/\/h2otek.com\/tienda\/wp-json\/wp\/v2\/product_tag?post=18312"}],"curies":[{"name":"wp","href":"https:\/\/api.w.org\/{rel}","templated":true}]}}