{"id":18058,"date":"2021-07-06T21:16:02","date_gmt":"2021-07-06T21:16:02","guid":{"rendered":"https:\/\/h2otek.com\/tienda\/producto\/humidificador-para-8-pies-cubicos-para-cigarros-puros-electronico\/"},"modified":"2022-10-25T00:23:43","modified_gmt":"2022-10-25T00:23:43","slug":"humidificador-para-8-pies-cubicos-para-cigarros-puros-electronico","status":"publish","type":"product","link":"https:\/\/h2otek.com\/tienda\/producto\/humidificador-para-8-pies-cubicos-para-cigarros-puros-electronico\/","title":{"rendered":"HUMIDIFICADOR PARA 8 PIES CUBICOS PARA CIGARROS-PUROS ELECTRONICO MOD. HYDRA SM"},"content":{"rendered":"<p><strong>Mantenga sus cigarros frescos y listos en todo momento\u00a0para fumar con nuestro humidificador.\u00a0El Hydra SM\u00a0ha sido dise\u00f1ado para regular la humedad dentro de un compartimiento sellado de\u00a0 hasta 8 pies c\u00fabicos de volumen interior. Permite al usuario ajustar la unidad para la m\u00e1xima ex\u00e1ctitud. <span style=\"text-decoration: underline;\">Si es conocedor de un buen tabaco, sabra que Hydra SM es su mejor opci\u00f3n&#8230;<\/span><\/strong><\/p>\n<p>&nbsp;<\/p>\n<p><strong>Caracter\u00edsticas:<\/strong><\/p>\n<ul>\n<li><em>Con higr\u00f3metro integrado de ajuste de precisi\u00f3n<\/em><\/li>\n<li><em>La lectura de humedad exacta informes cada 30 segundos\u00a0\u00a0\u00a0\u00a0\u00a0\u00a0\u00a0\u00a0<\/em><\/li>\n<li><em>Pantalla\u00a0grande para ver f\u00e1cilmente la humedad<\/em><\/li>\n<li><em>Indicador de bajo nivel de agua (ac\u00fastica y visual) &#8211; Sepa cu\u00e1ndo es necesario rellenar \/ y sustituir\u00a0el cartucho\u00a0<\/em><\/li>\n<li><em>Dos puertos ventilador adicional para conectar equipos de ventiladores adicionales para una mejor circulaci\u00f3n de aire (hasta 3 ventiladores adicionales m\u00e1ximos para las grandes humidores<\/em><\/li>\n<li><em>Flexibilidad Puerto: El puerto exterior de ventilador est\u00e1 dise\u00f1ado para tener el ventilador externo (s) se ejecutan cuando el ventilador de la unidad de control est\u00e1 en DC y puerto de salida est\u00e1 dise\u00f1ada para tener el ventilador externo (s) funcionando constantemente (ventiladores externos y kits para fans se vende por separado) . El puerto de salida de CC tambi\u00e9n puede ser utilizada para ejecutar adicionales Hydra unidades SM en la serie si se desea.\u00a0Advertencia: <span style=\"text-decoration: underline;\">No conecte el adaptador de CA en el puerto de salida de CC, ya que podr\u00eda arruinar los circuitos internos y anular su garant\u00eda.\u00a0\u00a0<\/span><\/em><\/li>\n<li><em>Cartucho relleno de espuma para\u00a0de agua destilada<\/em><\/li>\n<li><em>Cable de alimentaci\u00f3n\u00a0con aislamiento fino\u00a0(no afecta el sello de humidor) &#8212;\u00a0No hay agujeros de taladro!<\/em><\/li>\n<li><em>Un ventilador interno (kits de ventilador adicional \/ fans pueden comprar por separado)<\/em><\/li>\n<\/ul>\n<p>&nbsp;<\/p>\n<p><strong><em>\u00a0<\/em>Incluido con su Hydra SM:<\/strong><\/p>\n<ul>\n<li><em>Hydra SM Unidad de Control<\/em><\/li>\n<li><em>Cartucho\u00a0para agua<\/em><\/li>\n<li><em>Adaptador de CA<\/em><\/li>\n<li><em>Ribbon Cable &amp; Conector<\/em><\/li>\n<\/ul>\n<p>&nbsp;<\/p>\n<p><strong>Dimensiones:<\/strong><\/p>\n<p><em>\u00a06&#8243; LARGO x 2&#8243; ESPESOR\u00a0x 3 3 \/ 8 &#8221; ALTO (MEDIDAS EN PULGADAS)<\/em><\/p>\n<p><em>\u00a0<\/em><\/p>\n<p><strong>Accesorios opcionales venden por separado:<\/strong><\/p>\n<ul>\n<li><em>Abanico\u00a0Kit (1 ventilador, el cable conector de puerto y 3)<\/em><\/li>\n<li><em>Abanico solo\u00a0(ventilador particular para su uso con el kit de ventilador)<\/em><\/li>\n<li><em>Cartucho para humedad de reemplazo<\/em><\/li>\n<\/ul>\n<p>&nbsp;<\/p>\n<p><strong><span style=\"color: #000000;\"><strong><strong><strong><strong>PRECIO INCLUYE GASTOS DE ENVIO (GRATIS) E IMPUESTO\u00a0<\/strong>16 % DE IVA<\/strong><\/strong><\/strong><\/span><\/strong><\/p>\n","protected":false},"excerpt":{"rendered":"<p><span style=\"color: #ff0000;\"><strong>PRECIO EN D\u00d3LARES US.<\/strong><\/span><\/p>\n<p><span style=\"font-size: x-small;\"><span style=\"font-size: small;\"><strong>Te gusta disfrutar de un buen tabaco ?<\/strong><\/span> <\/span><\/p>\n<p><span style=\"font-size: small;\">IDEALES PARA LA CONSERVACION OPTIMA DE PRODUCTOS CON TABACO (CIGARROS, PUROS, ETC.)<\/span><\/p>\n","protected":false},"featured_media":7214,"comment_status":"closed","ping_status":"closed","template":"","meta":[],"pwb-brand":[],"product_brand":[],"product_cat":[545],"product_tag":[],"class_list":{"0":"post-18058","1":"product","2":"type-product","3":"status-publish","4":"has-post-thumbnail","6":"product_cat-humidores-para-tabaco","8":"first","9":"instock","10":"product-type-simple"},"brands":[],"_links":{"self":[{"href":"https:\/\/h2otek.com\/tienda\/wp-json\/wp\/v2\/product\/18058","targetHints":{"allow":["GET"]}}],"collection":[{"href":"https:\/\/h2otek.com\/tienda\/wp-json\/wp\/v2\/product"}],"about":[{"href":"https:\/\/h2otek.com\/tienda\/wp-json\/wp\/v2\/types\/product"}],"replies":[{"embeddable":true,"href":"https:\/\/h2otek.com\/tienda\/wp-json\/wp\/v2\/comments?post=18058"}],"wp:featuredmedia":[{"embeddable":true,"href":"https:\/\/h2otek.com\/tienda\/wp-json\/wp\/v2\/media\/7214"}],"wp:attachment":[{"href":"https:\/\/h2otek.com\/tienda\/wp-json\/wp\/v2\/media?parent=18058"}],"wp:term":[{"taxonomy":"pwb-brand","embeddable":true,"href":"https:\/\/h2otek.com\/tienda\/wp-json\/wp\/v2\/pwb-brand?post=18058"},{"taxonomy":"product_brand","embeddable":true,"href":"https:\/\/h2otek.com\/tienda\/wp-json\/wp\/v2\/product_brand?post=18058"},{"taxonomy":"product_cat","embeddable":true,"href":"https:\/\/h2otek.com\/tienda\/wp-json\/wp\/v2\/product_cat?post=18058"},{"taxonomy":"product_tag","embeddable":true,"href":"https:\/\/h2otek.com\/tienda\/wp-json\/wp\/v2\/product_tag?post=18058"}],"curies":[{"name":"wp","href":"https:\/\/api.w.org\/{rel}","templated":true}]}}