{"id":17909,"date":"2021-07-06T21:15:21","date_gmt":"2021-07-06T21:15:21","guid":{"rendered":"https:\/\/h2otek.com\/tienda\/producto\/deshumidificador-portatil-limpieza-y-restauracion-115v-1-fase-60hz-330-cfm-680w-marca-ebac-mod-rm85-h\/"},"modified":"2026-01-26T20:55:26","modified_gmt":"2026-01-26T20:55:26","slug":"deshumidificador-portatil-limpieza-y-restauracion-115v-1-fase-60hz-330-cfm-680w-marca-ebac-mod-rm85-h","status":"publish","type":"product","link":"https:\/\/h2otek.com\/tienda\/producto\/deshumidificador-portatil-limpieza-y-restauracion-115v-1-fase-60hz-330-cfm-680w-marca-ebac-mod-rm85-h\/","title":{"rendered":"DESHUMIDIFICADOR PORT\u00c1TIL LIMPIEZA Y RESTAURACI\u00d3N 115V 1 FASE 60HZ 330 CFM 680W MARCA EBAC MOD. RM85-H"},"content":{"rendered":"<p align=\"center\"><img fetchpriority=\"high\" decoding=\"async\" src=\"https:\/\/h2otek.com\/tienda\/img\/cms\/controlhumedad\/deshumidificadores\/ebac\/header-deshumidificador-rest-ebac-RM85-H.jpg\" alt=\"header-deshumidificador-rest-ebac-RM85-H\" width=\"650\" height=\"300\" \/><\/p>\n<div style=\"text-align: justify;\"><\/div>\n<div style=\"text-align: justify;\">\n<p><strong>APLICACI\u00d3N<\/strong><br \/>\nEIPL es un reconocido proveedor mundial de equipos de secado por restauraci\u00f3n de inundaciones. Ofrecemos una variedad de deshumidificadores y motores de aire para eliminar el agua y ayudar con las \u00e1reas de secado despu\u00e9s del da\u00f1o causado por el agua. Despu\u00e9s de una inundaci\u00f3n, ya sea en su s\u00f3tano o en su oficina, es de vital importancia restaurar el \u00e1rea da\u00f1ada en buen estado lo antes posible para proteger su salud de microorganismos, moho y bacterias que pueden crecer y, en \u00faltima instancia, evitar da\u00f1os mayores. Ya se trate de una inundaci\u00f3n repentina, lluvias torrenciales o rotura de la tuber\u00eda de agua, EIPL tiene el equipo para manejar los entornos m\u00e1s hostiles y ayudar con la restauraci\u00f3n adecuada.<\/p>\n<p><strong>EIPL RANGO ROTOMOLDEADO<\/strong><br \/>\nEl <strong>deshumidificador RM85 es otra adici\u00f3n a la gama EIPL de carcasas de polietileno moldeado por rotaci\u00f3n<\/strong>. Esta carcasa s\u00faper duradera, y los a\u00f1os de experiencia de EIPL con los sistemas de refrigeraci\u00f3n, aseguran que el producto no solo se vea como una pieza, sino que tambi\u00e9n sea capaz de superar a los modelos de competencia de capacidades similares. El RM85 tambi\u00e9n est\u00e1 disponible en Dual Voltage (voltaje dual), por lo que la unidad es ideal para el comercio de alquiler. La robusta manija acanalada y las ruedas duraderas de gran di\u00e1metro aseguran que el transporte y la maniobrabilidad no se vean comprometidos. Su dise\u00f1o liviano y robusto es ideal para trabajos comerciales y residenciales. Su tama\u00f1o compacto permite la operaci\u00f3n de un solo hombre, sin embargo, tiene la capacidad de manejar varias \u00e1reas de tama\u00f1o de habitaci\u00f3n a la vez. Lo mejor de todo es que tiene un precio accesible dentro del presupuesto de la mayor\u00eda de los especialistas en restauraci\u00f3n. La carcasa RM85 tambi\u00e9n incorpora una instalaci\u00f3n para apilar unidades de forma segura, lo que reduce significativamente los costos de almacenamiento y transporte.<\/p>\n<p><strong>AHORRE TIEMPO Y DINERO<\/strong><br \/>\nNo m\u00e1s preocupaciones de olvidarse de vaciar las cubetas, debido a las demandas de los clientes, la gama de productos RM incorpora bombas de condensado de alta capacidad. La altura m\u00e1xima de bomba de 3 m asegurar\u00e1 que ninguna instalaci\u00f3n sea demasiado dif\u00edcil. Instale, con\u00e9ctese a un drenaje permanente y olv\u00eddese hasta que el trabajo est\u00e9 completo. Con la ayuda de una instalaci\u00f3n de purga, se puede drenar toda el agua residual del tanque de la bomba antes de mover la m\u00e1quina, lo que elimina las posibilidades de derrames.<\/p>\n<p><strong>OPERACI\u00d3N A BAJA TEMPERATURA<\/strong><br \/>\nEl RM85 est\u00e1 equipado con un sistema de descongelaci\u00f3n de &#8220;gas caliente&#8221; que garantiza un despeje r\u00e1pido y eficiente del hielo de la bobina, lo que permite una temperatura m\u00ednima de funcionamiento de 3\u00b0C.<\/p>\n<p><strong>ATENCI\u00d3N A LOS DETALLES<\/strong><br \/>\nA veces, se pasan por alto las caracter\u00edsticas menos costosas. El RM85 se suministra completo con accesorios para cables y mangueras. No solo reducir\u00e1 la posibilidad de da\u00f1os cuando se transporten las unidades, sino que tambi\u00e9n brinda una f\u00e1cil instalaci\u00f3n cuando se coloca el equipo.<\/p>\n<p><strong>RENDIMIENTO COMPROBADO<\/strong><br \/>\nEl <strong>deshumidificador profesional EIPL RM85 es un equipo robusto pero m\u00f3vil que funcionar\u00e1 en condiciones extremas y extraer\u00e1 gran cantidad de humedad del aire.<\/strong> Siempre que haya una necesidad de un secado r\u00e1pido, confiable y energ\u00e9ticamente eficiente, EIPL puede proporcionar la respuesta. El compresor rotativo de alta eficiencia asegura la m\u00e1xima extracci\u00f3n con los menores costos de operaci\u00f3n.<\/p>\n<p><strong>CARACTER\u00cdSTICAD PRINCIPALES:<\/strong><\/p>\n<ul>\n<li>Filtro de aire lavable para un f\u00e1cil mantenimiento<\/li>\n<li>Ruedas resistentes de gran di\u00e1metro<\/li>\n<li>Mango alisado para facilitar el transporte<\/li>\n<li>Bomba de condensado integral de alta capacidad<\/li>\n<li>Horas Run Meter que proporciona mediciones de tiempo de ejecuci\u00f3n precisas<\/li>\n<li>Compresor rotativo de alta eficiencia.<\/li>\n<li>La caracter\u00edstica exclusiva de descongelaci\u00f3n &#8220;Gas Caliente&#8221; controlada por termostato de EIPL que funde autom\u00e1ticamente la acumulaci\u00f3n de escarcha y proporciona un funcionamiento eficaz a temperaturas ambiente bajas y altas.<\/li>\n<li>Cajas de polietileno moldeadas rotativas duraderas<\/li>\n<li>Simplicidad de instalaci\u00f3n y operaci\u00f3n con un enchufe est\u00e1ndar de 115V<\/li>\n<li>Robusto control \/ panel de control<\/li>\n<li>Apilable<\/li>\n<\/ul>\n<p><strong>C\u00d3MO TRABAJA EL DESHUMIDIFICADOR<\/strong><\/p>\n<ol>\n<li>El aire es atra\u00eddo a la unidad por un ventilador<\/li>\n<li>El aire pasa sobre una superficie fr\u00eda<\/li>\n<li>A medida que el aire se enfr\u00eda, se condensa la humedad<\/li>\n<li>El agua cae en el contenedor<\/li>\n<li>El aire es recalentado por el sistema de recuperaci\u00f3n de calor<\/li>\n<li>El aire vuelve a entrar en la habitaci\u00f3n a 2\u00b0C m\u00e1s c\u00e1lido y considerablemente m\u00e1s seco<\/li>\n<li>El sistema de descongelamiento descongela autom\u00e1ticamente la unidad seg\u00fan sea necesario<\/li>\n<li>La unidad se apaga autom\u00e1ticamente cuando el contenedor est\u00e1 lleno<\/li>\n<li>Cuando la unidad alcanza el nivel de sequedad seleccionado, se apaga autom\u00e1ticamente<\/li>\n<\/ol>\n<p>&nbsp;<\/p>\n<\/div>\n<p>&nbsp;<\/p>\n<p style=\"text-align: center;\"><strong><img decoding=\"async\" src=\"https:\/\/h2otek.com\/tienda\/img\/cms\/controlhumedad\/deshumidificadores\/ebac\/funcion-deshumidificadores-ebac.gif\" alt=\"\" width=\"599\" height=\"523\" \/><\/strong><\/p>\n<p>&nbsp;<\/p>\n<p>&nbsp;<\/p>\n<p style=\"text-align: center;\"><strong>TABLA DE ESPECIFICACIONES:<\/strong><\/p>\n<p align=\"center\"><img decoding=\"async\" src=\"https:\/\/h2otek.com\/tienda\/img\/cms\/controlhumedad\/deshumidificadores\/ebac\/especificaciones-deshumidificador-rest-ebac-RM85-H.gif\" alt=\"especificaciones-deshumidificador-rest-e\" width=\"565\" height=\"552\" \/><\/p>\n<p><span style=\"color: #4a4a4a;\"><strong>DESCARGAR MANUALES:<\/strong><\/span><\/p>\n<ul>\n<li><strong><a href=\"https:\/\/www.h2otek.com\/tienda\/pdf\/controlhumedad\/FOLLETO%20DESHUMIDIFICADOR%20RESTAURACION%20EBAC%20RM85.pdf\" target=\"_blank\" rel=\"noopener\">FOLLETO<\/a><\/strong><\/li>\n<li><strong><a href=\"https:\/\/www.h2otek.com\/tienda\/pdf\/controlhumedad\/MANUAL%20DEL%20USUARIO%20DESHUMIDIFICADOR%20RESTAURACION%20EBAC%20RM85-H.pdf\" target=\"_blank\" rel=\"noopener\">MANUAL DEL USUARIO<\/a><\/strong><\/li>\n<li><strong><a href=\"https:\/\/www.h2otek.com\/tienda\/pdf\/controlhumedad\/DIAGRAMA%20CABLEADO%20DESHUMIDIFICADOR%20RESTAURACION%20EBAC%20RM85-H.pdf\" target=\"_blank\" rel=\"noopener\">DIAGRAMA DE CABLEADO<\/a><\/strong><\/li>\n<li><strong><a href=\"https:\/\/www.h2otek.com\/tienda\/pdf\/controlhumedad\/LISTA%20DE%20PARTES%20DESHUMIDIFICADOR%20RESTAURACION%20EBAC%20RM85-H.pdf\" target=\"_blank\" rel=\"noopener\">LISTA DE PARTES<\/a><\/strong><\/li>\n<\/ul>\n<p>&nbsp;<\/p>\n<div>\n<p><strong>PRECIO INCLUYE GASTOS DE ENVIO (GRATIS) E IMPUESTO\u00a016% DE IVA<\/strong><\/p>\n<\/div>\n","protected":false},"excerpt":{"rendered":"<p><span style=\"color: #ff0000;\"><strong>PRECIO EN D\u00d3LARES US.<\/strong><\/span><\/p>\n<p><em><strong>EFICIENTE Y PRACTICO DESHUMIDIFICADOR\u00a0IDEAL PARA:<\/strong><\/em><\/p>\n<ul>\n<li><em><strong>APLICACION CON DUCTOS O EN DESCARGA LIBRE<\/strong><\/em><\/li>\n<li><em><strong>CASAS<\/strong><\/em><\/li>\n<li><em><strong>CUARTOS<\/strong><\/em><\/li>\n<li><em><strong>S\u00d3TANOS<\/strong><\/em><\/li>\n<li><em><strong>PASILLOS<\/strong><\/em><\/li>\n<li><em><strong>ESCUELAS<\/strong><\/em><\/li>\n<li><em><strong>LABORATORIOS<\/strong><\/em><\/li>\n<li><em><strong>CUARTOS DE PRUEBA<\/strong><\/em><\/li>\n<li><em><strong>CUARTOS LIMPIOS,\u00a0ETC.<\/strong><\/em><\/li>\n<\/ul>\n","protected":false},"featured_media":2858,"comment_status":"closed","ping_status":"closed","template":"","meta":[],"pwb-brand":[],"product_brand":[],"product_cat":[422],"product_tag":[],"class_list":{"0":"post-17909","1":"product","2":"type-product","3":"status-publish","4":"has-post-thumbnail","6":"product_cat-portatiles","8":"first","9":"onbackorder","10":"purchasable","11":"product-type-simple"},"brands":[],"_links":{"self":[{"href":"https:\/\/h2otek.com\/tienda\/wp-json\/wp\/v2\/product\/17909","targetHints":{"allow":["GET"]}}],"collection":[{"href":"https:\/\/h2otek.com\/tienda\/wp-json\/wp\/v2\/product"}],"about":[{"href":"https:\/\/h2otek.com\/tienda\/wp-json\/wp\/v2\/types\/product"}],"replies":[{"embeddable":true,"href":"https:\/\/h2otek.com\/tienda\/wp-json\/wp\/v2\/comments?post=17909"}],"wp:featuredmedia":[{"embeddable":true,"href":"https:\/\/h2otek.com\/tienda\/wp-json\/wp\/v2\/media\/2858"}],"wp:attachment":[{"href":"https:\/\/h2otek.com\/tienda\/wp-json\/wp\/v2\/media?parent=17909"}],"wp:term":[{"taxonomy":"pwb-brand","embeddable":true,"href":"https:\/\/h2otek.com\/tienda\/wp-json\/wp\/v2\/pwb-brand?post=17909"},{"taxonomy":"product_brand","embeddable":true,"href":"https:\/\/h2otek.com\/tienda\/wp-json\/wp\/v2\/product_brand?post=17909"},{"taxonomy":"product_cat","embeddable":true,"href":"https:\/\/h2otek.com\/tienda\/wp-json\/wp\/v2\/product_cat?post=17909"},{"taxonomy":"product_tag","embeddable":true,"href":"https:\/\/h2otek.com\/tienda\/wp-json\/wp\/v2\/product_tag?post=17909"}],"curies":[{"name":"wp","href":"https:\/\/api.w.org\/{rel}","templated":true}]}}