{"id":17905,"date":"2021-07-06T21:15:21","date_gmt":"2021-07-06T21:15:21","guid":{"rendered":"https:\/\/h2otek.com\/tienda\/producto\/calentador-de-agua-boiler-deposito-sin-piloto-cap-132-litros-a-gas-natural-marca-calorex-mod-g-40\/"},"modified":"2025-02-22T19:07:03","modified_gmt":"2025-02-22T19:07:03","slug":"calentador-de-agua-boiler-deposito-sin-piloto-cap-132-litros-a-gas-natural-marca-calorex-mod-g-40","status":"publish","type":"product","link":"https:\/\/h2otek.com\/tienda\/producto\/calentador-de-agua-boiler-deposito-sin-piloto-cap-132-litros-a-gas-natural-marca-calorex-mod-g-40\/","title":{"rendered":"CALENTADOR DE AGUA &#8211; BOILER DEP\u00d3SITO SIN PILOTO CAP. 132 LITROS A GAS NATURAL MARCA CALOREX MOD. G-40"},"content":{"rendered":"<p align=\"center\"><img fetchpriority=\"high\" decoding=\"async\" width=\"650\" height=\"344\" alt=\"header-calentadores-depositogas-sinpilot\" src=\"https:\/\/h2otek.com\/tienda\/img\/cms\/aguacaliente\/calorex\/deposito-gas\/SINPILOTO\/header-calentadores-depositogas-sinpiloto-calorex-G-40-nat.jpg\" \/><\/p>\n<h3><strong><br \/><\/strong>M\u00e1ximo ahorro de energ\u00eda. Gracias a su tecnolog\u00eda patentada, eliminamos el piloto para que no gastes gas, ba\u00f1os m\u00e1s confortables aun en climas fr\u00edos.<\/p>\n<p>\u00a0<\/h3>\n<table style=\"width:100%;\" border=\"0\" cellspacing=\"4\" cellpadding=\"2\">\n<tbody>\n<tr>\n<td><img decoding=\"async\" width=\"59\" height=\"60\" alt=\"\" src=\"https:\/\/h2otek.com\/tienda\/img\/cms\/aguacaliente\/calorex\/deposito-gas\/SINPILOTO-WIFI\/wifi_permanente.png\" \/><\/td>\n<td>\n<p><strong>Sin piloto permanente<\/strong> &#8211; Para que ahorres m\u00e1s gas.<\/p>\n<\/td>\n<\/tr>\n<tr>\n<td><img decoding=\"async\" width=\"59\" height=\"60\" alt=\"\" src=\"https:\/\/h2otek.com\/tienda\/img\/cms\/aguacaliente\/calorex\/deposito-gas\/SINPILOTO\/sipiloto_masseguro.png\" \/><\/td>\n<td>\n<p><strong>Es m\u00e1s seguro<\/strong> &#8211; Encendido f\u00e1cil y seguro con un bot\u00f3n. Adi\u00f3s a los cerillos.<\/p>\n<\/td>\n<\/tr>\n<tr>\n<td><img loading=\"lazy\" decoding=\"async\" width=\"59\" height=\"60\" alt=\"\" src=\"https:\/\/h2otek.com\/tienda\/img\/cms\/aguacaliente\/calorex\/deposito-gas\/SINPILOTO-WIFI\/wifi_apagadoint.png\" \/><\/td>\n<td>\n<p><strong>Apagado Inteligente<\/strong> &#8211; Se apaga despu\u00e9s de 30 minutos sin usar agua caliente.<\/p>\n<\/td>\n<\/tr>\n<tr>\n<td><img loading=\"lazy\" decoding=\"async\" width=\"59\" height=\"60\" alt=\"\" src=\"https:\/\/h2otek.com\/tienda\/img\/cms\/aguacaliente\/calorex\/deposito-gas\/SINPILOTO\/sinpiloto_mayorconfort.png\" \/><\/td>\n<td>\n<p><strong>Mayor confort<\/strong> &#8211; Temperatura ideal aun en climas fr\u00edos.<\/p>\n<\/td>\n<\/tr>\n<tr>\n<td><img loading=\"lazy\" decoding=\"async\" width=\"59\" height=\"60\" alt=\"\" src=\"https:\/\/h2otek.com\/tienda\/img\/cms\/aguacaliente\/calorex\/deposito-gas\/SINPILOTO-WIFI\/wifi_maspractico.png\" \/><\/td>\n<td>\n<p><strong>M\u00e1s pr\u00e1ctico<\/strong> &#8211; \u00dasalo con pilas o eliminador de corriente.<\/p>\n<\/td>\n<\/tr>\n<\/tbody>\n<\/table>\n<p><\/p>\n<p><strong><\/p>\n<p>CARACTER\u00cdSTICAS GENERALES:<\/strong><\/p>\n<ul>\n<li>Porcelanizado Dura GlasMR exclusivo de Calorex: Evita el \u00f3xido y picaduras, elimina bacterias y mantiene el agua siempre cristalina.<\/li>\n<li>Ba\u00f1os confortables aun en climas fr\u00edos.<\/li>\n<li>Amigable con el ambiente, reduce las emisiones de CO2 .<\/li>\n<li>No requiere presi\u00f3n de agua<\/li>\n<\/ul>\n<p><\/p>\n<p><\/p>\n<p style=\"text-align:center;\"><strong>TABLA DE ESPECIFICACIONES:<\/strong><\/p>\n<p align=\"center\"><img loading=\"lazy\" decoding=\"async\" width=\"620\" height=\"583\" alt=\"especificaciones-calentadores-depositoga\" src=\"https:\/\/h2otek.com\/tienda\/img\/cms\/aguacaliente\/calorex\/deposito-gas\/SINPILOTO\/especificaciones-calentadores-depositogas-sinpiloto-calorex-G-40.gif\" \/><\/p>\n<p>* 1 servicio equivale a una regadera de 5 L\/min; medio servicio equivale a un lavabo de 3 L\/min; una tina equivale a 150 L.<\/p>\n<p align=\"center\">Las medidas son nominales. Modelos disponibles en Gas Natural o Gas L.P. <\/p>\n<p align=\"center\"><\/p>\n<p align=\"center\">\u00a0<\/p>\n<p align=\"center\">\u00a0<\/p>\n<p align=\"center\">\u00a0<\/p>\n<p align=\"center\"><strong>COMPONENTES<\/p>\n<p><\/strong><img loading=\"lazy\" decoding=\"async\" width=\"600\" height=\"643\" alt=\"\" src=\"https:\/\/h2otek.com\/tienda\/img\/cms\/aguacaliente\/calorex\/deposito-gas\/SINPILOTO-WIFI\/componentes-calentadores-depositogas-sinpiloto-wifi-calorex.jpg\" \/><\/p>\n<p align=\"center\" style=\"text-align:justify;\">\n<ol>\n<li>Salida de agua Caliente.<\/li>\n<li>Difusor de alta eficiencia, dise\u00f1ado especialmente para obtener el mejor desempe\u00f1o del calentador.<\/li>\n<li>Entrada de agua fr\u00eda.<\/li>\n<li>Vena Hidrodirigible.<\/li>\n<li>Sensor de seguridad de sobretemperatura de agua.<\/li>\n<li>Sensor de temperatura.<\/li>\n<li>V\u00e1lvula de drenado.<\/li>\n<li>Quemador de alto rendimiento.<\/li>\n<li>Sensor de Ionizado y Buj\u00eda de encendido.<\/li>\n<li>Entrada micro USB para adaptador de corriente.<\/li>\n<li>Porta Bater\u00edas.<\/li>\n<li>Electrov\u00e1lvula.<\/li>\n<li>M\u00f3dulo de Control Electr\u00f3nico.<\/li>\n<li>\u00c1nodo de Sacrificio, neutraliza el potencial de oxidaci\u00f3n, aumentando la vida \u00fatil del calentador<\/li>\n<\/ol>\n<p align=\"center\" style=\"text-align:justify;\"><\/p>\n<p align=\"center\">\n<p><\/p>\n<p align=\"center\">\n<p><img loading=\"lazy\" decoding=\"async\" width=\"258\" height=\"120\" alt=\"\" src=\"https:\/\/h2otek.com\/tienda\/img\/cms\/aguacaliente\/calorex\/deposito-gas\/SINPILOTO-WIFI\/logo-sinpiloto.jpg\" \/><\/p>\n<p><img loading=\"lazy\" decoding=\"async\" width=\"300\" height=\"158\" alt=\"\" src=\"https:\/\/h2otek.com\/tienda\/img\/cms\/aguacaliente\/calorex\/depaso\/COXPSP\/garantia.png\" \/><\/p>\n<p>\u00a0<\/p>\n<p>* Este producto utiliza 2 pilas alcalinas tipo \u201cD\u201d (no incluidas) o eliminador de corriente de 127 V (no incluido). <br \/>** V\u00e1lido en la Rep\u00fablica Mexicana, 1 a\u00f1o en partes el\u00e9ctricas y electr\u00f3nicas.<\/p>\n<p>\u00a0<\/p>\n<p><\/p>\n<p><span style=\"color:#4a4a4a;\"><strong>DESCARGAR MANUALES:<\/strong><\/span><\/p>\n<ul>\n<li><strong><a href=\"https:\/\/h2otek.com\/tienda\/img\/cms\/aguacaliente\/calorex\/deposito-gas\/SINPILOTO\/MANUAL%20DEL%20USUARIO%20CALENTADORES%20DEPOSITO%20SIN%20PILOTO%20CALOREX.pdf\" target=\"_blank\" rel=\"noopener\">MANUAL DEL USUARIO<\/a><\/strong><\/li>\n<li><a href=\"https:\/\/h2otek.com\/tienda\/img\/cms\/aguacaliente\/calorex\/deposito-gas\/SINPILOTO\/FICHA%20TECNICA%20CALENTADORES%20DEPOSITO%20SIN%20PILOTO%20CALOREX.pdf\" target=\"_blank\" rel=\"noopener\"><strong>FICHA T\u00c9CNICA<\/strong><\/a><\/li>\n<\/ul>\n<p>\u00a0<\/p>\n<p>\u00a0<\/p>\n<p>\u00a0<\/p>\n<p align=\"justify\"><strong><span style=\"color:#000000;\"><strong>PRECIO INCLUYE GASTOS DE ENVIO (GRATIS) E IMPUESTO <\/strong>16% DE IVA<\/span><\/strong><\/p>\n","protected":false},"excerpt":{"rendered":"<p style=\"text-align: left;\"><span style=\"color: #ff0000;\"><strong>PRECIO\u00a0EN PESOS MEXICANOS.<br \/>PRECIO INCLUYE 16 % DE I.V.A.<br \/>PRECIO INCLUYE ENVIO (ZONA CENTRO).<\/strong><\/span><\/p>\n<h5 style=\"text-align: left;\"><span style=\"color: #ac0000;\">Servicios Simult\u00e1neos:\u00a0<br \/>4 SERVICIOS<\/span><\/h5>\n<h5 style=\"text-align: left;\"><span style=\"color: #ac0000;\"><img loading=\"lazy\" decoding=\"async\" src=\"https:\/\/h2otek.com\/tienda\/img\/cms\/aguacaliente\/calorex\/depaso\/icS-regaderaCX.png\" alt=\"\" width=\"52\" height=\"50\" \/><span style=\"color: #000000;\">\u00a0 1 Servicio = 1 regadera de 5 L\/min<\/span><\/span><\/h5>\n<h5><span style=\"color: #ac0000;\"><span style=\"color: #000000;\"><img loading=\"lazy\" decoding=\"async\" src=\"https:\/\/h2otek.com\/tienda\/img\/cms\/aguacaliente\/calorex\/depaso\/icS-lavamanosCX.png\" alt=\"\" width=\"52\" height=\"50\" \/>\u00a0 \u00bd Servicio = 1 lavabo de 3 L\/min<\/span><\/p>\n<p>\u00a0 \u00a0 \u00a0\u00a0<br \/><\/span><\/h5>\n<p><em><strong>APLICACIONES M\u00c1S\u00a0 COMUNES:<\/strong><\/em><\/p>\n<ul>\n<li><strong><em>CASAS<\/em><\/strong><\/li>\n<li><strong><em>RESIDENCIAS<\/em><\/strong><\/li>\n<li><strong><em>DEPARTAMENTOS<\/em><\/strong><\/li>\n<li><strong><em>CONDOMINIOS, ETC.<\/em><\/strong><\/li>\n<\/ul>\n","protected":false},"featured_media":7370,"comment_status":"closed","ping_status":"closed","template":"","meta":[],"pwb-brand":[],"product_brand":[],"product_cat":[392],"product_tag":[],"class_list":{"0":"post-17905","1":"product","2":"type-product","3":"status-publish","4":"has-post-thumbnail","6":"product_cat-en-gas-natural-boilers-calentadores-de-agua","8":"first","9":"onbackorder","10":"purchasable","11":"product-type-simple"},"brands":[],"_links":{"self":[{"href":"https:\/\/h2otek.com\/tienda\/wp-json\/wp\/v2\/product\/17905","targetHints":{"allow":["GET"]}}],"collection":[{"href":"https:\/\/h2otek.com\/tienda\/wp-json\/wp\/v2\/product"}],"about":[{"href":"https:\/\/h2otek.com\/tienda\/wp-json\/wp\/v2\/types\/product"}],"replies":[{"embeddable":true,"href":"https:\/\/h2otek.com\/tienda\/wp-json\/wp\/v2\/comments?post=17905"}],"wp:featuredmedia":[{"embeddable":true,"href":"https:\/\/h2otek.com\/tienda\/wp-json\/wp\/v2\/media\/7370"}],"wp:attachment":[{"href":"https:\/\/h2otek.com\/tienda\/wp-json\/wp\/v2\/media?parent=17905"}],"wp:term":[{"taxonomy":"pwb-brand","embeddable":true,"href":"https:\/\/h2otek.com\/tienda\/wp-json\/wp\/v2\/pwb-brand?post=17905"},{"taxonomy":"product_brand","embeddable":true,"href":"https:\/\/h2otek.com\/tienda\/wp-json\/wp\/v2\/product_brand?post=17905"},{"taxonomy":"product_cat","embeddable":true,"href":"https:\/\/h2otek.com\/tienda\/wp-json\/wp\/v2\/product_cat?post=17905"},{"taxonomy":"product_tag","embeddable":true,"href":"https:\/\/h2otek.com\/tienda\/wp-json\/wp\/v2\/product_tag?post=17905"}],"curies":[{"name":"wp","href":"https:\/\/api.w.org\/{rel}","templated":true}]}}