{"id":17803,"date":"2021-07-06T21:14:55","date_gmt":"2021-07-06T21:14:55","guid":{"rendered":"https:\/\/h2otek.com\/tienda\/producto\/boiler-calentador-de-agua-raypak-linea-hidelta-modelo-wh3-652b-capacidad-650000-btuh\/"},"modified":"2022-09-30T00:47:52","modified_gmt":"2022-09-30T00:47:52","slug":"boiler-calentador-de-agua-raypak-linea-hidelta-modelo-wh3-652b-capacidad-650000-btuh","status":"publish","type":"product","link":"https:\/\/h2otek.com\/tienda\/producto\/boiler-calentador-de-agua-raypak-linea-hidelta-modelo-wh3-652b-capacidad-650000-btuh\/","title":{"rendered":"BOILER-CALENTADOR DE AGUA RAYPAK L\u00cdNEA HIDELTA MODELO WH3-652B CAPACIDAD 650,000 BTUH"},"content":{"rendered":"<p style=\"text-align:center;\"><img fetchpriority=\"high\" decoding=\"async\" src=\"https:\/\/www.h2otek.com\/tienda\/img\/cms\/HIDELTA\/header-raypak-hidelta%20WH3_652B.jpg\" alt=\"header-raypak-hidelta.jpg\" border=\"0\" width=\"550\" height=\"255\" \/><\/p>\n<p>\u00a0<\/p>\n<div style=\"text-align:justify;\">D\u00e9cadas de experiencia e innovaciones tecnol\u00f3gicas lograron crear el boiler\u00a0Hi Delta, un producto que incorpora caracter\u00edsticas buscadas por los ingenieros, instaladores y usuarios finales por igual.<\/div>\n<p>En 1948, Raypak introdujo la primera caldera de tubo de cobre con aletas rectas dise\u00f1ado con fiabilidad y facilidad de servicio en mente. La tradici\u00f3n contin\u00faa con el modelo Hi Delta de Raypak.<\/p>\n<div style=\"text-align:justify;\">Es quemador patentado &#8220;Security blanket&#8221; una mejora ingeniosa que proporciona una v\u00eda de aire-gas perfeccionado para la combusti\u00f3n completa, que hace que el Hi Delta sea el\u00a0m\u00e1s adaptable boiler\u00a0sellado de combusti\u00f3n en el mercado hoy en d\u00eda.<\/div>\n<p>Mientras que muchos fabricantes afirman conveniente\u00a0y sencilla la extracci\u00f3n del\u00a0intercambiador de\u00a0calor, el mantenimiento del Hi Delta no podr\u00eda ser m\u00e1s sencillo. S\u00f3lo tiene que abrir la unidad desde el frente y deslizar hacia fuera los corredores integrados. Agregando a la facilidad de uso del Hi Delta, el centro de diagn\u00f3stico de a bordo. En caso de un problema de funcionamiento, esta mejora clave permite a un t\u00e9cnico revisar r\u00e1pidamente la totalidad del historial de fallas de la unidad, en\u00a0&#8220;Ingl\u00e9s real&#8221; f\u00e1cil de entender. No hay c\u00f3digos cr\u00edpticos que tratar. Nuestro centro de diagn\u00f3stico incluso ofrece posibles soluciones para el problema en cuesti\u00f3n.<\/p>\n<p>La familia de productos Hi Delta cubre toda la gama de aplicaciones tanto en interiores como al aire libre, incluyendo\u00a0la calefacci\u00f3n de espacios, calentamiento de procesos, calentamiento de piscinas y calefacci\u00f3n de agua sanitaria. Cuando se instala en el interior, la versatilidad del Hi Delta se revela en peque\u00f1os di\u00e1metros de ventilaci\u00f3n, ventilaci\u00f3n directa y la conveniencia de apilamiento sin un mayor impacto.<\/p>\n<p>El enfoque de Raypak en la satisfacci\u00f3n del cliente va m\u00e1s all\u00e1 del dise\u00f1o del producto. Al igual que todas las calderas Raypak, cada Hi Delta es probada en f\u00e1brica al fuego, asegurando fiable la puesta en marcha despu\u00e9s de la instalaci\u00f3n.<\/p>\n<p>\u00a0Por m\u00e1s de 60 a\u00f1os, los profesionales Raypak han ganado su reputaci\u00f3n como los expertos del manejo\u00a0del agua caliente. Desde el dise\u00f1o del sistema a trav\u00e9s de la instalaci\u00f3n y puesta en marcha, se puede contar con su Representante Raypak local y el respaldo del mejor equipo de ventas de la industria, ingenieros de aplicaciones y servicio t\u00e9cnico.<\/p>\n<p><strong>CARACTERISTICAS ESTANDAR DEL EQUIPO<\/strong><\/p>\n<p style=\"padding-left:30px;\">1.- Cabezal de Bronce<br \/>2.- Tubos de cobre aletados<br \/>3.- Limite de Control &#8211; Manual 200\u00b0F<br \/>4.- Pantalla de estado<br \/>5.- Pantalla LCD con memoria de fallas 6<br \/>6.- Para Gas Natural o Gas L.P. <br \/>7.- Conexi\u00f3n Damper de combustion en 120V<br \/>8.- Switch de flujo<br \/>9.- Encendido por superficie caliente1<br \/>10.- Contacto seco para alarma<\/p>\n<p>\u00a0<strong>CARACTERISTICAS PRINCIPALES:<\/strong><\/p>\n<div>\n<ol>\n<li>Modelos de 100.000 a 2.340.000 BTUH\u00a0<\/li>\n<li>Certificaci\u00f3n todos los modelos de interior\/exterior\u00a0<\/li>\n<li>Eficiencia: <br \/>84% boilers\u00a0est\u00e1ndar <br \/>85% AFUE HD101-HD301 <br \/>85% Agua Calentadores est\u00e1ndar<\/li>\n<li>Quemador patentado &#8220;manta de seguridad&#8221; mejora las etapas de combusti\u00f3n, instalaci\u00f3n y minimiza los problemas de puesta en marcha, y protege los quemadores de la fatiga del metal\u00a0<\/li>\n<li>105\u00ba F capacidad de agua m\u00ednima de entrada en los modelos est\u00e1ndar;\u00a0<\/li>\n<li>Intercambiador de calor de tubos aleteados de cobre, cupron\u00edquel disponibles\u00a0<\/li>\n<li><span>CSA \u00a0certificado bajo en plomo(menos de .25%)<\/span><\/li>\n<li>Cabezales\u00a0de bronce en los calentadores de agua, opcional en las calderas\u00a0<\/li>\n<li><span>Ventilaci\u00f3n lateral lista; no necesita extractor para la mayor\u00eda de aplicaciones.<\/span>\u00a0<\/li>\n<li>Conductos listos de aire de combusti\u00f3n; TruSeal<span style=\"font-size:xx-small;\">TM<\/span> certificado CSA ventilaci\u00f3n directa disponible\u00a0<\/li>\n<li>Indicador de estado y centro de diagn\u00f3stico a bordo, ingl\u00e9s real, no c\u00f3digos.\u00a0<\/li>\n<li><span>Menos de 20ppm\u00a0<\/span>NOx<\/li>\n<\/ol>\n<\/div>\n<p><strong>OPCIONES:<\/strong><\/p>\n<ul>\n<li>G20 &#8211; Operaci\u00f3n de baja presi\u00f3n del gas (modelos 302B-2342B)<br \/>CSA- Certificados para &#8220;presi\u00f3n de suministro WC 4&#8221;, s\u00f3lo gas natural<\/li>\n<li>D-14 &#8211; Opci\u00f3n de ventilaci\u00f3n trasera disponible en el momento del pedido\u00a0<\/li>\n<li>D-12 &#8211; Sistema de entrada de aire de ventilaci\u00f3n directa TruSeal\u00a0<\/li>\n<li>A-6 &#8211; Conexi\u00f3n de agua mano derecha<\/li>\n<\/ul>\n<p>\u00a0<\/p>\n<p>\u00a0<\/p>\n<div style=\"text-align:center;\"><strong>PARTES:<\/strong><\/div>\n<div style=\"text-align:center;\"><img decoding=\"async\" src=\"https:\/\/www.h2otek.com\/tienda\/Images\/boilers\/raypak\/partes-raypak-hidelta.jpg\" alt=\"partes-raypak-hidelta.jpg\" border=\"0\" \/><\/div>\n<p style=\"text-align:center;\">\u00a0<\/p>\n<ol>\n<li style=\"text-align:justify;\"><span style=\"color:#000000;\"><strong>Paneles refractarios ligeros <\/strong>Paneles de fibra de cer\u00e1mica de piezas m\u00faltiples mejoran la combusti\u00f3n y reducen al m\u00ednimo la retenci\u00f3n de calor.\u00a0<\/span><\/li>\n<li style=\"text-align:justify;\"><span style=\"color:#000000;\"><strong>Cabezales\u00a0totalmente cerrados <\/strong>Sensores de temperatura y alambres de plomo\/capilares protegidos de la intemperie, vandalismo y da\u00f1o accidental durante la instalaci\u00f3n y el servicio.\u00a0<\/span><\/li>\n<li style=\"text-align:justify;\"><span style=\"color:#000000;\"><strong style=\"text-align:justify;\">Conexi\u00f3n Humo<\/strong><span style=\"text-align:justify;\">\u00a0<\/span><span style=\"text-align:justify;\">\u00a0<\/span>Conexiones de combusti\u00f3n superiores o traseras ofrecen una mayor flexibilidad de instalaci\u00f3n<\/span><\/li>\n<li style=\"text-align:justify;\"><span style=\"color:#000000;\"><strong>Filtro de aire\u00a0<\/strong>Un filtro de aire de combusti\u00f3n, de f\u00e1cil limpieza protege a los quemadores de part\u00edculas en el aire como insectos voladores.<\/span><\/li>\n<li style=\"text-align:justify;\"><span style=\"color:#000000;\"><strong>Centro de Diagn\u00f3stico On-Board<\/strong> Equipo est\u00e1ndar montado de f\u00e1brica(302-2342). Proporciona informaci\u00f3n de servicios pertinentes, as\u00ed como las posibles soluciones para el fallo. Todo en ingl\u00e9s, sin c\u00f3digos cr\u00edpticos a descifrar. El control almacena hasta 16 faltas en su archivo hist\u00f3rico para que el servicio t\u00e9cnico pueda revisarlo.\u00a0<\/span><\/li>\n<li style=\"text-align:justify;\"><span style=\"color:#000000;\">\u00a0<strong>Luces de estado de visualizaci\u00f3n<\/strong>Hasta 12 luces LED de alta intensidad, visible por delante, indican el estado de funcionamiento del boiler.\u00a0<\/span><\/li>\n<li style=\"text-align:justify;\"><span style=\"color:#000000;\"><strong>Construcci\u00f3n\u00a0<\/strong>El gabinete y todas las piezas internas son de acero galvanizado, inoxidable o de acero aluminizado. El exterior est\u00e1 protegido por pintura en polvo texturizada, idealmente dise\u00f1ada para instalaciones en interiores o exteriores.<\/span><\/li>\n<li style=\"text-align:justify;\"><span style=\"color:#000000;\"><strong>Cableado Central Point <\/strong>Mazos de cables hechos en f\u00e1brica que conectan todos los componentes el\u00e9ctricos a una placa de circuito de f\u00e1cil deproblemas con conectores de terminales m\u00faltiples.\u00a0<\/span><\/li>\n<li style=\"text-align:justify;\"><span style=\"color:#000000;\"><strong>Tubos intercambiadores de calor\u00a0<\/strong>\u00a0tubos aletados de cobre y tubos de cupro-n\u00edquel opcionales hacen frente\u00a0incluso a las m\u00e1s duras condiciones del agua.\u00a0<\/span><\/li>\n<li style=\"text-align:justify;\"><span style=\"color:#000000;\"><strong>Quemadores <\/strong>Quemadores Quemadores de aleaci\u00f3n especial premezclada de acero\u00a0inoxidable proporcionan limpieza, combusti\u00f3n robusta y cumplen con todas las normas de bajo NOx.\u00a0<\/span><\/li>\n<li style=\"text-align:justify;\"><span style=\"color:#000000;\"><strong>Panel de Acceso HSI \u00a0 <\/strong>Un peque\u00f1o panel proporciona acceso tanto a la superficie caliente de ignici\u00f3n y al sensor de llama para facilitar la inspecci\u00f3n y servicio.<strong><br \/><\/strong><\/span><\/li>\n<\/ol>\n<p style=\"text-align:center;\">\u00a0<\/p>\n<p style=\"text-align:center;\"><span style=\"font-weight:bold;\">DIMENSIONES Y TABLAS DE ESPECIFICACIONES:<\/span><\/p>\n<p style=\"text-align:center;\"><a href=\"http:\/\/www.h2otek.com\/tienda\/Images\/boilers\/raypak\/especificaciones-raypak-hidelta-gde.jpg\" target=\"_blank\" rel=\"noopener\"><img decoding=\"async\" src=\"https:\/\/www.h2otek.com\/tienda\/img\/cms\/HIDELTA\/HIDELTA652BDIMENSIONES.jpg\" alt=\"especificaciones-raypak-hidelta.jpg\" border=\"0\" width=\"827\" height=\"102\" \/><\/a><\/p>\n<div style=\"text-align:justify;\">Clasificaci\u00f3n para modelos 302B-2342B para natural o gas propano y elevaciones hasta los 4500 pies sobre el nivel del mar. Para elevaciones mayores consulte la f\u00e1brica.<\/div>\n<div>\n<p style=\"text-align:center;\"><img decoding=\"async\" src=\"https:\/\/www.h2otek.com\/tienda\/img\/cms\/HIDELTA\/HIDELTACLEARANCES.jpg\" style=\"margin-left:auto;margin-right:auto;\" alt=\"HIDELTA302BCLEARANCES.jpg\" width=\"412\" height=\"193\" \/><\/p>\n<div style=\"text-align:justify;\">* No instalar sobre alfombra<\/div>\n<div>\n<p style=\"text-align:center;\"><img loading=\"lazy\" decoding=\"async\" src=\"https:\/\/www.h2otek.com\/tienda\/img\/cms\/HIDELTA\/HIDELTA652BWATER_HARDNESS.jpg\" style=\"margin-left:auto;margin-right:auto;\" alt=\"HIDELTA302BWATER_HARDNESS.jpg\" width=\"829\" height=\"102\" \/><\/p>\n<div style=\"text-align:justify;\">Notas: Los caudales m\u00ednimos en los sistemas cerrados pueden reducirse a un caudal constante de 40\u00b0F<span>D<\/span><span>T.<\/span><span><br \/><span>La tasa de flujo m\u00e1ximo est\u00e1 limitado por la velocidad m\u00e1xima aceptable a trav\u00e9s de un intercambiador de calor de tubos y podr\u00e1 ser aumentado en un 10% para un sistema de calefacci\u00f3n cerrados.<\/span><br \/><span>La ca\u00edda de presi\u00f3n aumentar\u00eda un 21%<\/span><br \/><span>*SHL calculada en 100 pies de longitud de tuber\u00eda efectiva.<\/span><\/span>.<\/div>\n<div>\n<p style=\"text-align:center;\"><img loading=\"lazy\" decoding=\"async\" src=\"https:\/\/www.h2otek.com\/tienda\/img\/cms\/HIDELTA\/HIDELTA652BPUMP.jpg\" style=\"margin-left:auto;margin-right:auto;\" alt=\"HIDELTA652BPUMP.jpg\" width=\"393\" height=\"102\" \/><\/p>\n<div style=\"text-align:justify;\">Nota. El consumo de corriente (Amps) es para la bomba solamente <\/div>\n<div>\n<p style=\"text-align:center;\"><img loading=\"lazy\" decoding=\"async\" src=\"https:\/\/www.h2otek.com\/tienda\/img\/cms\/HIDELTA\/HIDELTA652BRECOVERYGATES.jpg\" style=\"margin-left:auto;margin-right:auto;\" alt=\"HIDELTA652BRECOVERYGATES.jpg\" width=\"829\" height=\"102\" \/><\/p>\n<p><\/p>\n<\/div>\n<p style=\"text-align:center;\"><span style=\"font-weight:bold;\">DIAGRAMAS:<br \/>MODELO 652B<\/span><\/p>\n<p style=\"text-align:center;\"><a href=\"http:\/\/www.h2otek.com\/tienda\/Images\/boilers\/raypak\/diagramas-raypak-hidelta-gde.jpg\" target=\"_blank\" rel=\"noopener\"><img loading=\"lazy\" decoding=\"async\" src=\"https:\/\/www.h2otek.com\/tienda\/img\/cms\/HIDELTA\/HIDELTA302BDIMENS.jpg\" alt=\"diagramas-raypak-hidelta.jpg\" border=\"0\" width=\"856\" height=\"349\" \/><\/a><\/p>\n<p style=\"text-align:center;\"><\/p>\n<p>\u00a0<\/p>\n<div style=\"text-align:center;\">\n<div><\/div>\n<p style=\"text-align:justify;\"><strong>FACILIDAD DE SERVICIO<\/strong><\/p>\n<p style=\"text-align:justify;\">La interfaz de usuario f\u00e1cil de entender de Raypak, incluye tablero de diagnosticos y luces de estado, le dice al t\u00e9cnico todo lo que \u00e9l necesita saber. Todos los componentes de servicio\/reparaci\u00f3n son f\u00e1cilmente accesibles desde el frente para una m\u00e1xima flexibilidad de instalaci\u00f3n<\/p>\n<p><img loading=\"lazy\" decoding=\"async\" src=\"https:\/\/www.h2otek.com\/tienda\/img\/cms\/HIDELTA\/HIDELTA302BPANEL.jpg\" alt=\"\" width=\"394\" height=\"385\" \/><br \/>1 Centro de Control de Diagn\u00f3stico 2 Control de ignici\u00f3n Fenwal\u00a03 Placa de cableado punto central\u00a04 Transformador 5 Bomba de paro relevo\u00a06 Restablecedor manual de l\u00edmite alto\u00a07 Desconexi\u00f3n principal\u00a08 Interruptor de energ\u00eda de reserva\u00a09\u00a0Luces de estado<\/div>\n<div style=\"text-align:justify;\">\n<p><\/p>\n<div><strong>CENTRO DE DIAGN\u00d3STICO A BORDO<\/strong><\/div>\n<div>Los Hi Delta de Raypak (302B hasta 2342B) vienen equipados con un centro de control de diagn\u00f3stico controlado con un microprocesador \u00a0que muestra \u00a0informaci\u00f3n en una pantalla de 2&#215;20 caracteres en ingl\u00e9s llano. Este Sistema de control monitorea dispositivos de seguridad, fallos de encendido y estado del sistema, mientras almacena hasta 16 reportes de fallos. El centro de diagn\u00f3stico Raypak tambi\u00e9n monitorea los fallos de salida del control de ignici\u00f3n Fenwal \u00a0convirtiendo los c\u00f3digos de falla Fenwal en ingl\u00e9s real que cualquiera puede comprenderEl control esta tambi\u00e9n equipado con un relevador de contacto SPDT de salida seca que se activa en cualquier momento que se produce un fallo de seguridad.\u00a0. Esto puede ser usado para una alarma del calentador o una interfaz de seguridad BMS.<\/p>\n<p style=\"text-align:center;\"><img loading=\"lazy\" decoding=\"async\" src=\"https:\/\/www.h2otek.com\/tienda\/img\/cms\/HIDELTA\/onboard%20diagnostic%20center.jpg\" alt=\"\" width=\"303\" height=\"183\" \/><\/p>\n<\/div>\n<p><strong>INFORMACI\u00d3N DE DIAGN\u00d3STICO<\/strong><\/p>\n<div>\n<p><strong>Fallas de Seguridad<\/strong><\/p>\n<ul>\n<li>\u00a0\u00a0\u00a0\u00a0\u00a0\u00a0\u00a0\u00a0 L\u00edmite Alto Manual<\/li>\n<li>\u00a0\u00a0\u00a0\u00a0\u00a0\u00a0\u00a0\u00a0 L\u00edmite Alto Autom\u00e1tico\u00a0<\/li>\n<li>\u00a0\u00a0\u00a0\u00a0\u00a0\u00a0\u00a0\u00a0 Bajo Nivel de Agua &#8211; Apagado\u00a0<\/li>\n<li>\u00a0\u00a0\u00a0\u00a0\u00a0\u00a0\u00a0\u00a0 Presi\u00f3n de Ventilaci\u00f3n\u00a0<\/li>\n<li>\u00a0\u00a0\u00a0\u00a0\u00a0\u00a0\u00a0\u00a0 Presi\u00f3n Alta del Gas\u00a0<\/li>\n<li>\u00a0\u00a0\u00a0\u00a0\u00a0\u00a0\u00a0\u00a0 Presi\u00f3n Baja del Gas\u00a0<\/li>\n<li>\u00a0\u00a0\u00a0\u00a0\u00a0\u00a0\u00a0\u00a0 Alarma del Controlador\u00a0<\/li>\n<li>\u00a0\u00a0\u00a0\u00a0\u00a0\u00a0\u00a0\u00a0 Interruptor de Flujo\u00a0<\/li>\n<li>\u00a0\u00a0\u00a0\u00a0\u00a0\u00a0\u00a0\u00a0 Interruptor del Soplador\u00a0<\/li>\n<li>\u00a0\u00a0\u00a0\u00a0\u00a0\u00a0\u00a0\u00a0 Opci\u00f3nes de F\u00e1brica\u00a0<\/li>\n<li>\u00a0\u00a0\u00a0\u00a0\u00a0\u00a0\u00a0\u00a0 Bloqueo Externo\u00a0<\/li>\n<li>\u00a0\u00a0\u00a0\u00a0\u00a0\u00a0\u00a0\u00a0 Correr Agua Fr\u00eda<\/li>\n<\/ul>\n<p>\u00a0<\/p>\n<p><strong>Fallas de Control de la Ignici\u00f3n<\/strong><\/p>\n<ul>\n<li>\u00a0\u00a0\u00a0\u00a0\u00a0\u00a0 Aire bajo<\/li>\n<li>\u00a0\u00a0\u00a0\u00a0\u00a0\u00a0 Flama &#8211; No CFH\u00a0<\/li>\n<li>\u00a0\u00a0\u00a0\u00a0\u00a0\u00a0 Bloqueo de Ignici\u00f3n\u00a0<\/li>\n<li>\u00a0\u00a0\u00a0\u00a0\u00a0\u00a0 Caudal bajo HSI\u00a0<\/li>\n<li>\u00a0\u00a0\u00a0\u00a0\u00a0\u00a0 24 VAC Bajo<\/li>\n<li>\u00a0\u00a0\u00a0\u00a0\u00a0\u00a0 Falla de Control Interno<\/li>\n<\/ul>\n<p><strong>Notas:<\/strong><\/div>\n<p>No incluye v\u00e1lvulas de servicio para gas o hidr\u00e1ulica<\/p>\n<p>Equipo disponible tambi\u00e9n para exterior, solicitar cotizaci\u00f3n<\/p>\n<p>No incluye control de operaci\u00f3n<\/p>\n<p><\/p>\n<p><strong>DESCARGAR MANUALES<\/strong><\/p>\n<\/div>\n<p><strong><br \/><\/strong><\/p>\n<ul>\n<li><em><strong>FOLLETOS<\/strong><\/em>\n<ul>\n<li><a href=\"http:\/\/www.h2otek.com\/tienda\/pdf\/aguacaliente\/FOLLETO_CONTROLADORES_ELECTRONICOS_TEMPERATURA.pdf\" target=\"_blank\" rel=\"noopener\">FOLLETO DE CONTROLADORES ELECTR\u00d3NICOS DE TEMPERATURA<\/a><\/li>\n<li><a href=\"http:\/\/www.h2otek.com\/tienda\/pdf\/aguacaliente\/FOLLETO_GUIA_DE_SELECCION_HIDELTA.pdf\" target=\"_blank\" rel=\"noopener\">GU\u00cdA DE SELECCI\u00d3N HI DELTA<\/a><\/li>\n<li><a href=\"http:\/\/www.h2otek.com\/tienda\/pdf\/aguacaliente\/FOLLETO_JUEGO_SURERAC_MOD_302_2342_HIDELTA.pdf\" target=\"_blank\" rel=\"noopener\">FOLLETO DE MODELOS KIT DE SURERAC HI DELTA<\/a><\/li>\n<\/ul>\n<\/li>\n<\/ul>\n<ul>\n<li><em><strong>HOJA DE DATOS<\/strong><\/em>\n<ul>\n<li><a href=\"http:\/\/www.h2otek.com\/tienda\/pdf\/aguacaliente\/CABALLOS_PIES_CUADRADOS_SUPERFICIE_CALOR.pdf\" target=\"_blank\" rel=\"noopener\">SUPERFICIE DE TRANSFERENCIA DE CALOR<\/a><\/li>\n<\/ul>\n<\/li>\n<\/ul>\n<ul>\n<li><em><strong>LISTAS DE PARTES ILUSTRADAS<\/strong><\/em>\n<ul>\n<li><a href=\"http:\/\/www.h2otek.com\/tienda\/pdf\/aguacaliente\/LISTA_DE_PARTES_ILUSTRADA_COMO_USAR_RAYPAK.pdf\" target=\"_blank\" rel=\"noopener\">COMO USAR TU RAYPAK<\/a><\/li>\n<li><a href=\"http:\/\/www.h2otek.com\/tienda\/pdf\/aguacaliente\/LISTA_PARTES_ILUSTRADA_CORRIENTE_AGUA_FRIA_.pdf\" target=\"_blank\" rel=\"noopener\">CORRER AGUA FR\u00cdA H Y WH HIDELTA<\/a><\/li>\n<li><a href=\"http:\/\/www.h2otek.com\/tienda\/pdf\/aguacaliente\/LISTA_PARTES_ILUSTRADA_AGUA_FRIA_INICIO_H_WH.pdf\" target=\"_blank\" rel=\"noopener\">INICIAR AGUA FR\u00cdA HI DELTA<\/a><\/li>\n<li><a href=\"http:\/\/www.h2otek.com\/tienda\/pdf\/aguacaliente\/LISTA_PARTES_ILUSTRADA_MODELO_302B_902.pdf\" target=\"_blank\" rel=\"noopener\">MODELOS 302B A 902B<\/a><\/li>\n<\/ul>\n<\/li>\n<\/ul>\n<ul>\n<li><em><strong>MANUALES DE INSTALACI\u00d3N Y OPERACI\u00d3N<\/strong><\/em>\n<ul>\n<li><a href=\"http:\/\/www.h2otek.com\/tienda\/pdf\/aguacaliente\/MANUAL_HIDELTA_302_902.pdf\" target=\"_blank\" rel=\"noopener\">MANUAL DE CONTROLADOR INICIAR DE AGUA FR\u00cdA<\/a><\/li>\n<li><a href=\"http:\/\/www.h2otek.com\/tienda\/pdf\/aguacaliente\/MANUAL_HIDELTA_302_902.pdf\" target=\"_blank\" rel=\"noopener\">MANUAL HI DELTA 302B A 902B<\/a><\/li>\n<li><a href=\"http:\/\/www.h2otek.com\/tienda\/pdf\/aguacaliente\/MANUAL_OPERACION_INSTALACION_CONTROLADOR_TEMP_ETAPA_2_4.pdf\" target=\"_blank\" rel=\"noopener\">MANUAL DE INSTALACI\u00d3N Y OPERACI\u00d3N DE CONTROLADOR DE TEMPERATURA<\/a><\/li>\n<\/ul>\n<\/li>\n<\/ul>\n<p>\u00a0<\/p>\n<p>\u00a0<\/p>\n<div style=\"text-align:justify;\"><strong><span style=\"color:#000000;\">PRECIO INCLUYE GASTOS DE ENVIO (GRATIS) E IMPUESTO 16 % DE IVA<\/span><\/strong><\/div>\n<\/div>\n<\/div>\n<\/div>\n","protected":false},"excerpt":{"rendered":"<p><span style=\"color: #ff0000;\"><strong>PARA PRECIO DE ESTE PRODUCTO FAVOR DE COMUNICARSE EN ATENCION A CLIENTES: info@h2otek.com O AL TEL: 01 800 94 26 835<\/strong><\/span><\/p>\n<p><strong>CALENTADOR DE AGUA PRESURIZADO INTERIOR \/SIN BOMBA. 85% EFICIENCIA<br \/>WH3 &#8211; 2 ETAPAS<\/strong><em><strong><br \/>RECOMENDADO PARA USO COMERCIAL-INDUSTRIAL<\/strong><\/em><\/p>\n<p><em><strong>IDEALES PARA CUALQUIER NECESIDAD DE AGUA CALIENTE, COMO PUEDE SER EN:<\/strong><\/em><\/p>\n<ul>\n<li><em><strong>HOTELES<\/strong><\/em><\/li>\n<li><em><strong>MOTELES<\/strong><\/em><\/li>\n<li><em><strong>CONDOMINIOS<\/strong><\/em><\/li>\n<li><em><strong>RESIDENCIAS<\/strong><\/em><\/li>\n<li><em><strong>INSTITUCIONES<\/strong><\/em><\/li>\n<li><em><strong>ESCUELAS<\/strong><\/em><\/li>\n<li><em><strong>HOSPITALES<\/strong><\/em><\/li>\n<li><em><strong>ETC.<\/strong><\/em><\/li>\n<\/ul>\n","protected":false},"featured_media":7308,"comment_status":"closed","ping_status":"closed","template":"","meta":[],"pwb-brand":[],"product_brand":[],"product_cat":[374,364],"product_tag":[],"class_list":{"0":"post-17803","1":"product","2":"type-product","3":"status-publish","4":"has-post-thumbnail","6":"product_cat-linea-hidelta-raypak","7":"product_cat-raypak-calentadores-de-agua-boilers-calderas","9":"first","10":"outofstock","11":"purchasable","12":"product-type-simple"},"brands":[],"_links":{"self":[{"href":"https:\/\/h2otek.com\/tienda\/wp-json\/wp\/v2\/product\/17803","targetHints":{"allow":["GET"]}}],"collection":[{"href":"https:\/\/h2otek.com\/tienda\/wp-json\/wp\/v2\/product"}],"about":[{"href":"https:\/\/h2otek.com\/tienda\/wp-json\/wp\/v2\/types\/product"}],"replies":[{"embeddable":true,"href":"https:\/\/h2otek.com\/tienda\/wp-json\/wp\/v2\/comments?post=17803"}],"wp:featuredmedia":[{"embeddable":true,"href":"https:\/\/h2otek.com\/tienda\/wp-json\/wp\/v2\/media\/7308"}],"wp:attachment":[{"href":"https:\/\/h2otek.com\/tienda\/wp-json\/wp\/v2\/media?parent=17803"}],"wp:term":[{"taxonomy":"pwb-brand","embeddable":true,"href":"https:\/\/h2otek.com\/tienda\/wp-json\/wp\/v2\/pwb-brand?post=17803"},{"taxonomy":"product_brand","embeddable":true,"href":"https:\/\/h2otek.com\/tienda\/wp-json\/wp\/v2\/product_brand?post=17803"},{"taxonomy":"product_cat","embeddable":true,"href":"https:\/\/h2otek.com\/tienda\/wp-json\/wp\/v2\/product_cat?post=17803"},{"taxonomy":"product_tag","embeddable":true,"href":"https:\/\/h2otek.com\/tienda\/wp-json\/wp\/v2\/product_tag?post=17803"}],"curies":[{"name":"wp","href":"https:\/\/api.w.org\/{rel}","templated":true}]}}