{"id":17773,"date":"2021-07-06T21:14:50","date_gmt":"2021-07-06T21:14:50","guid":{"rendered":"https:\/\/h2otek.com\/tienda\/producto\/bomba-para-piscina-velocidad-variable-230-volts-11-amperes-1-65-thp-raypak-professional-serie-mod-ps165vsp\/"},"modified":"2022-10-07T20:05:23","modified_gmt":"2022-10-07T20:05:23","slug":"bomba-para-piscina-velocidad-variable-230-volts-11-amperes-1-65-thp-raypak-professional-serie-mod-ps165vsp","status":"publish","type":"product","link":"https:\/\/h2otek.com\/tienda\/producto\/bomba-para-piscina-velocidad-variable-230-volts-11-amperes-1-65-thp-raypak-professional-serie-mod-ps165vsp\/","title":{"rendered":"BOMBA PARA PISCINA VELOCIDAD VARIABLE 230 VOLTS 11 AMPERES 1.65 THP RAYPAK PROFESSIONAL SERIE MOD. PS165VSP"},"content":{"rendered":"<p style=\"text-align: center;\"><img fetchpriority=\"high\" decoding=\"async\" src=\"https:\/\/h2otek.com\/tienda\/img\/cms\/aguacaliente\/raypak\/bomba-alberca\/header-bombapiscinas-raypak-professionalseries-PS165VSP.jpg\" alt=\"\" width=\"650\" height=\"300\" \/><\/p>\n<p style=\"text-align: left;\"><span style=\"text-decoration: underline;\"><strong><br \/>\nBOMBA PARA ALBERCAS PROFESSIONAL SERIE RAYPAK<br \/>\n<\/strong><\/span><\/p>\n<div id=\"tab-description\" class=\"panel wc-tab entry-content active\" style=\"text-align: justify;\">\n<p><span id=\"source-is\" class=\"goog-textarea short_text\" dir=\"ltr\" lang=\"es\" style=\"padding-bottom: 32px; height: 69px; padding-right: 20px;\" xml:lang=\"es\"><span title=\"Raypak's XTherm product packs everything you need into one cabinet \u2013 a vertical heat exchanger, ultra-high efficiency (up to 97%), a heater pumping package, easy-to-understand diagnostics, low emissions, even a built-in multi-unit\"><span id=\"result_box\" lang=\"es\" xml:lang=\"es\"><span title=\"In a word, it demands a Raypak Professional series pool heater.\"><span lang=\"es\" xml:lang=\"es\"><strong>Trabajar m\u00e1s inteligentemente, no m\u00e1s dif\u00edcil<\/strong><\/span><\/span><\/span><\/span><\/span><\/p>\n<p>Las <strong>bombas Raypak de la serie Professional VS<\/strong> le permiten adaptar su bomba a los requisitos de su piscina. Los propietarios de viviendas ya no est\u00e1n encerrados en una bomba de piscina de un solo tama\u00f1o. Su t\u00e9cnico de servicio puede ajustar la bomba Raypak para que funcione a una velocidad m\u00e1s baja durante un per\u00edodo de tiempo m\u00e1s largo, lo que le permite AHORRAR dinero mientras la piscina se mantiene reluciente.<\/p>\n<p>Tambi\u00e9n se puede configurar para que funcione a mayor velocidad para su limpiador autom\u00e1tico de piscinas y luego disminuya a una velocidad baja durante el resto del ciclo de filtraci\u00f3n.<\/p>\n<p style=\"text-align: justify;\"><strong>CARACTER\u00cdSTICAS:<br \/>\n<\/strong><\/p>\n<ul>\n<li><span lang=\"es\" xml:lang=\"es\"><span title=\"If you live in an area where your natural or propane gas costs have outpaced your electricity costs, the savings can be big.\"><span lang=\"es\" xml:lang=\"es\"><span title=\"High-performance, medium-head variable-speed pump. \u00a0\u00a0\u00a0\u00a0\">Bomba de alto rendimiento y velocidad media de velocidad variable.<\/span><\/span><\/span><\/span><\/li>\n<li><span lang=\"es\" xml:lang=\"es\"><span title=\"If you live in an area where your natural or propane gas costs have outpaced your electricity costs, the savings can be big.\"><span lang=\"es\" xml:lang=\"es\"><span title=\"Self-priming pump.\">Bomba autocebante. <\/span><span title=\"Motor will run for 3 minutes at 2600rpm.\">El motor funcionar\u00e1 durante 3 minutos a 2600 RPM. <\/span><span title=\"After priming mode is complete, pump will start at the user programmed speed. \u00a0\u00a0\u00a0\u00a0\">Despu\u00e9s de que se complete el modo de cebado, la bomba comenzar\u00e1 a la velocidad programada por el usuario.<\/span><\/span><\/span><\/span><\/li>\n<li><span lang=\"es\" xml:lang=\"es\"><span title=\"If you live in an area where your natural or propane gas costs have outpaced your electricity costs, the savings can be big.\"><span lang=\"es\" xml:lang=\"es\"><span title=\"Robust mechanical shaft seal allows pump to accidentally run dry for up to 1 hour. \u00a0\u00a0\u00a0\u00a0\">El robusto sello mec\u00e1nico del eje permite que la bomba se seque accidentalmente hasta durante 1 hora.<\/span><\/span><\/span><\/span><\/li>\n<li><span lang=\"es\" xml:lang=\"es\"><span title=\"If you live in an area where your natural or propane gas costs have outpaced your electricity costs, the savings can be big.\"><span lang=\"es\" xml:lang=\"es\"><span title=\"Easy to program variable-speed controller complete with a built-in 24-hour timer.\">F\u00e1cil de programar controlador de velocidad variable completo con un temporizador de 24 horas incorporado. <\/span><span title=\"Allows up to 3 program modes;\">Permite hasta 3 modos de programa; <\/span><span title=\"cleaner cycle, low rpm filtration cycle, high speed or off cycle.\">ciclo de limpieza, ciclo de filtraci\u00f3n de baja velocidad, alta velocidad o fuera de ciclo. <\/span><span title=\"Less than 5 minutes to program. \u00a0\u00a0\u00a0\u00a0\">Menos de 5 minutos para programar.<\/span><\/span><\/span><\/span><\/li>\n<li><span lang=\"es\" xml:lang=\"es\"><span title=\"If you live in an area where your natural or propane gas costs have outpaced your electricity costs, the savings can be big.\"><span lang=\"es\" xml:lang=\"es\"><span title=\"Override button for full pump control without interrupting 24-hour program cycle.\">Bot\u00f3n de anulaci\u00f3n para un control total de la bomba sin interrumpir el ciclo del programa de 24 horas. <\/span><span title=\"24-hour program runs invisibly in the background and resumes once override function is complete. \u00a0\u00a0\u00a0\u00a0\">El programa de 24 horas se ejecuta de forma invisible en segundo plano y se reanuda una vez que se completa la funci\u00f3n de anulaci\u00f3n.<\/span><\/span><\/span><\/span><\/li>\n<li><span lang=\"es\" xml:lang=\"es\"><span title=\"If you live in an area where your natural or propane gas costs have outpaced your electricity costs, the savings can be big.\"><span lang=\"es\" xml:lang=\"es\"><span title=\"Programming will stay intact during power outage.\">La programaci\u00f3n permanecer\u00e1 intacta durante el corte de energ\u00eda. <\/span><span title=\"Pump will automatically resume operation at beginning of the program when power is restored. \u00a0\u00a0\u00a0\u00a0\">La bomba reanudar\u00e1 autom\u00e1ticamente la operaci\u00f3n al comienzo del programa cuando se restablezca la energ\u00eda.<\/span><\/span><\/span><\/span><\/li>\n<li><span lang=\"es\" xml:lang=\"es\"><span title=\"If you live in an area where your natural or propane gas costs have outpaced your electricity costs, the savings can be big.\"><span lang=\"es\" xml:lang=\"es\"><span title=\"Built-in freeze protection, runs pump at 2600rpm for 8 hours when ambient drops below 39\u00b0F. \u00a0\u00a0\u00a0\u00a0\">Protecci\u00f3n contra congelamiento incorporada, hace funcionar la bomba a 2600 RPM durante 8 horas cuando el ambiente cae por debajo de 39\u00b0 F.<\/span><\/span><\/span><\/span><\/li>\n<li><span lang=\"es\" xml:lang=\"es\"><span title=\"If you live in an area where your natural or propane gas costs have outpaced your electricity costs, the savings can be big.\"><span lang=\"es\" xml:lang=\"es\"><span title=\"Compatible with most major automation controllers.\">Compatible con la mayor\u00eda de los principales controladores de automatizaci\u00f3n. <\/span><span title=\"See I\/O manual for wiring instructions. \u00a0\u00a0\u00a0\u00a0\">Vea el manual de E\/S para las instrucciones de cableado.<\/span><\/span><\/span><\/span><\/li>\n<li><span lang=\"es\" xml:lang=\"es\"><span title=\"If you live in an area where your natural or propane gas costs have outpaced your electricity costs, the savings can be big.\"><span lang=\"es\" xml:lang=\"es\"><span title=\"Remote Controller (optional): Same controller used on the PS270VSP.\">Controlador remoto (opcional): Mismo controlador utilizado en el PS270VSP. <\/span><span title=\"View diagnostic information, remote mount controller.\">Ver informaci\u00f3n de diagn\u00f3stico, controlador de montaje remoto. <\/span><span title=\"Ability to perform advanced programming.\">Capacidad de realizar una programaci\u00f3n avanzada. <\/span><span title=\"Uses RS485 connection. \u00a0\u00a0\u00a0\u00a0\">Utiliza la conexi\u00f3n RS485.<\/span><\/span><\/span><\/span><\/li>\n<li><span lang=\"es\" xml:lang=\"es\"><span title=\"If you live in an area where your natural or propane gas costs have outpaced your electricity costs, the savings can be big.\"><span lang=\"es\" xml:lang=\"es\"><span title=\"Limited Warranty: 2 years from date of installation.\">Garant\u00eda limitada: 2 a\u00f1os desde la fecha de instalaci\u00f3n.<\/span><\/span><\/span><\/span><\/li>\n<\/ul>\n<p>&nbsp;<\/p>\n<\/div>\n<p style=\"text-align: center;\"><strong><br \/>\nPARTES<\/strong><\/p>\n<p style=\"text-align: center;\"><img decoding=\"async\" src=\"https:\/\/h2otek.com\/tienda\/img\/cms\/aguacaliente\/raypak\/bomba-alberca\/partes-bombapiscinas-raypak-professionalseries.jpg\" alt=\"\" width=\"680\" height=\"495\" \/><\/p>\n<p>&nbsp;<\/p>\n<p>&nbsp;<\/p>\n<p style=\"text-align: center;\"><strong><span style=\"text-align: start;\">TABLA DE ESPECIFICACIONES:<\/span><\/strong><\/p>\n<p style=\"text-align: center;\"><img decoding=\"async\" src=\"https:\/\/h2otek.com\/tienda\/img\/cms\/aguacaliente\/raypak\/bomba-alberca\/tabla-dimensiones-bombapiscinas-raypak-professionalseries-PS165VSP.jpg\" alt=\"\" width=\"600\" height=\"118\" \/><\/p>\n<p>&nbsp;<\/p>\n<p>&nbsp;<\/p>\n<p style=\"text-align: center;\"><strong><span style=\"text-align: start;\">DIMENSIONES:<\/span><\/strong><\/p>\n<p style=\"text-align: center;\"><img loading=\"lazy\" decoding=\"async\" src=\"https:\/\/h2otek.com\/tienda\/img\/cms\/aguacaliente\/raypak\/bomba-alberca\/dimensiones-bombapiscinas-raypak-professionalseries-PS165VSP.jpg\" alt=\"\" width=\"650\" height=\"344\" \/><\/p>\n<p>&nbsp;<\/p>\n<p><strong>DESCARGAR MANUALES<\/strong><\/p>\n<ul>\n<li><strong><a href=\"http:\/\/www.h2otek.com\/tienda\/pdf\/aguacaliente\/FOLLETO%20BOMBA%20DE%20CALOR%20PARA%20ALBERCA%20VELOCIDAD%20VARIABLE%20RAYPAK%20PROFESSIONAL%20SERIES%20PS165VSP.pdf\" target=\"_blank\" rel=\"noopener\">FOLLETO<\/a><\/strong><\/li>\n<li><strong><a href=\"http:\/\/www.h2otek.com\/tienda\/pdf\/aguacaliente\/GUIA%20RAPIDA%20BOMBA%20DE%20CALOR%20PARA%20ALBERCA%20VELOCIDAD%20VARIABLE%20RAYPAK%20PROFESSIONAL%20SERIES%20PS165VSP.pdf\" target=\"_blank\" rel=\"noopener\">GU\u00cdA R\u00c1PIDA<\/a><\/strong><\/li>\n<li><strong><a href=\"http:\/\/www.h2otek.com\/tienda\/pdf\/aguacaliente\/MANUAL%20INSTALACION%20Y%20OPERACION%20BOMBA%20DE%20CALOR%20PARA%20ALBERCA%20VELOCIDAD%20VARIABLE%20RAYPAK%20PROFESSIONAL%20SERIES%20PS165VSP.pdf\" target=\"_blank\" rel=\"noopener\">MANUAL DE INSTALACI\u00d3N Y OPERACI\u00d3N<\/a><\/strong><\/li>\n<\/ul>\n<p>&nbsp;<\/p>\n<div>\n<p style=\"text-align: left;\"><strong>PRECIO INCLUYE GASTOS DE ENVIO (GRATIS) E IMPUESTO 16% DE IVA.<\/strong><\/p>\n<\/div>\n","protected":false},"excerpt":{"rendered":"<p><span style=\"color: #ff0000;\"><strong>PARA PRECIO DE ESTE PRODUCTO FAVOR DE COMUNICARSE EN ATENCION A CLIENTES: info@h2otek.com O AL TEL: 01 800 94 26 835<br \/>\n<\/strong><\/span><\/p>\n<p><span style=\"color: #ff0000;\"><strong>BOMBA PARA ALBERCAS 230V. 11 AMPERES 1.65 THP MARCA RAYPAK<\/strong><\/span><\/p>\n<p><strong>CALEFACCI\u00d3N EN PISCINAS POR DEMANDA O RECIRCULACION DE AGUA CALIENTE. OPERACI\u00d3N SILENCIOSA.<em><br \/>\n<\/em><\/strong><\/p>\n<p><em><strong>IDEALES EN:<\/strong><\/em><\/p>\n<ul>\n<li><em><strong>ALBERCA \u00d3 PISCINA<br \/>\n<\/strong><\/em><\/li>\n<li><em><strong>SPA<\/strong><\/em><\/li>\n<li><em><strong>JACUZZI<\/strong><\/em><\/li>\n<li><em><strong>HIDROMASAJE, ETC.<\/strong><\/em><\/li>\n<\/ul>\n","protected":false},"featured_media":3802,"comment_status":"closed","ping_status":"closed","template":"","meta":[],"pwb-brand":[],"product_brand":[],"product_cat":[528],"product_tag":[],"class_list":{"0":"post-17773","1":"product","2":"type-product","3":"status-publish","4":"has-post-thumbnail","6":"product_cat-bomba-de-alberca-piscina-profesional-ps165vsp","8":"first","9":"outofstock","10":"purchasable","11":"product-type-simple"},"brands":[],"_links":{"self":[{"href":"https:\/\/h2otek.com\/tienda\/wp-json\/wp\/v2\/product\/17773","targetHints":{"allow":["GET"]}}],"collection":[{"href":"https:\/\/h2otek.com\/tienda\/wp-json\/wp\/v2\/product"}],"about":[{"href":"https:\/\/h2otek.com\/tienda\/wp-json\/wp\/v2\/types\/product"}],"replies":[{"embeddable":true,"href":"https:\/\/h2otek.com\/tienda\/wp-json\/wp\/v2\/comments?post=17773"}],"wp:featuredmedia":[{"embeddable":true,"href":"https:\/\/h2otek.com\/tienda\/wp-json\/wp\/v2\/media\/3802"}],"wp:attachment":[{"href":"https:\/\/h2otek.com\/tienda\/wp-json\/wp\/v2\/media?parent=17773"}],"wp:term":[{"taxonomy":"pwb-brand","embeddable":true,"href":"https:\/\/h2otek.com\/tienda\/wp-json\/wp\/v2\/pwb-brand?post=17773"},{"taxonomy":"product_brand","embeddable":true,"href":"https:\/\/h2otek.com\/tienda\/wp-json\/wp\/v2\/product_brand?post=17773"},{"taxonomy":"product_cat","embeddable":true,"href":"https:\/\/h2otek.com\/tienda\/wp-json\/wp\/v2\/product_cat?post=17773"},{"taxonomy":"product_tag","embeddable":true,"href":"https:\/\/h2otek.com\/tienda\/wp-json\/wp\/v2\/product_tag?post=17773"}],"curies":[{"name":"wp","href":"https:\/\/api.w.org\/{rel}","templated":true}]}}