{"id":17607,"date":"2021-07-06T21:14:02","date_gmt":"2021-07-06T21:14:02","guid":{"rendered":"https:\/\/h2otek.com\/tienda\/producto\/boiler-de-deposito-gas-natural-76-litros-2-servicios-4kw-79-de-eficiencia-termica-marca-indugas-mod-indg-20n-677590\/"},"modified":"2022-10-14T23:33:53","modified_gmt":"2022-10-14T23:33:53","slug":"boiler-de-deposito-gas-natural-76-litros-2-servicios-4kw-79-de-eficiencia-termica-marca-indugas-mod-indg-20n-677590","status":"publish","type":"product","link":"https:\/\/h2otek.com\/tienda\/producto\/boiler-de-deposito-gas-natural-76-litros-2-servicios-4kw-79-de-eficiencia-termica-marca-indugas-mod-indg-20n-677590\/","title":{"rendered":"BOILER DE DEPOSITO GAS NATURAL 76 LITROS 2 SERVICIOS 4KW 79% DE EFICIENCIA T\u00c9RMICA MARCA INDUGAS MOD. INDG-20N\/677590"},"content":{"rendered":"<div style=\"text-align: center;\"><img fetchpriority=\"high\" decoding=\"async\" src=\"https:\/\/h2otek.com\/tienda\/img\/cms\/aguacaliente\/indugas\/gas\/header-calentador-indugas-gas-INDG-20N.jpg\" alt=\"header-calentador-indugas-gas\" width=\"650\" height=\"300\" \/><\/div>\n<div><\/div>\n<p style=\"text-align: justify;\"><strong>Indugas<\/strong>, reconocida por la excelente manufactura y rendimiento de sus calentadores de agua, presenta ahora en M\u00e9xico su completa l\u00ednea de <strong>Calentadores Dep\u00f3sito a Gas<\/strong> al precio m\u00e1s competitivo para tu econom\u00eda personal.<\/p>\n<p><strong>CARACTER\u00cdSTICAS:<\/strong><\/p>\n<ul>\n<li>Quemador de acero aluminizado<br \/>\nPara larga duraci\u00f3n<\/li>\n<li>Multiservicios (1, 1.5 y 2 servicios seg\u00fan el modelo)<\/li>\n<li>V\u00e1lvula de drenado<br \/>\nFacilita el mantenimiento y alarga la vida del calentador<\/li>\n<li>Para climas fr\u00edos<\/li>\n<li>Gran durabilidad<\/li>\n<li>Refacciones originales disponibles<\/li>\n<li>Aislamiento t\u00e9rmico de poliuretano<br \/>\nReduce al m\u00ednimo las p\u00e9rdidas de temperatura.<br \/>\nDisminuye 50% las p\u00e9rdidas de energ\u00eda.<\/li>\n<\/ul>\n<p style=\"text-align: justify;\">\n<ul>\n<li>\u00c1nodo de magnesio<br \/>\nProtege al calentador de agua contra la corrosi\u00f3n.<\/li>\n<\/ul>\n<p style=\"text-align: justify;\">\n<ul>\n<li>Tanque de grueso calibre<br \/>\nRecubierto con porcelanizado especial que alarga la vida del producto.<\/li>\n<\/ul>\n<p style=\"text-align: justify;\">\n<ul>\n<li>Termostato autom\u00e1tico<br \/>\nCon sistema de seguridad por ausencia de flama y sobrecalentamiento.<\/li>\n<\/ul>\n<p>&nbsp;<\/p>\n<p style=\"text-align: justify;\">\n<p style=\"text-align: center;\"><span style=\"font-size: small;\"><img decoding=\"async\" src=\"https:\/\/h2otek.com\/tienda\/img\/cms\/aguacaliente\/indugas\/gas\/funciones-calentador-indugas-gas.jpg\" alt=\"funciones-calentador-indugas-gas.jpg\" width=\"650\" height=\"178\" \/><br \/>\n<\/span><\/p>\n<p>&nbsp;<\/p>\n<p style=\"text-align: center;\"><img decoding=\"async\" src=\"https:\/\/h2otek.com\/tienda\/img\/cms\/aguacaliente\/indugas\/gas\/imagen-calentador-indugas-gas.jpg\" alt=\"\" width=\"650\" height=\"739\" \/><\/p>\n<p>&nbsp;<\/p>\n<p style=\"text-align: center;\"><img loading=\"lazy\" decoding=\"async\" src=\"https:\/\/h2otek.com\/tienda\/img\/cms\/aguacaliente\/indugas\/gas\/caracteristicas-calentador-indugas-gas.jpg\" alt=\"caracteristicas-calentador-indugas-gas.j\" width=\"650\" height=\"585\" \/><\/p>\n<p>&nbsp;<\/p>\n<p>&nbsp;<\/p>\n<p style=\"text-align: center;\"><strong>TABLA DE ESPECIFICACIONES<\/strong><\/p>\n<p style=\"text-align: center;\"><img loading=\"lazy\" decoding=\"async\" src=\"https:\/\/h2otek.com\/tienda\/img\/cms\/aguacaliente\/indugas\/gas\/especificaciones-calentador-indugas-gas-INDG-20N.gif\" alt=\"especificaciones-calentador-gas\" width=\"579\" height=\"331\" \/><\/p>\n<p>&nbsp;<\/p>\n<p>&nbsp;<\/p>\n<p style=\"text-align: center;\"><strong>CERTIFICACIONES:<\/strong><\/p>\n<p style=\"text-align: center;\"><img loading=\"lazy\" decoding=\"async\" src=\"https:\/\/h2otek.com\/tienda\/img\/cms\/aguacaliente\/indugas\/electricos\/certificaciones-calentador-indugas-electrico.jpg\" alt=\"\" width=\"155\" height=\"80\" \/><\/p>\n<p style=\"text-align: justify;\"><strong><span style=\"color: #4a4a4a;\">\u00a0<\/span><\/strong><\/p>\n<p><strong>DESCARGAR MANUALES:<\/strong><\/p>\n<ul>\n<li><strong><a href=\"http:\/\/www.h2otek.com\/tienda\/pdf\/aguacaliente\/FOLLETO%20CALENTADORES%20DEPOSITO%20GAS%20INDUGAS.pdf\" target=\"_blank\" rel=\"noopener\">FOLLETO<\/a><\/strong><\/li>\n<\/ul>\n<p>&nbsp;<\/p>\n<div><strong><span style=\"color: #000000;\"><strong>PRECIO INCLUYE GASTOS DE ENVIO (GRATIS) E IMPUESTO <\/strong>16 % DE IVA<\/span><\/strong><\/div>\n","protected":false},"excerpt":{"rendered":"<p><strong><span style=\"color: #ff0000;\">PRECIO EN PESOS MEXICANOS.<\/span><\/strong><\/p>\n<p><strong>BOILER DE DEP\u00d3SITO GAS NATURAL 76 LITROS 4KW PARA 2 SERVICIOS, 79% DE EFICIENCIA T\u00c9RMICA<\/strong><em><br \/>\n<\/em><\/p>\n<p><strong>RECOMENDADO PARA PUNTO DE USO<\/strong><\/p>\n<p><em><strong>IDEALES PARA CUALQUIER NECESIDAD DE AGUA CALIENTE, COMO PUEDE SER EN:<\/strong><\/em><\/p>\n<ul>\n<li><em><strong>CASAS<\/strong><\/em><\/li>\n<li><em><strong>ESTETICAS<\/strong><\/em><\/li>\n<li><em><strong>SPA<\/strong><\/em><\/li>\n<li><em><strong>RESIDENCIAS<\/strong><\/em><\/li>\n<li><em><strong>DEPARTAMENTOS<\/strong><\/em><\/li>\n<li><em><strong>CONDOMINIOS<\/strong><\/em><\/li>\n<li><em><strong>CASA DE CAMPO<\/strong><\/em><\/li>\n<li><em><strong>LOCALES<\/strong><\/em><\/li>\n<li><em><strong>ETC.<\/strong><\/em><\/li>\n<\/ul>\n<p><strong>VENTA SOLO POR LOTE (UN LOTE DE 2 PIEZAS)<\/strong><\/p>\n<p><strong>PRECIO QUE APARECE EN EL PRODUCTO ES UNITARIO YA CON IVA.<\/strong><\/p>\n","protected":false},"featured_media":2656,"comment_status":"closed","ping_status":"closed","template":"","meta":[],"pwb-brand":[],"product_brand":[],"product_cat":[382,392],"product_tag":[],"class_list":{"0":"post-17607","1":"product","2":"type-product","3":"status-publish","4":"has-post-thumbnail","6":"product_cat-agua-caliente-boilers-calentadores-de-agua","7":"product_cat-en-gas-natural-boilers-calentadores-de-agua","9":"first","10":"onbackorder","11":"product-type-simple"},"brands":[],"_links":{"self":[{"href":"https:\/\/h2otek.com\/tienda\/wp-json\/wp\/v2\/product\/17607","targetHints":{"allow":["GET"]}}],"collection":[{"href":"https:\/\/h2otek.com\/tienda\/wp-json\/wp\/v2\/product"}],"about":[{"href":"https:\/\/h2otek.com\/tienda\/wp-json\/wp\/v2\/types\/product"}],"replies":[{"embeddable":true,"href":"https:\/\/h2otek.com\/tienda\/wp-json\/wp\/v2\/comments?post=17607"}],"wp:featuredmedia":[{"embeddable":true,"href":"https:\/\/h2otek.com\/tienda\/wp-json\/wp\/v2\/media\/2656"}],"wp:attachment":[{"href":"https:\/\/h2otek.com\/tienda\/wp-json\/wp\/v2\/media?parent=17607"}],"wp:term":[{"taxonomy":"pwb-brand","embeddable":true,"href":"https:\/\/h2otek.com\/tienda\/wp-json\/wp\/v2\/pwb-brand?post=17607"},{"taxonomy":"product_brand","embeddable":true,"href":"https:\/\/h2otek.com\/tienda\/wp-json\/wp\/v2\/product_brand?post=17607"},{"taxonomy":"product_cat","embeddable":true,"href":"https:\/\/h2otek.com\/tienda\/wp-json\/wp\/v2\/product_cat?post=17607"},{"taxonomy":"product_tag","embeddable":true,"href":"https:\/\/h2otek.com\/tienda\/wp-json\/wp\/v2\/product_tag?post=17607"}],"curies":[{"name":"wp","href":"https:\/\/api.w.org\/{rel}","templated":true}]}}