{"id":17576,"date":"2021-07-06T21:13:57","date_gmt":"2021-07-06T21:13:57","guid":{"rendered":"https:\/\/h2otek.com\/tienda\/producto\/kit-bomba-recirculadora-bajo-demanda-estandar-rheem-mod-ap18403\/"},"modified":"2022-10-17T18:22:17","modified_gmt":"2022-10-17T18:22:17","slug":"kit-bomba-recirculadora-bajo-demanda-estandar-rheem-mod-ap18403","status":"publish","type":"product","link":"https:\/\/h2otek.com\/tienda\/producto\/kit-bomba-recirculadora-bajo-demanda-estandar-rheem-mod-ap18403\/","title":{"rendered":"KIT BOMBA RECIRCULADORA BAJO DEMANDA &#8211; ESTANDAR RHEEM MOD. AP18403"},"content":{"rendered":"<p style=\"text-align: center;\"><img fetchpriority=\"high\" decoding=\"async\" src=\"https:\/\/h2otek.com\/tienda\/img\/cms\/aguacaliente\/rheem\/accesorios\/header-accesorios-rheem-AP18403.jpg\" alt=\"\" width=\"650\" height=\"300\" \/><\/p>\n<p style=\"text-align: center;\">\u00a0<\/p>\n<p style=\"text-align: left;\">Kit de bomba de demanda de recirculaci\u00f3n Rheem AP18403 (est\u00e1ndar)<\/p>\n<p>La bomba de recirculaci\u00f3n a pedido est\u00e1ndar es una soluci\u00f3n de f\u00e1cil instalaci\u00f3n y perfecta para nuevas construcciones, cumpliendo con las regulaciones de activaci\u00f3n a pedido para nuevos hogares. <\/p>\n<p>APLICACIONES &#8211; Nueva construcci\u00f3n <br \/>LOCALIZACI\u00d3N DE LA INSTALACI\u00d3N &#8211; Junto al calentador de agua <br \/>ACTIVACI\u00d3N &#8211; Pulsador con cable (incluido), sensor de movimiento o transmisor remoto<br \/>REQUISITOS DE FONTANER\u00cdA &#8211; Requiere una l\u00ednea de retorno dedicada <br \/>COMPATIBILIDAD &#8211; Calentadores de agua tipo tanque y sin tanque<\/p>\n<p><strong>EL KIT CONTIENE<\/strong> <\/p>\n<ul>\n<li>008-CT Taco Genie<\/li>\n<li>Bot\u00f3n con cable<\/li>\n<li>Diagramas de tuber\u00edas y hojas de instrucciones para facilitar la instalaci\u00f3n<\/li>\n<\/ul>\n<p>\u00a0<\/p>\n<p>\u00a0<\/p>\n<p style=\"text-align: left;\"><strong>DESCARGAR MANUALES<\/strong><\/p>\n<ul>\n<li><strong><a href=\"https:\/\/h2otek.com\/tienda\/img\/cms\/aguacaliente\/rheem\/accesorios\/ACCESORIOS%20RHEEM.pdf\" target=\"_blank\" rel=\"noopener\">FOLLETO<\/a><\/strong><\/li>\n<li><strong><a href=\"https:\/\/h2otek.com\/tienda\/img\/cms\/aguacaliente\/rheem\/accesorios\/MANUAL%20AP18403%20-%20AP18537.pdf\" target=\"_blank\" rel=\"noopener\">MANUAL<\/a><\/strong><\/li>\n<\/ul>\n<p>\u00a0<\/p>\n<p style=\"text-align: left;\"><span style=\"color: #000000;\"><strong>PRECIO INCLUYE GASTOS DE ENVIO (GRATIS) E IMPUESTO 16% DE IVA.<\/strong><\/span><\/p>\n","protected":false},"excerpt":{"rendered":"<p><span style=\"color: #ff0000;\"><strong>PRECIO\u00a0EN DOLARES US.<\/strong><\/span><\/p>\n<p><strong>KIT BOMBA RECIRCULADORA<\/strong><\/p>\n","protected":false},"featured_media":8078,"comment_status":"closed","ping_status":"closed","template":"","meta":[],"pwb-brand":[],"product_brand":[],"product_cat":[408,773],"product_tag":[],"class_list":{"0":"post-17576","1":"product","2":"type-product","3":"status-publish","4":"has-post-thumbnail","6":"product_cat-accesorios-y-control-agua-caliente","7":"product_cat-rheem-accesorios","9":"first","10":"onbackorder","11":"product-type-simple"},"brands":[],"_links":{"self":[{"href":"https:\/\/h2otek.com\/tienda\/wp-json\/wp\/v2\/product\/17576","targetHints":{"allow":["GET"]}}],"collection":[{"href":"https:\/\/h2otek.com\/tienda\/wp-json\/wp\/v2\/product"}],"about":[{"href":"https:\/\/h2otek.com\/tienda\/wp-json\/wp\/v2\/types\/product"}],"replies":[{"embeddable":true,"href":"https:\/\/h2otek.com\/tienda\/wp-json\/wp\/v2\/comments?post=17576"}],"wp:featuredmedia":[{"embeddable":true,"href":"https:\/\/h2otek.com\/tienda\/wp-json\/wp\/v2\/media\/8078"}],"wp:attachment":[{"href":"https:\/\/h2otek.com\/tienda\/wp-json\/wp\/v2\/media?parent=17576"}],"wp:term":[{"taxonomy":"pwb-brand","embeddable":true,"href":"https:\/\/h2otek.com\/tienda\/wp-json\/wp\/v2\/pwb-brand?post=17576"},{"taxonomy":"product_brand","embeddable":true,"href":"https:\/\/h2otek.com\/tienda\/wp-json\/wp\/v2\/product_brand?post=17576"},{"taxonomy":"product_cat","embeddable":true,"href":"https:\/\/h2otek.com\/tienda\/wp-json\/wp\/v2\/product_cat?post=17576"},{"taxonomy":"product_tag","embeddable":true,"href":"https:\/\/h2otek.com\/tienda\/wp-json\/wp\/v2\/product_tag?post=17576"}],"curies":[{"name":"wp","href":"https:\/\/api.w.org\/{rel}","templated":true}]}}