{"id":17542,"date":"2021-07-06T21:13:47","date_gmt":"2021-07-06T21:13:47","guid":{"rendered":"https:\/\/h2otek.com\/tienda\/producto\/indicador-de-mano-humedad-temperatura-con-pantalla-tactil-marca-dickson-mod-th700\/"},"modified":"2022-10-17T18:36:00","modified_gmt":"2022-10-17T18:36:00","slug":"indicador-de-mano-humedad-temperatura-con-pantalla-tactil-marca-dickson-mod-th700","status":"publish","type":"product","link":"https:\/\/h2otek.com\/tienda\/producto\/indicador-de-mano-humedad-temperatura-con-pantalla-tactil-marca-dickson-mod-th700\/","title":{"rendered":"INDICADOR DE MANO HUMEDAD-TEMPERATURA CON PANTALLA T\u00c1CTIL MARCA DICKSON MOD. TH700"},"content":{"rendered":"<p style=\"text-align: center;\"><img fetchpriority=\"high\" decoding=\"async\" src=\"https:\/\/h2otek.com\/tienda\/img\/cms\/controlhumedad\/dickson\/header-dickson-TH700.gif\" alt=\"\" width=\"650\" height=\"300\" \/><\/p>\n<p style=\"text-align: justify;\"><strong>CARACTER\u00cdSTICAS:<\/strong><\/p>\n<ul>\n<li>Obtenga valores de temperatura y humedad al alcance de su mano.<\/li>\n<li>Los nuevos indicadores de mano de pantalla t\u00e1ctil de Dickson son ideales para medir valores ambientales en la industria alimentaria y al probar sistemas HVAC<\/li>\n<li>El TH700 tambi\u00e9n est\u00e1 equipado con un sensor reemplazable, por lo que la calibraci\u00f3n es muy f\u00e1cil<\/li>\n<li>Funda de silicona antideslizante<\/li>\n<li>Pantalla t\u00e1ctil<\/li>\n<li>Sensor reemplazable habilitado<\/li>\n<li>Bateria cargada<\/li>\n<\/ul>\n<p>&nbsp;<\/p>\n<p style=\"text-align: justify;\">\n<p style=\"text-align: center;\"><strong>\u00a0TABLA DE ESPECIFICACIONES<\/strong><\/p>\n<p><img decoding=\"async\" src=\"https:\/\/h2otek.com\/tienda\/img\/cms\/controlhumedad\/dickson\/especificaciones-dickson-TH700.gif\" alt=\"\" width=\"656\" height=\"439\" \/><\/p>\n<p>&nbsp;<\/p>\n<p>&nbsp;<\/p>\n<p style=\"text-align: justify;\"><strong>DESCARGAR MANUALES<\/strong><\/p>\n<ul>\n<li><strong><a href=\"https:\/\/h2otek.com\/tienda\/img\/cms\/controlhumedad\/dickson\/ESPECIFICACIONES%20INDICADOR%20DE%20MANO%20CON%20PANTALLA%20TACTIL%20DICKSON%20TH700.pdf\" target=\"_blank\" rel=\"noopener\">ESPECIFICACIONES<\/a><\/strong><\/li>\n<\/ul>\n<p>&nbsp;<\/p>\n<div><strong style=\"color: #000000;\">PRECIOS INCLUYE GASTOS DE ENVIO (GRATIS) E IMPUESTO 16% DE IVA<\/strong><\/div>\n","protected":false},"excerpt":{"rendered":"<p><span style=\"color: #ff0000;\"><strong>PRECIO EN D\u00d3LARES US.<\/strong><\/span><\/p>\n<p><em><strong>USOS MAS COMUNES:<\/strong><\/em><\/p>\n<ul>\n<li><em><strong>LABORATORIOS<\/strong><\/em><\/li>\n<li><em><strong>CUARTOS DE PRUEBA<\/strong><\/em><\/li>\n<li><em><strong>PROCESOS<\/strong><\/em><\/li>\n<li><em><strong>HOSPITALES<\/strong><\/em><\/li>\n<li><em><strong>ALMACENES<\/strong><\/em><\/li>\n<li><em><strong>ETC<\/strong><\/em><\/li>\n<\/ul>\n","protected":false},"featured_media":7714,"comment_status":"closed","ping_status":"closed","template":"","meta":[],"pwb-brand":[],"product_brand":[],"product_cat":[719,362,754],"product_tag":[],"class_list":{"0":"post-17542","1":"product","2":"type-product","3":"status-publish","4":"has-post-thumbnail","6":"product_cat-graficadores-y-medicion-humedad-y-temperatura","7":"product_cat-control-de-humedad-humidificadores-deshumidificadores","8":"product_cat-graficadores-humedad-y-temperatura","10":"first","11":"onbackorder","12":"product-type-simple"},"brands":[],"_links":{"self":[{"href":"https:\/\/h2otek.com\/tienda\/wp-json\/wp\/v2\/product\/17542","targetHints":{"allow":["GET"]}}],"collection":[{"href":"https:\/\/h2otek.com\/tienda\/wp-json\/wp\/v2\/product"}],"about":[{"href":"https:\/\/h2otek.com\/tienda\/wp-json\/wp\/v2\/types\/product"}],"replies":[{"embeddable":true,"href":"https:\/\/h2otek.com\/tienda\/wp-json\/wp\/v2\/comments?post=17542"}],"wp:featuredmedia":[{"embeddable":true,"href":"https:\/\/h2otek.com\/tienda\/wp-json\/wp\/v2\/media\/7714"}],"wp:attachment":[{"href":"https:\/\/h2otek.com\/tienda\/wp-json\/wp\/v2\/media?parent=17542"}],"wp:term":[{"taxonomy":"pwb-brand","embeddable":true,"href":"https:\/\/h2otek.com\/tienda\/wp-json\/wp\/v2\/pwb-brand?post=17542"},{"taxonomy":"product_brand","embeddable":true,"href":"https:\/\/h2otek.com\/tienda\/wp-json\/wp\/v2\/product_brand?post=17542"},{"taxonomy":"product_cat","embeddable":true,"href":"https:\/\/h2otek.com\/tienda\/wp-json\/wp\/v2\/product_cat?post=17542"},{"taxonomy":"product_tag","embeddable":true,"href":"https:\/\/h2otek.com\/tienda\/wp-json\/wp\/v2\/product_tag?post=17542"}],"curies":[{"name":"wp","href":"https:\/\/api.w.org\/{rel}","templated":true}]}}