{"id":17534,"date":"2021-07-06T21:13:47","date_gmt":"2021-07-06T21:13:47","guid":{"rendered":"https:\/\/h2otek.com\/tienda\/producto\/panel-de-control-para-humidificador-de-boquillas-on-off-marca-h2otek\/"},"modified":"2022-10-17T20:05:41","modified_gmt":"2022-10-17T20:05:41","slug":"panel-de-control-para-humidificador-de-boquillas-on-off-marca-h2otek","status":"publish","type":"product","link":"https:\/\/h2otek.com\/tienda\/producto\/panel-de-control-para-humidificador-de-boquillas-on-off-marca-h2otek\/","title":{"rendered":"PANEL DE CONTROL PARA HUMIDIFICADOR DE BOQUILLAS ON\/OFF MARCA H2OTEK"},"content":{"rendered":"<p style=\"text-align: center;\"><img fetchpriority=\"high\" decoding=\"async\" src=\"https:\/\/h2otek.com\/tienda\/img\/cms\/controlhumedad\/h2otek\/sistema-boquillas\/header-panel-boquillas-h2otek-on-off.jpg\" alt=\"\" width=\"650\" height=\"300\" \/><\/p>\n<p style=\"text-align: justify;\">Panel de control para sistema de agua de alta presi\u00f3n con sistema de tratamiento de agua para brindar una humidificaci\u00f3n adiab\u00e1tica y pura de alta capacidad.<\/p>\n<p style=\"text-align: justify;\">Existen dos tipos: panel del tipo ON\/OFF panel con opci\u00f3n de Software.<\/p>\n<p>Para el sistema ON\/OFF, puede apagar o prender los equipos por medio de un sensor de manera simult\u00e1nea seg\u00fan las condiciones deseadas.<br \/>\nPara la opci\u00f3n del sistema controlado por software permite controlar de manera precisa los humidificadores seg\u00fan los requerimientos del \u00e1rea. El sistema se compone por etapas, cada etapa puede controlar como m\u00e1ximo 7 equipos simult\u00e1neos. Se puede manejar hasta 4 etapas por panel. El panel cuenta con software para un control autom\u00e1tico de PLC de todos los equipos.<\/p>\n<p>&nbsp;<\/p>\n<p>CARACTER\u00cdSTICAS DE PANEL\u00a0ON\/OFF:<\/p>\n<ul>\n<li>Panel de control con sensor tipo ON\/OFF<\/li>\n<li>Sistema de control para prender o apagar<\/li>\n<li>Con sensor de humedad<\/li>\n<li>De operaci\u00f3n segura<\/li>\n<li>Sistema eficiente de bajo consumo<\/li>\n<li>Sistema de control el\u00e9ctrico<\/li>\n<li>De f\u00e1cil instalaci\u00f3n y mantenimiento<\/li>\n<\/ul>\n<p style=\"text-align: justify;\"><strong>APLICACIONES MAS COMUNES:<\/strong><\/p>\n<ul>\n<li>Invernaderos<\/li>\n<li>Fabricaci\u00f3n de cuero<\/li>\n<li>Industria del tabaco<\/li>\n<li>Fabricaci\u00f3n de productos de madera<\/li>\n<li>Fabricaci\u00f3n de maquinaria<\/li>\n<li>Procesamiento de alimentos<\/li>\n<li>Industria minera<\/li>\n<li>Cuartos de almacenamiento<\/li>\n<li>Fabricaci\u00f3n de cer\u00e1mica<\/li>\n<li>Laboratorios Industria<\/li>\n<li>Textil<\/li>\n<li>Procesos industriales<\/li>\n<li>Tuneles t\u00e9rmicos<\/li>\n<li>Almacenes<\/li>\n<li>Cuartos fr\u00edos<\/li>\n<\/ul>\n<p><strong>NOMENCLATURA<\/strong><\/p>\n<p><img decoding=\"async\" src=\"https:\/\/h2otek.com\/tienda\/img\/cms\/controlhumedad\/h2otek\/sistema-boquillas\/nomenclatura-panel-on-off-boquillas-h2otek.jpg\" alt=\"\" width=\"280\" height=\"252\" \/><\/p>\n<p>&nbsp;<\/p>\n<p>PRECIO INCLUYE GASTOS DE ENVIO (GRATIS) E IMPUESTO 16% DE IVA<\/p>\n","protected":false},"excerpt":{"rendered":"<p><span style=\"color: #ff0000;\"><strong>PRECIO EN D\u00d3LARES US.<\/strong><\/span><\/p>\n<p><strong><em>HUMIDIFICADORES IDEALES PARA:<\/em><\/strong><\/p>\n<ul>\n<li><em><strong>INVERNADEROS<\/strong><\/em><\/li>\n<li><em><strong>FABRICACI\u00d3N DE CUERO<\/strong><\/em><\/li>\n<li><em><strong>INDUSTRIA DEL TABACO<\/strong><\/em><\/li>\n<li><em><strong>INDUSTRIA MINERA<\/strong><\/em><\/li>\n<li><em><strong>TEXTIL<\/strong><\/em><\/li>\n<li><em><strong>PROCESOS INDUSTRIALES<\/strong><\/em><\/li>\n<li><em><strong>ALMACENES<\/strong><\/em><\/li>\n<li><em><strong>CUARTOS FR\u00cdOS, ETC.<\/strong><\/em><\/li>\n<\/ul>\n","protected":false},"featured_media":2466,"comment_status":"closed","ping_status":"closed","template":"","meta":[],"pwb-brand":[],"product_brand":[],"product_cat":[921,1009,496],"product_tag":[],"class_list":{"0":"post-17534","1":"product","2":"type-product","3":"status-publish","4":"has-post-thumbnail","6":"product_cat-panel-de-control-sistemas-de-boquillas-uso-industrial","7":"product_cat-panel-de-control-sistemas-de-boquillas-uso-industrial-uso-industrial","8":"product_cat-uso-industrial","10":"first","11":"outofstock","12":"purchasable","13":"product-type-simple"},"brands":[],"_links":{"self":[{"href":"https:\/\/h2otek.com\/tienda\/wp-json\/wp\/v2\/product\/17534","targetHints":{"allow":["GET"]}}],"collection":[{"href":"https:\/\/h2otek.com\/tienda\/wp-json\/wp\/v2\/product"}],"about":[{"href":"https:\/\/h2otek.com\/tienda\/wp-json\/wp\/v2\/types\/product"}],"replies":[{"embeddable":true,"href":"https:\/\/h2otek.com\/tienda\/wp-json\/wp\/v2\/comments?post=17534"}],"wp:featuredmedia":[{"embeddable":true,"href":"https:\/\/h2otek.com\/tienda\/wp-json\/wp\/v2\/media\/2466"}],"wp:attachment":[{"href":"https:\/\/h2otek.com\/tienda\/wp-json\/wp\/v2\/media?parent=17534"}],"wp:term":[{"taxonomy":"pwb-brand","embeddable":true,"href":"https:\/\/h2otek.com\/tienda\/wp-json\/wp\/v2\/pwb-brand?post=17534"},{"taxonomy":"product_brand","embeddable":true,"href":"https:\/\/h2otek.com\/tienda\/wp-json\/wp\/v2\/product_brand?post=17534"},{"taxonomy":"product_cat","embeddable":true,"href":"https:\/\/h2otek.com\/tienda\/wp-json\/wp\/v2\/product_cat?post=17534"},{"taxonomy":"product_tag","embeddable":true,"href":"https:\/\/h2otek.com\/tienda\/wp-json\/wp\/v2\/product_tag?post=17534"}],"curies":[{"name":"wp","href":"https:\/\/api.w.org\/{rel}","templated":true}]}}