{"id":17355,"date":"2021-07-06T21:13:01","date_gmt":"2021-07-06T21:13:01","guid":{"rendered":"https:\/\/h2otek.com\/tienda\/producto\/boiler-calentador-de-agua-modular-vertical-a-gas-cap-750000-btu-linea-domestica-mod-wh7-754a\/"},"modified":"2022-10-05T17:36:14","modified_gmt":"2022-10-05T17:36:14","slug":"boiler-calentador-de-agua-modular-vertical-a-gas-cap-750000-btu-linea-domestica-mod-wh7-754a","status":"publish","type":"product","link":"https:\/\/h2otek.com\/tienda\/producto\/boiler-calentador-de-agua-modular-vertical-a-gas-cap-750000-btu-linea-domestica-mod-wh7-754a\/","title":{"rendered":"BOILER-CALENTADOR DE AGUA MODULAR VERTICAL A GAS CAP. 750,000 BTU LINEA DOMESTICA MOD. WH7-754A"},"content":{"rendered":"<div style=\"text-align:center;\"><img fetchpriority=\"high\" decoding=\"async\" src=\"https:\/\/h2otek.com\/tienda\/img\/cms\/aguacaliente\/raypak\/mvb\/WH7-504A-2004A\/header-calentador-mvb-WH7-754A.jpg\" alt=\"header-calentador-mvb-WH7-754A.jpg\" width=\"650\" height=\"300\" \/><\/div>\n<p style=\"text-align:justify;\"><span id=\"result_box\" xml:lang=\"es\" lang=\"es\"><span>Las tecnolog\u00edas de larga tradici\u00f3n se unen con avances de vanguardia en el <strong>calentador de agua vertical modulante MVB de Raypak<\/strong>.<\/span> <span>El espacio peque\u00f1o ya no es un problema, y nuestro dise\u00f1o compacto se adapta a trav\u00e9s de una abertura de puerta de 32&#8243; para que sea la opci\u00f3n perfecta para aquellos proyectos de adaptaci\u00f3n dif\u00edciles de alcanzar.<\/p>\n<p><span xml:lang=\"es\" lang=\"es\"><span title=\"Features:  \u00a0\u00a0\u00a0\u00a0\"><strong>CARACTER\u00cdSTICAS PRINCIPALES:<\/strong><br \/><\/span><\/span><\/span><\/span><\/p>\n<ul>\n<li><span xml:lang=\"es\" lang=\"es\"><span><span xml:lang=\"es\" lang=\"es\"><span title=\"85% Thermal Efficiency at Full Rate. \u00a0\u00a0\u00a0\u00a0\">85% de eficiencia t\u00e9rmica a tasa completa.<\/span><\/span><\/span><\/span><\/li>\n<li><span xml:lang=\"es\" lang=\"es\"><span><span xml:lang=\"es\" lang=\"es\"><span title=\"Negative vent pressure, Non-condensing Appliance.\">Presi\u00f3n de venteo negativa, Aparato sin condensaci\u00f3n. <\/span><span title=\"Cat I Vent Required. \u00a0\u00a0\u00a0\u00a0\">Cat I Vent Requerido.<\/span><\/span><\/span><\/span><\/li>\n<li><span xml:lang=\"es\" lang=\"es\"><span><span xml:lang=\"es\" lang=\"es\"><span title=\"Bronze headers with copper finned tube heat exchanger standard.\">Cabezales de bronce con intercambiador de calor de tubo con aletas de cobre. <\/span><span title=\"Cupro-Nickel tubes available as options.\">Tubos Cupro-Nickel disponibles como opciones. <\/span><span title=\"ASME Section IV constructed and stamped, National Board registered. \u00a0\u00a0\u00a0\u00a0\">ASME Secci\u00f3n IV construida y sellada, la Junta Nacional registrada.<\/span><\/span><\/span><\/span><\/li>\n<li><span xml:lang=\"es\" lang=\"es\"><span><span xml:lang=\"es\" lang=\"es\"><span title=\"CSA Low-Lead certified, less than 0.25% Lead. \u00a0\u00a0\u00a0\u00a0\">CSA con bajo nivel de plomo certificado, menos de 0.25% de plomo.<\/span><\/span><\/span><\/span><\/li>\n<li><span xml:lang=\"es\" lang=\"es\"><span><span xml:lang=\"es\" lang=\"es\"><span title=\"Certified to ANSI Z21.10.3. \u00a0\u00a0\u00a0\u00a0\">Certificado seg\u00fan ANSI Z21.10.3.<\/span><\/span><\/span><\/span><\/li>\n<li><span xml:lang=\"es\" lang=\"es\"><span><span xml:lang=\"es\" lang=\"es\"><span title=\"Minimum Inlet Water Temperature: 120\u00b0F. \u00a0\u00a0\u00a0\u00a0\">Temperatura m\u00ednima del agua de entrada: 120\u00b0 F.<\/span><\/span><\/span><\/span><\/li>\n<li><span xml:lang=\"es\" lang=\"es\"><span><span xml:lang=\"es\" lang=\"es\"><span title=\"Maximum Setpoint: 150\u00b0F. \u00a0\u00a0\u00a0\u00a0\">Punto de ajuste m\u00e1ximo: 150\u00b0 F.<\/span><\/span><\/span><\/span><\/li>\n<li><span xml:lang=\"es\" lang=\"es\"><span><span xml:lang=\"es\" lang=\"es\"><span title=\"Electronic Modulation, up to 1.7:1 Turndown. \u00a0\u00a0\u00a0\u00a0\">Modulaci\u00f3n electr\u00f3nica, hasta 1.7: 1 Turndown.<\/span><\/span><\/span><\/span><\/li>\n<li><span xml:lang=\"es\" lang=\"es\"><span><span xml:lang=\"es\" lang=\"es\"><span title=\"VERSA IC\u00ae Control Package with LCD Display. \u00a0\u00a0\u00a0\u00a0\">Paquete de control VERSA IC\u00ae con pantalla LCD.<\/span><\/span><\/span><\/span><\/li>\n<li><span xml:lang=\"es\" lang=\"es\"><span><span xml:lang=\"es\" lang=\"es\"><span title=\"Status Display Lights. \u00a0\u00a0\u00a0\u00a0\">Se ilumina la pantalla de estado.<\/span><\/span><\/span><\/span><\/li>\n<li><span xml:lang=\"es\" lang=\"es\"><span><span xml:lang=\"es\" lang=\"es\"><span title=\"Cascade control of up to 4 units, no external sequencer required. \u00a0\u00a0\u00a0\u00a0\">Control en cascada de hasta 4 unidades, no se requiere un secuenciador externo.<\/span><\/span><\/span><\/span><\/li>\n<li><span xml:lang=\"es\" lang=\"es\"><span><span xml:lang=\"es\" lang=\"es\"><span title=\"Diagnostics Center with History, English, no codes. \u00a0\u00a0\u00a0\u00a0\">Centro de diagn\u00f3stico con historial, ingl\u00e9s, sin c\u00f3digos.<\/span><\/span><\/span><\/span><\/li>\n<li><span xml:lang=\"es\" lang=\"es\"><span><span xml:lang=\"es\" lang=\"es\"><span title=\"Modbus RTU BMS port (RS485). \u00a0\u00a0\u00a0\u00a0\">Puerto Modbus RTU BMS (RS485).<\/span><\/span><\/span><\/span><\/li>\n<li><span xml:lang=\"es\" lang=\"es\"><span><span xml:lang=\"es\" lang=\"es\"><span title=\"0-10 VDC BMS Interface (Setpoint or Direct Drive). \u00a0\u00a0\u00a0\u00a0\">0-10 VDC BMS Interface (Setpoint o Direct Drive).<\/span><\/span><\/span><\/span><\/li>\n<li><span xml:lang=\"es\" lang=\"es\"><span><span xml:lang=\"es\" lang=\"es\"><span title=\"All models indoor\/outdoor construction. \u00a0\u00a0\u00a0\u00a0\">Todos los modelos de construcci\u00f3n interior \/ exterior.<\/span><\/span><\/span><\/span><\/li>\n<li><span xml:lang=\"es\" lang=\"es\"><span><span xml:lang=\"es\" lang=\"es\"><span title=\"Certified under SCAQMD Rule 1146.2.\">Certificado bajo SCAQMD Regla 1146.2. <\/span><span title=\"Meets all Low NOx regulations. \u00a0\u00a0\u00a0\u00a0\">Cumple con todas las regulaciones de bajo NOx.<\/span><\/span><\/span><\/span><\/li>\n<li><span xml:lang=\"es\" lang=\"es\"><span><span xml:lang=\"es\" lang=\"es\"><span title=\"Engineered with precisely matched system components. \u00a0\u00a0\u00a0\u00a0\">Dise\u00f1ado con componentes del sistema combinados con precisi\u00f3n.<\/span><\/span><\/span><\/span><\/li>\n<li><span xml:lang=\"es\" lang=\"es\"><span><span xml:lang=\"es\" lang=\"es\"><span title=\"Smallest installed footprint (5.4 square feet) design fits tight spaces and easily replaces larger boilers. \u00a0\u00a0\u00a0\u00a0\">El dise\u00f1o de huella instalada m\u00e1s peque\u00f1a (5.4 pies cuadrados) se adapta a espacios reducidos y reemplaza f\u00e1cilmente a las calderas m\u00e1s grandes.<\/span><\/span><\/span><\/span><\/li>\n<li><span xml:lang=\"es\" lang=\"es\"><span><span xml:lang=\"es\" lang=\"es\"><span title=\"100% Factory Fire Tested. \u00a0\u00a0\u00a0\u00a0\">100% probado en f\u00e1brica.<\/span><\/span><\/span><\/span><\/li>\n<li><span xml:lang=\"es\" lang=\"es\"><span><span xml:lang=\"es\" lang=\"es\"><span title=\"Complete cabinet protects all controls and wiring.\">El gabinete completo protege todos los controles y el cableado. <\/span><span title=\"Tough, rust-resistant powder-coat finish. \u00a0\u00a0\u00a0\u00a0\">Revestimiento en polvo resistente y resistente a la oxidaci\u00f3n.<\/span><\/span><\/span><\/span><\/li>\n<li><span xml:lang=\"es\" lang=\"es\"><span><span xml:lang=\"es\" lang=\"es\"><span title=\"Suitable for altitudes up to 10,000 ft. (derate above 2,000 ft.). \u00a0\u00a0\u00a0\u00a0\">Adecuado para altitudes de hasta 10,000 pies (derate por encima de 2,000 pies).<\/span><\/span><\/span><\/span><\/li>\n<li><span xml:lang=\"es\" lang=\"es\"><span><span xml:lang=\"es\" lang=\"es\"><span title=\"Suitable for altitudes up to 10,000 ft. (derate above 2,000 ft.). \u00a0\u00a0\u00a0\u00a0\">N<\/span><span title=\"No boiler condensate drain required (proprietary design) \u00a0\u00a0\u00a0\u00a0\">o se requiere drenaje de condensado de la caldera (dise\u00f1o patentado)<\/span><\/span><\/span><\/span><\/li>\n<li><span xml:lang=\"es\" lang=\"es\"><span><span xml:lang=\"es\" lang=\"es\"><span title=\"Available for natural gas or propane. \u00a0\u00a0\u00a0\u00a0\">Disponible para gas natural o propano.<\/span><\/span><\/span><\/span><\/li>\n<li><span xml:lang=\"es\" lang=\"es\"><span><span xml:lang=\"es\" lang=\"es\"><span title=\"Available for natural gas or propane. \u00a0\u00a0\u00a0\u00a0\">F<\/span><span title=\"Integral Combustion Air Filter (MERV8). \u00a0\u00a0\u00a0\u00a0\">iltro de aire de combusti\u00f3n integral (MERV8).<\/span><\/span><\/span><\/span><\/li>\n<li><span xml:lang=\"es\" lang=\"es\"><span><span xml:lang=\"es\" lang=\"es\"><span title=\"Multiple Pump Outputs \u2013 Boiler Pump. \u00a0\u00a0\u00a0\u00a0\">M\u00faltiples salidas de bomba &#8211; Bomba de caldera.<\/span><\/span><\/span><\/span><\/li>\n<li><span xml:lang=\"es\" lang=\"es\"><span><span xml:lang=\"es\" lang=\"es\"><span title=\"Whisper-Quiet Operation. \u00a0\u00a0\u00a0\u00a0\">Operaci\u00f3n Whisper-Quiet.<\/span><\/span><\/span><\/span><\/li>\n<li><span xml:lang=\"es\" lang=\"es\"><span><span xml:lang=\"es\" lang=\"es\"><span title=\"Proudly Assembled in the USA.  \u00a0\">Orgullosamente montado en los Estados Unidos.<\/span><\/span><\/span><\/span><span xml:lang=\"es\" lang=\"es\"><span><span xml:lang=\"es\" lang=\"es\"><span title=\"Proudly Assembled in the USA.  \u00a0\"><\/span><\/span><\/span><\/span><br \/><span xml:lang=\"es\" lang=\"es\"><span><span xml:lang=\"es\" lang=\"es\"><span title=\"Proudly Assembled in the USA.  \u00a0\"><\/span><\/span><\/span><\/span><\/li>\n<\/ul>\n<p style=\"text-align:justify;\"><span xml:lang=\"es\" lang=\"es\"><span><span xml:lang=\"es\" lang=\"es\"><span title=\"Proudly Assembled in the USA.  \u00a0\"><br \/><\/span><span title=\"Options:  \u00a0\u00a0\u00a0\u00a0\"><strong>OPCIONES:<\/strong><br \/><\/span><\/span><\/span><\/span><\/p>\n<ul>\n<li><span xml:lang=\"es\" lang=\"es\"><span><span xml:lang=\"es\" lang=\"es\"><span title=\"BACNet IP, BACnet MS\/TP, Modbus TCP, N2 Metasys (B-85) \u00a0\u00a0\u00a0\u00a0\">BACNet IP, BACnet MS\/TP, Modbus TCP, N2 Metasys (B-85)<\/span><\/span><\/span><\/span><\/li>\n<li><span xml:lang=\"es\" lang=\"es\"><span><span xml:lang=\"es\" lang=\"es\"><span title=\"Lonworks (B-86) \u00a0\u00a0\u00a0\u00a0\">Lonworks (B-86)<\/span><\/span><\/span><\/span><\/li>\n<li><span xml:lang=\"es\" lang=\"es\"><span><span xml:lang=\"es\" lang=\"es\"><span title=\"Alarm with 4\u201d Bell (E-5) \u00a0\u00a0\u00a0\u00a0\">Alarma con 4 &#8220;campana (E-5)<\/span><\/span><\/span><\/span><\/li>\n<li><span xml:lang=\"es\" lang=\"es\"><span><span xml:lang=\"es\" lang=\"es\"><span title=\"Low Water Cutoff (F-10) \u00a0\u00a0\u00a0\u00a0\">L\u00edmite de agua bajo (F-10)<\/span><\/span><\/span><\/span><\/li>\n<li><span xml:lang=\"es\" lang=\"es\"><span><span xml:lang=\"es\" lang=\"es\"><span title=\"Cold Water Run \u00a0\u00a0\u00a0\u00a0\">Corrida de agua fr\u00eda<\/span><\/span><\/span><\/span><\/li>\n<li><span xml:lang=\"es\" lang=\"es\"><span><span xml:lang=\"es\" lang=\"es\"><span title=\"Condensate Neutralizer (Z-12)\">Neutralizador de condensado (Z-12)<\/span><\/span><\/span><\/span><\/li>\n<\/ul>\n<p style=\"text-align:justify;\"><\/p>\n<div style=\"text-align:justify;\"><strong><br \/>La Siguiente Generaci\u00f3n De Calderas Verticales Modulables<\/p>\n<p><\/strong><\/div>\n<div style=\"text-align:justify;\">Tecnolog\u00edas consagradas por el tiempo se unen con avances de primera l\u00ednea en la nueva caldera vertical modulable MVB de Raypak. Nunca antes una caldera vertical proporciono a ambos: instalador y constructor de piscinas, tal flexibilidad de instalaci\u00f3n, eficiencia, as\u00ed como confiabilidad y desempe\u00f1o a largo plazo. Un lugar estrecho, no es un problema. La MVB requiere uno de los m\u00e1s peque\u00f1os espacios de instalaci\u00f3n sobre cualquier calentador vertical por condensaci\u00f3n. Nuestro dise\u00f1o compacto le hace la elecci\u00f3n perfecta para esos duros proyectos de modernizaci\u00f3n dif\u00edciles de lograr. La MVB de Raypak est\u00e1 constru\u00edda con componentes y materiales de grado comercial. Desde nuestra base del canal de acero a nuestra sobrecubierta del tubo de chimenea de acero inoxidable y el intercambiador de calor por condensaci\u00f3n, usted puede decir que la MVB se construye para durar. Es f\u00e1cil de manejar e instalar, pero a\u00fan as\u00ed amigable con el usuario en el servicio. Ahora es el momento perfecto para echar un vistazo m\u00e1s de cerca a Raypak.<\/p>\n<p><\/div>\n<div style=\"text-align:justify;\"><strong>Flexibilidad<\/p>\n<p><\/strong><\/div>\n<div style=\"text-align:justify;\">La asignaci\u00f3n de la longitud del respiradero lider en la industria ofrece mayores alternativas de ubicaci\u00f3n para la ventilaci\u00f3n, lo que reduce el espacio desperdiciado. La versatilidad de la ventilaci\u00f3n est\u00e1 adicionalmente reforzada por el sistema de combusti\u00f3n de ajuste autom\u00e1tico que compensa configuraciones inusuales de la chimenea y el respiradero.<\/div>\n<div style=\"text-align:justify;\"><span>Categor\u00eda IV<\/span>\u00a0&#8211; Certificados por la CSA, hasta 87% de eficiencia a fuego completo, lo m\u00e1s alto posible para calderas sin condensaci\u00f3n (\u00a1hasta 88.4% de eficiencia en la parte de carga!). Cuando el trabajo requiere de alta eficiencia, nuestra soluci\u00f3n de la Categoria IV se adapta a sus necesidades. En el coraz\u00f3n de cada MVB de Raypak hay un \u00fanico sistema integral de evaporador, la primera defensa en contra de condensaci\u00f3n da\u00f1ina. El sistema del evaporador de Raypak recolecta y reevapora la condensaci\u00f3n que se puede formar durante los per\u00edodos iniciales de puesta en marcha o en breves per\u00edodos de operaci\u00f3n con agua fr\u00eda, eliminando as\u00ed la necesidad de un desag\u00fce como en las calderas de condensaci\u00f3n. Esto le ahorra a usted dinero en los costos de instalaci\u00f3n, as\u00ed como, el dolor de cabeza de tratar con m\u00faltiples desag\u00fces de condensaci\u00f3n.<br \/><strong><\/p>\n<p>Modulaci\u00f3n Verdadera<\/p>\n<p><\/strong><\/div>\n<div style=\"text-align:justify;\">La modulaci\u00f3n no es nada nuevo para Raypak, hemos perfeccionado nuestra experiencia en modulaci\u00f3n de gas por m\u00e1s de 50 a\u00f1os. El MVB de Raypak rastrear\u00e1 infinitamente la carga de calefacci\u00f3n de manera precisa, con el control de modo Rastreo de Temperatura, eliminando costosos sobre calentamientos. Utilizando la \u00faltima tecnolog\u00eda europea para el paquete del soplador de la v\u00e1lvula de gas, la proporci\u00f3n \u00f3ptima de aire &#8211; combustible se mantiene a lo largo del rango completo de la operaci\u00f3n de carga &#8211; monitoreo. Nuestra suave reducci\u00f3n de 4:1 (503 a 2003) asegura que la eficiencia se mantiene a lo largo de la frecuencia de encendido y de hecho aumenta durante la parte de la carga, o bien, cuando usted lo requiera! El MVB autom\u00e1ticamente auto-sincroniza para adecuar el rango m\u00e1s amplio de presiones del suministro del gas. El soplador de alta calidad integrado en la v\u00e1lvula de gas es de autocorrecci\u00f3n y permite un funcionamiento suave, a\u00fan, con fluctuaciones en la presi\u00f3n del suministro de gas. El MVB de Raypak es tecnolog\u00eda de punta con simplicidad atmosf\u00e9rica.<\/div>\n<p><strong><br \/><\/strong><\/p>\n<p style=\"text-align:center;\">\u00a0<\/p>\n<p style=\"text-align:center;\"><span style=\"font-weight:bold;\">TABLAS DE ESPECIFICACIONES:<\/span><\/p>\n<p style=\"text-align:center;\"><img decoding=\"async\" src=\"https:\/\/h2otek.com\/tienda\/img\/cms\/aguacaliente\/raypak\/mvb\/especificaciones-calentador-mvb-P-754A.gif\" alt=\"especificaciones-calentador-mvb-P-754A.g\" width=\"500\" height=\"318\" \/><\/p>\n<p style=\"text-align:center;\">\n<p><strong>DIMENSIONES<\/strong><\/p>\n<div style=\"text-align:center;\"><strong><img decoding=\"async\" src=\"https:\/\/h2otek.com\/tienda\/img\/cms\/MVB\/DIMENSIONES%20MVB503_2003.jpg\" alt=\"DIMENSIONES MVB503_2003.jpg\" width=\"714\" height=\"572\" \/><\/p>\n<p><\/strong><\/p>\n<p><\/div>\n<p style=\"text-align:center;\">\u00a0<\/p>\n<p style=\"text-align:center;\">\u00a0<\/p>\n<p style=\"text-align:center;\"><img decoding=\"async\" src=\"https:\/\/www.h2otek.com\/tienda\/Images\/boilers\/raypak\/footer-raypak-raytherm.jpg\" alt=\"\" border=\"0\" \/><\/p>\n<p>\u00a0<\/p>\n<p style=\"text-align:center;\"><img loading=\"lazy\" decoding=\"async\" src=\"https:\/\/h2otek.com\/tienda\/img\/cms\/MVB\/iso_9001.png\" alt=\"\" width=\"141\" height=\"74\" \/>\u00a0<\/p>\n<p><strong>DESCARGAR MANUALES<\/strong><\/p>\n<ul>\n<li><strong><a href=\"http:\/\/www.h2otek.com\/tienda\/pdf\/aguacaliente\/FOLLETO%20CALENTADORES%20MODULARES%20VERTICALES%20MVB%20504A-2004A.pdf\" target=\"_blank\" rel=\"noopener\">FOLLETO<\/a><\/strong><\/li>\n<li><strong><a href=\"http:\/\/www.h2otek.com\/tienda\/pdf\/aguacaliente\/ESPECIFICACIONES%20CALENTADORES%20MODULARES%20VERTICALES%20MVB%20504A-2004A.pdf\" target=\"_blank\" rel=\"noopener\">ESPECIFICACIONES<\/a><\/strong><\/li>\n<li><strong><a href=\"http:\/\/www.h2otek.com\/tienda\/pdf\/aguacaliente\/LISTA%20DE%20PARTES%20CALENTADORES%20MODULARES%20VERTICALES%20MVB%20504A-2004A.pdf\" target=\"_blank\" rel=\"noopener\">LISTA DE PARTES<\/a><\/strong><\/li>\n<li><strong><a href=\"http:\/\/www.h2otek.com\/tienda\/pdf\/aguacaliente\/INSTALACION%20Y%20OPERACION%20CALENTADORES%20MODULARES%20VERTICALES%20MVB%20504A-2004A.pdf\" target=\"_blank\" rel=\"noopener\">MANUAL DE INSTALACI\u00d3N Y OPERACI\u00d3N<\/a><\/strong><\/li>\n<\/ul>\n<p style=\"text-align:center;\">\u00a0<\/p>\n<p style=\"text-align:center;\">\u00a0<\/p>\n<div><strong><span style=\"color:#000000;\">PRECIO INCLUYE GASTOS DE ENVIO (GRATIS) E IMPUESTO 16 % DE IVA<\/span><\/strong><\/div>\n","protected":false},"excerpt":{"rendered":"<p><span style=\"color: #ff0000;\"><strong>PARA PRECIO DE ESTE PRODUCTO FAVOR DE COMUNICARSE EN ATENCION A CLIENTES: info@h2otek.com O AL TEL: 01 800 94 26 835<\/strong><\/span><em><strong><\/p>\n<p><\/strong><\/em><strong>CALENTADOR DE AGUA VERTICAL DE MODULACI\u00d3N MVB A GAS<\/strong><em><strong><br \/><\/strong><\/em><\/p>\n<p><em><strong>IDEALES PARA CUALQUIER NECESIDAD DE AGUA CALIENTE, COMO PUEDE SER EN:<\/strong><\/em><\/p>\n<ul>\n<li><em><strong>CASAS<\/strong><\/em><\/li>\n<li><em><strong>RESIDENCIAS<\/strong><\/em><\/li>\n<li><em><strong>DEPARTAMENTOS<\/strong><\/em><\/li>\n<li><em><strong>CONDOMINIOS<\/strong><\/em><\/li>\n<li><em><strong>RESTAURANTES<\/strong><\/em><\/li>\n<li><em><strong>HOTELES\/MOTELES<\/strong><\/em><\/li>\n<li><em><strong>LAVANDER\u00cdAS COMERCIALES<\/strong><\/em><\/li>\n<li><em><strong>CL\u00cdNICAS DE REPOSO, ETC.<\/strong><\/em><\/li>\n<\/ul>\n","protected":false},"featured_media":540,"comment_status":"closed","ping_status":"closed","template":"","meta":[],"pwb-brand":[],"product_brand":[],"product_cat":[1064,836,364],"product_tag":[],"class_list":{"0":"post-17355","1":"product","2":"type-product","3":"status-publish","4":"has-post-thumbnail","6":"product_cat-calentadores-de-agua-verticales-de-modulacion-mvb-504a-2004a-calentadores-de-agua-domesticos-agua-caliente-raypak","7":"product_cat-linea-mvb-raypak","8":"product_cat-raypak-calentadores-de-agua-boilers-calderas","10":"first","11":"outofstock","12":"purchasable","13":"product-type-simple"},"brands":[],"_links":{"self":[{"href":"https:\/\/h2otek.com\/tienda\/wp-json\/wp\/v2\/product\/17355","targetHints":{"allow":["GET"]}}],"collection":[{"href":"https:\/\/h2otek.com\/tienda\/wp-json\/wp\/v2\/product"}],"about":[{"href":"https:\/\/h2otek.com\/tienda\/wp-json\/wp\/v2\/types\/product"}],"replies":[{"embeddable":true,"href":"https:\/\/h2otek.com\/tienda\/wp-json\/wp\/v2\/comments?post=17355"}],"wp:featuredmedia":[{"embeddable":true,"href":"https:\/\/h2otek.com\/tienda\/wp-json\/wp\/v2\/media\/540"}],"wp:attachment":[{"href":"https:\/\/h2otek.com\/tienda\/wp-json\/wp\/v2\/media?parent=17355"}],"wp:term":[{"taxonomy":"pwb-brand","embeddable":true,"href":"https:\/\/h2otek.com\/tienda\/wp-json\/wp\/v2\/pwb-brand?post=17355"},{"taxonomy":"product_brand","embeddable":true,"href":"https:\/\/h2otek.com\/tienda\/wp-json\/wp\/v2\/product_brand?post=17355"},{"taxonomy":"product_cat","embeddable":true,"href":"https:\/\/h2otek.com\/tienda\/wp-json\/wp\/v2\/product_cat?post=17355"},{"taxonomy":"product_tag","embeddable":true,"href":"https:\/\/h2otek.com\/tienda\/wp-json\/wp\/v2\/product_tag?post=17355"}],"curies":[{"name":"wp","href":"https:\/\/api.w.org\/{rel}","templated":true}]}}