{"id":17352,"date":"2021-07-06T21:13:01","date_gmt":"2021-07-06T21:13:01","guid":{"rendered":"https:\/\/h2otek.com\/tienda\/producto\/calentador-de-agua-a-gas-uso-comercial-industrial-de-100000-a-2340000-btuh-marca-raypak-linea-hi-delta\/"},"modified":"2022-09-26T19:03:34","modified_gmt":"2022-09-26T19:03:34","slug":"calentador-de-agua-a-gas-uso-comercial-industrial-de-100000-a-2340000-btuh-marca-raypak-linea-hi-delta","status":"publish","type":"product","link":"https:\/\/h2otek.com\/tienda\/producto\/calentador-de-agua-a-gas-uso-comercial-industrial-de-100000-a-2340000-btuh-marca-raypak-linea-hi-delta\/","title":{"rendered":"CALENTADOR DE AGUA A GAS USO COMERCIAL-INDUSTRIAL DE 100,000 A 2,340,000 BTUH MARCA RAYPAK LINEA HI DELTA"},"content":{"rendered":"<p style=\"text-align: center;\"><img decoding=\"async\" src=\"https:\/\/www.h2otek.com\/tienda\/Images\/boilers\/raypak\/header-raypak-hidelta.jpg\" alt=\"header-raypak-hidelta.jpg\" border=\"0\" \/><\/p>\n<div style=\"text-align: justify;\">D\u00e9cadas de experiencia y las innovaciones tecnol\u00f3gicas lograron crear la caldera Hi Delta, un producto que incorpora caracter\u00edsticas buscadas por los ingenieros, instaladores y usuarios finales por igual.<\/div>\n<div style=\"text-align: justify;\">En 1948, Raypak introdujo la primera caldera de tubo de cobre con aletas rectas dise\u00f1ado con fiabilidad y facilidad de servicio en mente. La tradici\u00f3n contin\u00faa con el modelo Hi Delta de Raypak.<\/div>\n<div style=\"text-align: justify;\">Es quemador patentado &#8220;Security blanket&#8221; una mejora ingeniosa que proporciona una v\u00eda de aire-gas perfeccionado para la combusti\u00f3n completa, que hace que el Hi Delta sealal m\u00e1s adaptable caldera sellada de combusti\u00f3n en el mercado hoy en d\u00eda.<\/div>\n<div style=\"text-align: justify;\">Mientras que muchos fabricantes afirman conveniente la eliminaci\u00f3n intercambiador simple, el calor, el mantenimiento del Hi Delta no podr\u00eda ser m\u00e1s sencillo. S\u00f3lo tiene que abrir la unidad desde el frente y deslizar hacia fuera los corredores integrados. Agregando a la facilidad de uso del Hi Delta, el centro de diagn\u00f3stico de a bordo. En caso de un problema de funcionamiento, esta mejora clave permite a un t\u00e9cnico revisar r\u00e1pidamente la totalidad del historial de fallas de la unidad, es f\u00e1cil de entender &#8220;Ingl\u00e9s real&#8221;. No hay c\u00f3digos cr\u00edpticos que tratar. Nuestro centro de diagn\u00f3stico incluso ofrece posibles soluciones para el problema en cuesti\u00f3n.<\/div>\n<div style=\"text-align: justify;\">La familia de productos Hi Delta cubre toda la gama de aplicaciones tanto en interiores como al aire libre, incluida la calefacci\u00f3n, calentamiento de proceso, calentamiento de piscinas y calefacci\u00f3n de agua caliente sanitaria. Cuando se instala en el interior, la versatilidad del Hi Delta se revela en peque\u00f1os di\u00e1metros de ventilaci\u00f3n, ventilaci\u00f3n directa y la conveniencia de apilamiento sin un mayor impacto.<\/div>\n<div style=\"text-align: justify;\">El enfoque de Raypak en la satisfacci\u00f3n del cliente va m\u00e1s all\u00e1 del dise\u00f1o del producto. Al igual que todas las calderas Raypak, cada Hi Delta es probada en f\u00e1brica al fuego, asegurando fiable la puesta en marcha despu\u00e9s de la instalaci\u00f3n.<\/div>\n<div style=\"text-align: justify;\">Por m\u00e1s de 60 a\u00f1os, los profesionales Raypak han ganado su reputaci\u00f3n como los expertos de gesti\u00f3n del agua caliente. Desde el dise\u00f1o del sistema a trav\u00e9s de la instalaci\u00f3n y puesta en marcha, se puede contar con su Representante Raypak local y el respaldo del mejor equipo de ventas de la industria, ingenieros de aplicaciones y servicio t\u00e9cnico.<\/div>\n<p>&nbsp;<\/p>\n<div><strong>CARACTERISTICAS PRINCIPALES:<\/strong><\/div>\n<div>\n<ul>\n<li>Modelos de 100.000 a 2.340.000 BTUH<\/li>\n<li>Certificaci\u00f3n todos los modelos de interior\/exterior<\/li>\n<li>Eficiencia:<br \/>\n84% Calderas est\u00e1ndar<br \/>\n85% AFUE HD101-HD301<br \/>\n87% disponible en los modelos 302BE-2342BE<br \/>\n85% Agua Calentadores est\u00e1ndar (ver modelos especiales)<\/li>\n<li>Quemador patentado &#8220;manta de seguridad&#8221; mejora la puesta en escena de combusti\u00f3n, instalaci\u00f3n y minimiza los problemas de puesta en marcha, y protege los quemadores de la fatiga del metal<\/li>\n<li>105\u00ba F capacidad de agua m\u00ednima de entrada en los modelos est\u00e1ndar;<\/li>\n<li>120\u00b0 F por 87% calderas<\/li>\n<li>Intercambiador de calor de tubos de cobre, cupron\u00edquel disponibles<\/li>\n<li>AB 1953 certificada bajo plomo<\/li>\n<li>Encabezados de bronce en los calentadores de agua, opcional en las calderas<\/li>\n<li>Costado de ventilaci\u00f3n listo; No extractor necesario para la mayor\u00eda de las aplicaciones<\/li>\n<li>Conductos listos de aire de combusti\u00f3n; TruSeal<span style=\"font-size: xx-small;\">TM<\/span> certificado CSA ventilaci\u00f3n directa disponible<\/li>\n<li>Indicador de estado y centro de diagn\u00f3stico a bordo, ingl\u00e9s real, no c\u00f3digos.<\/li>\n<li>Cumple con todas las normas de NOx<\/li>\n<\/ul>\n<\/div>\n<p><strong>OPCIONES:<\/strong><\/p>\n<ul>\n<li>G20 &#8211; Operaci\u00f3n de baja presi\u00f3n del gas (modelos 302B-2342B)<br \/>\nCSA- Certificados para &#8220;presi\u00f3n de suministro WC 4&#8221;, s\u00f3lo gas natural<\/li>\n<li>D-14 &#8211; Opci\u00f3n de ventilaci\u00f3n trasera disponible en el momento del pedido<\/li>\n<li>D-12 &#8211; Sistema de entrada de aire de ventilaci\u00f3n directa TruSeal<\/li>\n<li>A-6 &#8211; Conexi\u00f3n de agua mano derecha<\/li>\n<\/ul>\n<p>&nbsp;<\/p>\n<div style=\"text-align: center;\"><strong>PARTES:<\/strong><\/div>\n<div style=\"text-align: center;\"><img decoding=\"async\" src=\"https:\/\/www.h2otek.com\/tienda\/Images\/boilers\/raypak\/partes-raypak-hidelta.jpg\" alt=\"partes-raypak-hidelta.jpg\" border=\"0\" \/><\/div>\n<ol>\n<li style=\"text-align: justify;\"><strong><span style=\"color: #333399;\">Paneles refractarios ligeros <\/span><\/strong><br \/>\nPaneles de fibra de cer\u00e1mica de piezas m\u00faltiples mejoran la combusti\u00f3n y reducen al m\u00ednimo la retenci\u00f3n de calor.<\/li>\n<li style=\"text-align: justify;\"><strong><span style=\"color: #333399;\">Encabezados totalmente cerrados <\/span><\/strong><br \/>\nSensores de temperatura y alambres de plomo\/capilares protegidos de la intemperie, vandalismo y da\u00f1o accidental durante la instalaci\u00f3n y el servicio.<\/li>\n<li style=\"text-align: justify;\"><strong><span style=\"color: #333399;\">Conexi\u00f3n Humo <\/span><\/strong><br \/>\nConexiones de salida de humos superior o posterior ofrecen una mayor flexibilidad de instalaci\u00f3n.<\/li>\n<li style=\"text-align: justify;\"><strong><span style=\"color: #333399;\">Filtro de aire <\/span><\/strong><br \/>\nUn filtro de aire de combusti\u00f3n, de f\u00e1cil limpieza protege a los quemadores de part\u00edculas en el aire como insectos voladores.<\/li>\n<li style=\"text-align: justify;\"><strong><span style=\"color: #333399;\">Centro de Diagn\u00f3stico On-Board<\/span><\/strong><br \/>\nMontado de f\u00e1brica de serie (302 a 2342). Proporciona informaci\u00f3n de servicios pertinentes, as\u00ed como las posibles soluciones para el fallo. Todo en ingl\u00e9s, sin c\u00f3digos cr\u00edpticos a descifrar. El control almacena hasta 16 faltas en su archivo hist\u00f3rico para que la revisi\u00f3n del servicio t\u00e9cnico.<\/li>\n<li style=\"text-align: justify;\"><span style=\"color: #333399;\"><strong>Luces de estado de visualizaci\u00f3n<\/strong><\/span><br \/>\nHasta 12 luces LED de alta intensidad, visible por adelantado, indican el estado de funcionamiento de la caldera.<\/li>\n<li style=\"text-align: justify;\"><span style=\"color: #333399;\"><strong>Construcci\u00f3n<\/strong><\/span><br \/>\nEl gabinete y todas las piezas internas son de acero galvanizado o de acero aluminizado. El exterior est\u00e1 protegido por pintura en polvo texturizada, idealmente dise\u00f1ada para instalaciones en interiores o al aire libre.<\/li>\n<li style=\"text-align: justify;\"><span style=\"color: #333399;\"><strong>Cableado Central Point <\/strong><\/span><br \/>\nHecho en f\u00e1brica de mazos de cables que conectan todos los componentes el\u00e9ctricos a una placa de circuito f\u00e1cil de solucionar con conectores de terminales m\u00faltiples.<\/li>\n<li style=\"text-align: justify;\"><span style=\"color: #333399;\"><strong>Tubos intercambiadores de calor <\/strong><\/span><br \/>\nDe cobre a prueba de tiempo tubos con aletas y tubos de cupro-n\u00edquel opcionales de pie incluso a las m\u00e1s duras condiciones del agua.<\/li>\n<li style=\"text-align: justify;\"><span style=\"color: #333399;\"><strong>Quemadores <\/strong><\/span><br \/>\nQuemadores especiales de acero inoxidable quemadores especiales proporcionan limpieza, combusti\u00f3n robusta y cumplen con todas las normas de bajo NOx.<\/li>\n<li style=\"text-align: justify;\"><span style=\"color: #333399;\"><strong>Panel de Acceso HSI<\/strong><\/span><br \/>\nUn peque\u00f1o panel proporciona acceso tanto al encendedor de superficie caliente y el sensor de llama para facilitar la inspecci\u00f3n y el servicio.<\/li>\n<\/ol>\n<p>&nbsp;<\/p>\n<p style=\"text-align: center;\"><span style=\"font-weight: bold;\">TABLAS DE ESPECIFICACIONES:<\/span><\/p>\n<p style=\"text-align: center;\"><a href=\"http:\/\/www.h2otek.com\/tienda\/Images\/boilers\/raypak\/especificaciones-raypak-hidelta-gde.jpg\" target=\"_blank\" rel=\"noopener\"><img decoding=\"async\" src=\"https:\/\/www.h2otek.com\/tienda\/Images\/boilers\/raypak\/especificaciones-raypak-hidelta.jpg\" alt=\"especificaciones-raypak-hidelta.jpg\" border=\"0\" \/><\/a><\/p>\n<p style=\"text-align: center;\">(Clic en la imagen para agrandar)<\/p>\n<p>&nbsp;<\/p>\n<p>&nbsp;<\/p>\n<p style=\"text-align: center;\"><span style=\"font-weight: bold;\">DIAGRAMAS:<\/span><\/p>\n<p style=\"text-align: center;\"><a href=\"http:\/\/www.h2otek.com\/tienda\/Images\/boilers\/raypak\/diagramas-raypak-hidelta-gde.jpg\" target=\"_blank\" rel=\"noopener\"><img decoding=\"async\" src=\"https:\/\/www.h2otek.com\/tienda\/Images\/boilers\/raypak\/diagramas-raypak-hidelta.jpg\" alt=\"diagramas-raypak-hidelta.jpg\" border=\"0\" \/><\/a><\/p>\n<p style=\"text-align: center;\">(Clic en la imagen para agrandar)<\/p>\n<p><strong>\u00a0<\/strong><\/p>\n<p><strong>DESCARGAR MANUALES<\/strong><\/p>\n<ul>\n<li><a href=\"https:\/\/h2otek.com\/tienda\/pdf\/aguacaliente\/FOLLETO_BOILER_A_GAS_COMERCIAL_INDUSTRIAL_LINEA_HIDELTA_MARCA_RAYPAK.pdf\" target=\"_blank\" rel=\"noopener\"><strong>FOLLETO<\/strong><\/a><\/li>\n<\/ul>\n<p>&nbsp;<\/p>\n<div><strong><span style=\"color: #000000;\">PRECIO INCLUYE GASTOS DE ENVIO (GRATIS) E IMPUESTO 16 % DE IVA<\/span><\/strong><\/div>\n","protected":false},"excerpt":{"rendered":"<p><span style=\"color: #ff0000;\"><strong>PARA PRECIO DE ESTE PRODUCTO FAVOR DE COMUNICARSE EN ATENCION A CLIENTES: info@h2otek.com O AL TEL: 01 800 94 26 835<\/strong><\/span><\/p>\n<p style=\"text-align: left;\"><em><strong><span style=\"font-size: small; color: #000000;\"><strong>RECOMENDADO PARA USO COMERCIAL-INDUSTRIAL<\/strong><\/span><\/strong><\/em><\/p>\n<p style=\"text-align: left;\"><em><span style=\"font-size: small;\"><strong>IDEALES PARA CUALQUIER NECESIDAD DE AGUA CALIENTE, COMO PUEDE SER EN:<\/strong><\/span><\/em><\/p>\n<ul>\n<li><em><span style=\"font-size: small;\"><strong>CASAS<\/strong><\/span><\/em><\/li>\n<li><em><span style=\"font-size: small;\"><strong>RESIDENCIAS<\/strong><\/span><\/em><\/li>\n<li><em><span style=\"font-size: small;\"><strong>DEPARTAMENTOS<\/strong><\/span><\/em><\/li>\n<li><em><span style=\"font-size: small;\"><strong>CONDOMINIOS<\/strong><\/span><\/em><\/li>\n<li><em><span style=\"font-size: small;\"><strong>RESTAURANTES<\/strong><\/span><\/em><\/li>\n<li><em><span style=\"font-size: small;\"><strong>HOTELES\/MOTELES<\/strong><\/span><\/em><\/li>\n<li><em><span style=\"font-size: small;\"><strong>LAVANDER\u00cdAS COMERCIALES<\/strong><\/span><\/em><\/li>\n<li><em><span style=\"font-size: small;\"><strong>CL\u00cdNICAS DE REPOSO<\/strong><\/span><\/em><\/li>\n<li><em><span style=\"font-size: small;\"><strong>ETC.<\/strong><\/span><\/em><\/li>\n<\/ul>\n","protected":false},"featured_media":554,"comment_status":"closed","ping_status":"closed","template":"","meta":[],"pwb-brand":[],"product_brand":[],"product_cat":[364],"product_tag":[],"class_list":{"0":"post-17352","1":"product","2":"type-product","3":"status-publish","4":"has-post-thumbnail","6":"product_cat-raypak-calentadores-de-agua-boilers-calderas","8":"first","9":"outofstock","10":"purchasable","11":"product-type-simple"},"brands":[],"_links":{"self":[{"href":"https:\/\/h2otek.com\/tienda\/wp-json\/wp\/v2\/product\/17352","targetHints":{"allow":["GET"]}}],"collection":[{"href":"https:\/\/h2otek.com\/tienda\/wp-json\/wp\/v2\/product"}],"about":[{"href":"https:\/\/h2otek.com\/tienda\/wp-json\/wp\/v2\/types\/product"}],"replies":[{"embeddable":true,"href":"https:\/\/h2otek.com\/tienda\/wp-json\/wp\/v2\/comments?post=17352"}],"wp:featuredmedia":[{"embeddable":true,"href":"https:\/\/h2otek.com\/tienda\/wp-json\/wp\/v2\/media\/554"}],"wp:attachment":[{"href":"https:\/\/h2otek.com\/tienda\/wp-json\/wp\/v2\/media?parent=17352"}],"wp:term":[{"taxonomy":"pwb-brand","embeddable":true,"href":"https:\/\/h2otek.com\/tienda\/wp-json\/wp\/v2\/pwb-brand?post=17352"},{"taxonomy":"product_brand","embeddable":true,"href":"https:\/\/h2otek.com\/tienda\/wp-json\/wp\/v2\/product_brand?post=17352"},{"taxonomy":"product_cat","embeddable":true,"href":"https:\/\/h2otek.com\/tienda\/wp-json\/wp\/v2\/product_cat?post=17352"},{"taxonomy":"product_tag","embeddable":true,"href":"https:\/\/h2otek.com\/tienda\/wp-json\/wp\/v2\/product_tag?post=17352"}],"curies":[{"name":"wp","href":"https:\/\/api.w.org\/{rel}","templated":true}]}}