{"id":17321,"date":"2021-07-06T21:12:51","date_gmt":"2021-07-06T21:12:51","guid":{"rendered":"https:\/\/h2otek.com\/tienda\/producto\/generador-de-vapor-para-ducto-18-lb-hr-7-5-kw-230v-1-fase-linea-gvetcd-acero-inoxidable-marca-h2otek-humidificador-para-ducto\/"},"modified":"2024-03-01T22:37:46","modified_gmt":"2024-03-01T22:37:46","slug":"generador-de-vapor-para-ducto-18-lb-hr-7-5-kw-230v-1-fase-linea-gvetcd-acero-inoxidable-marca-h2otek-humidificador-para-ducto","status":"publish","type":"product","link":"https:\/\/h2otek.com\/tienda\/producto\/generador-de-vapor-para-ducto-18-lb-hr-7-5-kw-230v-1-fase-linea-gvetcd-acero-inoxidable-marca-h2otek-humidificador-para-ducto\/","title":{"rendered":"GENERADOR DE VAPOR PARA DUCTO 18 LB\/HR 7.5 KW 230V. 1 FASE LINEA GVETCD ACERO INOXIDABLE MARCA H2OTEK &#8211; HUMIDIFICADOR PARA DUCTO MOD. GVETCD24-7.5-11T01\/18"},"content":{"rendered":"<p align=\"center\"><img fetchpriority=\"high\" decoding=\"async\" src=\"https:\/\/h2otek.com\/tienda\/img\/cms\/GENVAPOR\/ducto\/header-generador-de-vapor-ducto-h2otek-GVETCD24-7_5-11.jpg\" alt=\"\" width=\"650\" height=\"300\" \/><\/p>\n<p align=\"center\"><img decoding=\"async\" src=\"https:\/\/h2otek.com\/tienda\/img\/cms\/GENVAPOR\/nota-generadores-vapor-H2OTEK.jpg\" alt=\"\" width=\"650\" height=\"200\" \/><\/p>\n<p style=\"text-align: justify;\"><span style=\"font-size: 12pt;\"><strong> CARACTER\u00cdSTICAS:<\/strong><\/span><\/p>\n<ul style=\"list-style-type: disc;\">\n<li>Generadores de vapor para ducto, para cualquier necesidad de aumento de humedad en el ambiente, por medio de ductos, en sistemas de aire acondicionado y\/o ventilaci\u00f3n.<\/li>\n<li>Generadores de vapor con control autom\u00e1tico, para mantener el nivel de humedad deseado en todo momento (humidostato de cuarto opcional).<\/li>\n<li>Dise\u00f1o robusto y pr\u00e1ctico para su instalaci\u00f3n y mantenimiento<\/li>\n<li><strong>Amplia vida \u00fatil: fabricaci\u00f3n de tina y cubierta totalmente en acero inoxidable.<\/strong><\/li>\n<li>Generador de vapor con elementos calefactores (resistencias) dise\u00f1ados a baja densidad de potencia, mayor resistencia a condiciones adversas.<\/li>\n<li>Unidades totalmente desarmables.<\/li>\n<li>Equipado con interruptor diferencial de flujo de aire. el equipo solamente va a encender cuando detecte aire a trav\u00e9s del ducto.<\/li>\n<li>Generadores de vapor con dispersor de vapor en acero inoxidable, para una distribuci\u00f3n \u00f3ptima de vapor, en el interior del ducto.<\/li>\n<li>Amplia gama de capacidades y tama\u00f1os.<\/li>\n<li>Equipado con tablero de control completo<\/li>\n<li>Control de humedad (humidostato) para cuarto (estandar), acepta cualquier otro tipo de control que trabaje a 120 volts<\/li>\n<li>Focos piloto de encendido de equipo y llenado.<\/li>\n<li>Dise\u00f1o \u00f3ptimo para uso residencial, comercial o industrial.<\/li>\n<li>Sistema de protecci\u00f3n de seguridad contra alta presi\u00f3n en el tanque (v\u00e1lvula).<\/li>\n<li>F\u00e1cil mantenimiento con v\u00e1lvula de drenado para purgado de tanque.<\/li>\n<li>Proteccion cat\u00f3dica: ayuda a evitar la incrustaci\u00f3n de sarro en las resistencias el\u00e9ctricas<\/li>\n<li>Tanque en acero inoxidable de fabricaci\u00f3n robusta y totalmente sellado.<\/li>\n<li>Descarga de vapor horizontal<\/li>\n<li><strong>LA M\u00c1S AMPLIA GARANT\u00cdA DEL MERCADO: 10 A\u00d1OS EN EL TANQUE Y 1 A\u00d1O EN RESTO DE PARTES<\/strong><\/li>\n<\/ul>\n<p style=\"text-align: center;\"><strong>TABLA DE ESPECIFICACIONES<\/strong><\/p>\n<p style=\"text-align: center;\"><img decoding=\"async\" src=\"https:\/\/h2otek.com\/tienda\/img\/cms\/GENVAPOR\/ducto\/especificaciones-generadores-vapor-ducto-h2otek-GVETCD24-7_5-11.gif\" alt=\"especificaciones-generadores-vapor-ducto\" width=\"514\" height=\"453\" \/><\/p>\n<ul>\n<li style=\"text-align: justify;\"><strong><span style=\"color: #d0121a; font-size: 10pt;\">LA INSTALACI\u00d3N DEL GENERADOR DE VAPOR, HABLANDO ESPEC\u00cdFICAMENTE DE LA UBICACI\u00d3N, ES MUY IMPORTANTE. LO \u00d3PTIMO ES QUE EL GENERADOR DE VAPOR ESTE UBICADO, A UN LADO DEL DUCTO (CASI PEGADO EN EL DUCTO). MIENTRAS MAS DISTANCIA EXISTE ENTRE EL GENERADOR DE VAPOR Y LA SALIDA DE VAPOR, LA CANTIDAD DE VAPOR ENTREGADO SE REDUCE Y SE CONVIERTE EN AGUA (CONDENSACI\u00d3N).<\/span><\/strong><\/li>\n<li style=\"text-align: justify;\"><strong><span style=\"color: #d0121a; font-size: 10pt;\">EL GENERADOR DE VAPOR DEBE ESTAR INSTALADO A NIVEL.<\/span><\/strong><\/li>\n<li style=\"text-align: justify;\"><strong><span style=\"color: #d0121a; font-size: 10pt;\">EL GENERADOR DE VAPOR DEBE ESTAR INSTALADO Y PROTEGIDO POR UNA PASTILLA T\u00c9RMICA DE LA CAPACIDAD INDICADA (VER TABLA).<\/span><\/strong><\/li>\n<li style=\"text-align: justify;\"><strong><span style=\"color: #d0121a; font-size: 10pt;\">ES RECOMENDABLE DARLE MANTENIMIENTO AL GENERADOR DE VAPOR CADA CIERTO TIEMPO, DEPENDIENDO DE LA CALIDAD DE AGUA SUMINISTRADA AL MISMO. MIENTRAS MENOS CARGA DE SALES O SARRO TENGA EL AGUA, ES MEJOR PARA EL GENERADOR DE VAPOR Y PERIODOS MAS LARGOS PARA SU MANTENIMIENTO. SI EL AGUA ES ALTA EN SALES O DURA, SE DEBE TENER UN PROGRAMA DE MANTENIMIENTO CONSTANTE.<\/span><\/strong><\/li>\n<li style=\"text-align: justify;\"><strong><span style=\"color: #d0121a; font-size: 10pt;\">EL FABRICANTE NO SER\u00c1 RESPONSABLE DE CUALQUIER CAUSA O EFECTO QUE CAUSE EL TENER UN GENERADOR DE VAPOR CON UNA INSTALACI\u00d3N ERRONEA O INCORRECTA, MALA SELECCI\u00d3N, MALOS MANEJOS, NEGLIGENCIA, ETC.<\/span><\/strong><\/li>\n<li style=\"text-align: justify;\"><strong><span style=\"color: #d0121a; font-size: 10pt;\">ES NECESARIO QUE EL GENERADOR DE VAPOR SEA INSTALADO POR PERSONAL CON HABILIDADES T\u00c9CNICAS, EL\u00c9CTRICAS E HIDR\u00c1ULICAS.<\/span><\/strong><\/li>\n<li style=\"text-align: justify;\"><strong><span style=\"color: #d0121a; font-size: 10pt;\">NO ES RECOMENDABLE USAR HUMIDIFICADOR O GENERADOR DE VAPOR TRABAJANDO EN DUCTO, CUANDO EL PORCENTAJE DE HUMEDAD REQUERIDO ES ALTO (70% O MAS) YA QUE PUEDE HABER PROBLEMAS DE CONDENSACI\u00d3N.<\/span><\/strong><\/li>\n<li style=\"text-align: justify;\"><strong><span style=\"color: #d0121a; font-size: 10pt;\">TOMAR EN CUENTA QUE EL GENERADOR DE VAPOR PARA DUCTO, NOS VA A ENTREGAR VAPOR CALIENTE, ESO DEBE TOMARSE EN CUENTA, PARA EL SISTEMA DE AIRE ACONDICIONADO (CARGAS T\u00c9RMICAS).<\/span><\/strong><\/li>\n<\/ul>\n<p style=\"text-align: center;\"><strong>DIMENSIONES<\/strong><\/p>\n<p style=\"text-align: center;\"><img loading=\"lazy\" decoding=\"async\" src=\"https:\/\/h2otek.com\/tienda\/img\/cms\/GENVAPOR\/dimensiones-generadores-de-vapor-T1-T2.jpg\" alt=\"\" width=\"700\" height=\"393\" \/><\/p>\n<p style=\"text-align: center;\"><img loading=\"lazy\" decoding=\"async\" src=\"https:\/\/h2otek.com\/tienda\/img\/cms\/GENVAPOR\/acotaciones-generadores-de-vapor-T1.jpg\" alt=\"\" width=\"700\" height=\"112\" \/><\/p>\n<p style=\"text-align: center;\"><strong>INSTALACI\u00d3N T\u00cdPICA<\/strong><\/p>\n<p style=\"text-align: center;\"><img loading=\"lazy\" decoding=\"async\" src=\"https:\/\/h2otek.com\/tienda\/img\/cms\/GENVAPOR\/ducto\/instalacion-tipica-generadores-de-vapor-ducto.jpg\" alt=\"\" width=\"650\" height=\"604\" \/><\/p>\n<p style=\"text-align: center;\"><span style=\"font-family: arial, helvetica, sans-serif;\"><strong><span style=\"font-size: 12pt;\">FOTOS REPRESENTATIVAS:<\/span><\/strong><\/span><\/p>\n<p style=\"text-align: center;\"><span style=\"font-size: 10pt; font-family: tahoma, arial, helvetica, sans-serif;\"><strong><em><span style=\"font-family: arial, helvetica, sans-serif;\">GENERADOR DE VAPOR PARA TRABAJO EN DUCTOS, EN AIRE ACONDICIONADO Y\/O VENTILACI\u00d3N CON DISPERSOR DE VAPOR, CONECTADO POR MANGUERA PARA ALTA TEMPERATURA.<\/span> <\/em><\/strong><\/span><\/p>\n<p style=\"text-align: center;\"><span style=\"font-size: 11pt;\"><img loading=\"lazy\" decoding=\"async\" src=\"https:\/\/h2otek.com\/tienda\/img\/cms\/GENVAPOR\/ducto\/foto01.jpg\" alt=\"\" width=\"500\" height=\"316\" \/><\/span><\/p>\n<hr \/>\n<p style=\"text-align: center;\"><span style=\"font-size: 11pt;\"> <span style=\"font-family: arial, helvetica, sans-serif; font-size: 10pt;\"><em><strong>EL GENERADOR DE VAPOR DEBE ESTAR POSICIONADO A UN COSTADO DEL DUCTO (CASI PEGADO), PARA QUE LA DISTANCIA ENTRE EL GENERADOR Y EL DISPERSOR, SEA LA MENOR POSIBLE. EL DISPERSOR DE VAPOR NO DEBE DE SER INSTALADO EN ZONAS EN DONDE EXISTAN TURBULENCIAS DE AIRE. LA VELOCIDAD DE AIRE Y LA DIRECCION DEBEN DE SER UNIFORMES.<\/strong><\/em><\/span><\/span> <span style=\"font-size: 11pt;\"><img loading=\"lazy\" decoding=\"async\" src=\"https:\/\/h2otek.com\/tienda\/img\/cms\/GENVAPOR\/ducto\/foto03.jpg\" alt=\"\" width=\"500\" height=\"402\" \/><\/span><\/p>\n<hr \/>\n<p><em><strong><span style=\"font-size: 10pt; font-family: arial, helvetica, sans-serif;\">DISPERSOR DE VAPOR FABRICADO EN ACERO INOXIDABLE, CON SALIDA DE AGUA CALIENTE DE DESPERDICIO. CONDENSACI\u00d3N. CUENTA CON ORIFICIOS EN EL TUBO, EN LA PARTE SUPERIOR DE TUBO, PARA LA SALIDA DE VAPOR. EN EL DISPERSOR DE VAPOR VA CONECTADO LA MANGUERA QUE VIENE DEL INTERRUPTOR DIFERENCIAL DE FLUJO DE AIRE (INDISPENSABLE). EN RESUMEN EL DISPERSOR LLEVA 3 CONEXIONES:<\/span><\/strong><\/em><\/p>\n<ol>\n<li><em><strong><span style=\"font-size: 10pt; font-family: arial, helvetica, sans-serif;\">LA CONEXI\u00d3N DE INYECCI\u00d3N DE VAPOR.<\/span><\/strong><\/em><\/li>\n<li><em><strong><span style=\"font-size: 10pt; font-family: arial, helvetica, sans-serif;\">LA CONEXI\u00d3N DEL INTERRUPTOR DIFERENCIAL DEL FLUJO DE AIRE<\/span><\/strong><\/em><\/li>\n<li><em><strong><span style=\"font-size: 10pt; font-family: arial, helvetica, sans-serif;\">LA CONEXI\u00d3N DE SALIDA DE AGUA CALIENTE (CONDENSADOS)<\/span><\/strong><\/em><\/li>\n<\/ol>\n<p style=\"text-align: center;\"><span style=\"font-size: 11pt;\"><img loading=\"lazy\" decoding=\"async\" src=\"https:\/\/h2otek.com\/tienda\/img\/cms\/GENVAPOR\/ducto\/foto04.jpg\" alt=\"\" width=\"500\" height=\"409\" \/><\/span><\/p>\n<hr \/>\n<p style=\"text-align: center;\"><em><strong><span style=\"font-size: 10pt; font-family: arial, helvetica, sans-serif;\">ORIFICIO EN EL DUCTO, PARA LA COLOCACION DE DISPERSOR DE VAPOR.<\/span><\/strong><\/em><\/p>\n<p style=\"text-align: center;\"><span style=\"font-size: 11pt;\"><img loading=\"lazy\" decoding=\"async\" src=\"https:\/\/h2otek.com\/tienda\/img\/cms\/GENVAPOR\/ducto\/foto05.jpg\" alt=\"\" width=\"500\" height=\"667\" \/><\/span><\/p>\n<hr \/>\n<p style=\"text-align: center;\"><em><strong><span style=\"font-size: 11pt; font-family: arial, helvetica, sans-serif;\"><span style=\"font-size: 10pt;\">COLOCACION DE DISPERSOR DE VAPOR, NORMALMENTE SE INSTALA CENTRADO EN EL DUCTO.<\/span> <\/span><\/strong><\/em><\/p>\n<p style=\"text-align: center;\"><span style=\"font-size: 11pt;\"><img loading=\"lazy\" decoding=\"async\" src=\"https:\/\/h2otek.com\/tienda\/img\/cms\/GENVAPOR\/ducto\/foto06.jpg\" alt=\"foto06.jpg\" width=\"500\" height=\"667\" \/><\/span><\/p>\n<hr \/>\n<p style=\"text-align: center;\"><span style=\"font-size: 11pt;\"><em><strong><span style=\"font-family: arial, helvetica, sans-serif; font-size: 10pt;\">COLOCACI\u00d3N DE DISPERSOR DE VAPOR. TODO DISPERSOR DE VAPOR TRAE UNA FLECHA DEL SENTIDO DE AIRE O DIRECCI\u00d3N DEL AIRE, COMO DEBE DE SER INSTALADO (INDISPENSABLE, PARA UN FUNCIONAMIENTO CORRECTO).<\/span><\/strong><\/em> <\/span><\/p>\n<p style=\"text-align: center;\"><span style=\"font-size: 11pt;\"><img loading=\"lazy\" decoding=\"async\" src=\"https:\/\/h2otek.com\/tienda\/img\/cms\/GENVAPOR\/ducto\/foto07.jpg\" alt=\"foto07.jpg\" width=\"500\" height=\"667\" \/><\/span><\/p>\n<hr \/>\n<div style=\"text-align: center;\"><em><strong><span style=\"font-family: arial, helvetica, sans-serif; font-size: 10pt;\">DISPERSOR DE VAPOR DENTRO DEL DUCTO, CON LAS CONEXIONES DE MANGUERA DE ALTA TEMPERATURA, PARA LA TRANSPORTACI\u00d3N DE VAPOR DEL GENERADOR AL DISPERSOR Y MANGUERA DE DESAGUE ALTA TEMPERATURA (AGUA DE CONDENSADOS)<\/span><\/strong><\/em><\/div>\n<p style=\"text-align: center;\"><span style=\"font-size: 11pt;\">\u00a0<img loading=\"lazy\" decoding=\"async\" src=\"https:\/\/h2otek.com\/tienda\/img\/cms\/GENVAPOR\/ducto\/foto08.jpg\" alt=\"foto08.jpg\" width=\"500\" height=\"667\" \/><\/span><\/p>\n<hr \/>\n<p style=\"text-align: center;\"><em><span style=\"font-size: 10pt; font-family: arial, helvetica, sans-serif;\"><strong>VISTA DENTRO DEL DUCTO (FOTO REPRESENTATIVA) DE DISPERSOR YA INSTALADO EN EL DUCTO. NORMALMENTE SE INSTALA CENTRADO EN EL DUCTO. EL DISPERSOR DEL VAPOR DEBE SER CERCANO A LA MEDIDA DEL PERALTE DEL DUCTO (MEDIDA HORIZONTAL DEL DUCTO).<\/strong> <\/span><\/em><\/p>\n<p style=\"text-align: center;\"><img loading=\"lazy\" decoding=\"async\" src=\"https:\/\/h2otek.com\/tienda\/img\/cms\/GENVAPOR\/ducto\/foto09.jpg\" alt=\"foto09.jpg\" width=\"500\" height=\"667\" \/><\/p>\n<p style=\"text-align: center;\"><strong>COMPONENTES<\/strong><\/p>\n<p style=\"text-align: center;\"><img loading=\"lazy\" decoding=\"async\" src=\"https:\/\/h2otek.com\/tienda\/img\/cms\/GENVAPOR\/ducto\/foto01.jpg\" alt=\"\" width=\"650\" height=\"410\" \/><\/p>\n<p style=\"text-align: center;\"><img loading=\"lazy\" decoding=\"async\" src=\"https:\/\/h2otek.com\/tienda\/img\/cms\/GENVAPOR\/ducto\/fotos-genvapor-ducto-h2otek.jpg\" alt=\"\" width=\"650\" height=\"1328\" \/><\/p>\n<p style=\"text-align: center;\">Elementos de calentamiento (resistencia el\u00e9ctrica) tipo tubular sellado de 1&#8243; de di\u00e1metro, dise\u00f1ado de baja densidad de potencia (mayor resistencia a condiciones extremas).<\/p>\n<p style=\"text-align: center;\"><img loading=\"lazy\" decoding=\"async\" src=\"https:\/\/h2otek.com\/tienda\/img\/cms\/GENVAPOR\/resistencia-electrica.jpg\" alt=\"\" width=\"400\" height=\"83\" \/><\/p>\n<p style=\"text-align: center;\">V\u00e1lvulas solenoides para entrada y drenado de agua para mayor durabilidad en el tanque<\/p>\n<p style=\"text-align: center;\"><img loading=\"lazy\" decoding=\"async\" src=\"https:\/\/h2otek.com\/tienda\/img\/cms\/GENVAPOR\/valvula-solenoide.jpg\" alt=\"\" width=\"500\" height=\"184\" \/><\/p>\n<p style=\"text-align: center;\">Sensor de nivel de varillas de larga duraci\u00f3n <strong> <img loading=\"lazy\" decoding=\"async\" src=\"https:\/\/h2otek.com\/tienda\/img\/cms\/GENVAPOR\/sensor-nivel.jpg\" alt=\"\" width=\"500\" height=\"163\" \/><\/strong><\/p>\n<p style=\"text-align: center;\">Barra cat\u00f3dica para prevenir la acumulaci\u00f3n de sales<\/p>\n<p style=\"text-align: center;\"><img loading=\"lazy\" decoding=\"async\" src=\"https:\/\/h2otek.com\/tienda\/img\/cms\/GENVAPOR\/barra-catodica.jpg\" alt=\"\" width=\"500\" height=\"116\" \/><\/p>\n<p style=\"text-align: center;\">V\u00e1lvula de desfogue o alivio para mayor seguridad en el tanque<\/p>\n<p style=\"text-align: center;\"><img loading=\"lazy\" decoding=\"async\" src=\"https:\/\/h2otek.com\/tienda\/img\/cms\/GENVAPOR\/valvula-desfogue.jpg\" alt=\"\" width=\"500\" height=\"290\" \/><\/p>\n<p style=\"text-align: center;\">Filtro de sedimentos para mayor durabilidad de los componentes y reducciones de mantenimientos<\/p>\n<p style=\"text-align: center;\"><img loading=\"lazy\" decoding=\"async\" src=\"https:\/\/h2otek.com\/tienda\/img\/cms\/GENVAPOR\/filtros-sedimentos.jpg\" alt=\"\" width=\"500\" height=\"192\" \/><\/p>\n<p style=\"text-align: center;\">Lado izquierdo es un filtro de algod\u00f3n<\/p>\n<p style=\"text-align: center;\"><img loading=\"lazy\" decoding=\"async\" src=\"https:\/\/h2otek.com\/tienda\/img\/cms\/GENVAPOR\/tabla-filtro-lado-izquierdo.gif\" alt=\"\" width=\"436\" height=\"134\" \/><\/p>\n<p style=\"text-align: center;\"><img loading=\"lazy\" decoding=\"async\" src=\"https:\/\/h2otek.com\/tienda\/img\/cms\/GENVAPOR\/filtro-sedimentos-membrana.jpg\" alt=\"\" width=\"500\" height=\"131\" \/><\/p>\n<p style=\"text-align: center;\">Lado derecho es un filtro de membrana<\/p>\n<p style=\"text-align: center;\"><img loading=\"lazy\" decoding=\"async\" src=\"https:\/\/h2otek.com\/tienda\/img\/cms\/GENVAPOR\/tabla-filtro-lado-derecho.gif\" alt=\"\" width=\"436\" height=\"118\" \/><\/p>\n<p style=\"text-align: center;\"><img loading=\"lazy\" decoding=\"async\" src=\"https:\/\/h2otek.com\/tienda\/img\/cms\/GENVAPOR\/filtro-lado-derecho.jpg\" alt=\"\" width=\"500\" height=\"141\" \/><\/p>\n<p style=\"text-align: center;\">Descalcificador magn\u00e9tico para evitar la acumulaci\u00f3n de sarro en las paredes del generador y de la tuber\u00eda (OPCIONAL)<\/p>\n<p style=\"text-align: center;\"><img loading=\"lazy\" decoding=\"async\" src=\"https:\/\/h2otek.com\/tienda\/img\/cms\/GENVAPOR\/descalcificador-magnetico.jpg\" alt=\"\" width=\"234\" height=\"312\" \/><\/p>\n<h3 style=\"text-align: center;\"><\/h3>\n<p style=\"text-align: center;\"><strong>VIDEOS:<\/strong><\/p>\n<p style=\"text-align: center;\"><iframe src=\"https:\/\/www.youtube.com\/embed\/LDubqRh4INA\" width=\"425\" height=\"350\" frameborder=\"0\"><\/iframe><\/p>\n<p style=\"text-align: center;\"><iframe src=\"https:\/\/www.youtube.com\/embed\/1lJe1RhdTj4\" width=\"425\" height=\"350\" frameborder=\"0\"><\/iframe><\/p>\n<p style=\"text-align: center;\"><iframe src=\"https:\/\/www.youtube.com\/embed\/0DfTSs97dzE\" width=\"425\" height=\"350\" frameborder=\"0\"><\/iframe><\/p>\n<p style=\"text-align: center;\"><iframe src=\"https:\/\/www.youtube.com\/embed\/Cjsq5qa4FJU\" width=\"425\" height=\"350\" frameborder=\"0\"><\/iframe><\/p>\n<p style=\"text-align: center;\"><iframe src=\"https:\/\/www.youtube.com\/embed\/lSaH80Xx9g4\" width=\"425\" height=\"350\" frameborder=\"0\"><\/iframe><\/p>\n<p style=\"text-align: center;\"><img loading=\"lazy\" decoding=\"async\" src=\"https:\/\/h2otek.com\/tienda\/img\/cms\/GENVAPOR\/garantia-h2otek-10years.jpg\" alt=\"\" width=\"300\" height=\"300\" \/><\/p>\n<p style=\"text-align: center;\"><strong>LA GARANT\u00cdA M\u00c1S AMPLIA DEL MERCADO<\/strong><\/p>\n<div style=\"text-align: left;\">\n<div style=\"text-align: left;\">\n<div><strong>DESCARGAR MANUALES:<\/strong><\/div>\n<div>\n<ul>\n<li><a href=\"https:\/\/www.h2otek.com\/tienda\/pdf\/generadoresdevapor\/MANUAL DE INSTALACI\u00d3N Y OPERACI\u00d3N GENERADOR DUCTO LINEA GVETCD MARCA H2OTEK.pdf\" target=\"_blank\" rel=\"noopener\"><strong>MANUAL DEL USUARIO<\/strong><\/a><\/li>\n<\/ul>\n<\/div>\n<\/div>\n<\/div>\n<p style=\"text-align: center;\">\n","protected":false},"excerpt":{"rendered":"<p><span style=\"color: #ff0000;\"><strong>PRECIO\u00a0EN PESOS MEXICANOS.<\/strong><\/span><br \/>\n<span style=\"color: #ff0000;\"><strong>PRECIO INCLUYE 16 % DE I.V.A.<\/strong><\/span><br \/>\n<span style=\"color: #ff0000;\"><strong>PRECIO INCLUYE ENVIO (ZONA CENTRO).<\/strong><\/span><\/p>\n<p><em><strong>APLICACIONES M\u00c1S COMUNES:<\/strong><\/em><\/p>\n<ul>\n<li><em><strong>SISTEMAS DE DUCTOS EN AIRE ACONDICIONADO<\/strong><\/em><\/li>\n<li><em><strong>SISTEMAS DE DUCTOS CON VENTILACION<\/strong><\/em><\/li>\n<li><em><strong>SISTEMAS DE DUCTOS CON CALEFACCION, ETC.<\/strong><\/em><\/li>\n<\/ul>\n","protected":false},"featured_media":1706,"comment_status":"closed","ping_status":"closed","template":"","meta":[],"pwb-brand":[],"product_brand":[],"product_cat":[407,789,981],"product_tag":[],"class_list":{"0":"post-17321","1":"product","2":"type-product","3":"status-publish","4":"has-post-thumbnail","6":"product_cat-230-volts-1-fase","7":"product_cat-230-volts-1-fase-tina-cerrada-generador-de-vapor-tipo-ducto","8":"product_cat-230-volts-1-fase-tina-cerrada-generador-de-vapor-tipo-ducto-por-resistencia-generadores-de-vapor-para-ducto-hvac-electricos-a","10":"first","11":"onbackorder","12":"purchasable","13":"product-type-simple"},"brands":[],"_links":{"self":[{"href":"https:\/\/h2otek.com\/tienda\/wp-json\/wp\/v2\/product\/17321","targetHints":{"allow":["GET"]}}],"collection":[{"href":"https:\/\/h2otek.com\/tienda\/wp-json\/wp\/v2\/product"}],"about":[{"href":"https:\/\/h2otek.com\/tienda\/wp-json\/wp\/v2\/types\/product"}],"replies":[{"embeddable":true,"href":"https:\/\/h2otek.com\/tienda\/wp-json\/wp\/v2\/comments?post=17321"}],"wp:featuredmedia":[{"embeddable":true,"href":"https:\/\/h2otek.com\/tienda\/wp-json\/wp\/v2\/media\/1706"}],"wp:attachment":[{"href":"https:\/\/h2otek.com\/tienda\/wp-json\/wp\/v2\/media?parent=17321"}],"wp:term":[{"taxonomy":"pwb-brand","embeddable":true,"href":"https:\/\/h2otek.com\/tienda\/wp-json\/wp\/v2\/pwb-brand?post=17321"},{"taxonomy":"product_brand","embeddable":true,"href":"https:\/\/h2otek.com\/tienda\/wp-json\/wp\/v2\/product_brand?post=17321"},{"taxonomy":"product_cat","embeddable":true,"href":"https:\/\/h2otek.com\/tienda\/wp-json\/wp\/v2\/product_cat?post=17321"},{"taxonomy":"product_tag","embeddable":true,"href":"https:\/\/h2otek.com\/tienda\/wp-json\/wp\/v2\/product_tag?post=17321"}],"curies":[{"name":"wp","href":"https:\/\/api.w.org\/{rel}","templated":true}]}}