{"id":17236,"date":"2021-07-06T21:12:30","date_gmt":"2021-07-06T21:12:30","guid":{"rendered":"https:\/\/h2otek.com\/tienda\/producto\/calentador-de-agua-hidronico-de-pared-alta-eficiencia-cap-87000-btuh-linea-residencial-xpak-marca-raypak-mod-xpak-85\/"},"modified":"2022-10-08T17:54:11","modified_gmt":"2022-10-08T17:54:11","slug":"calentador-de-agua-hidronico-de-pared-alta-eficiencia-cap-87000-btuh-linea-residencial-xpak-marca-raypak-mod-xpak-85","status":"publish","type":"product","link":"https:\/\/h2otek.com\/tienda\/producto\/calentador-de-agua-hidronico-de-pared-alta-eficiencia-cap-87000-btuh-linea-residencial-xpak-marca-raypak-mod-xpak-85\/","title":{"rendered":"CALENTADOR DE AGUA HIDR\u00d3NICO DE PARED ALTA EFICIENCIA CAP. 87,000 BTUH L\u00cdNEA RESIDENCIAL XPAK MARCA RAYPAK MOD. XPAK 85"},"content":{"rendered":"<p style=\"text-align: center;\"><img fetchpriority=\"high\" decoding=\"async\" src=\"https:\/\/h2otek.com\/tienda\/img\/cms\/aguacaliente\/raypak\/xpak\/header-xpak-raypak-85.jpg\" alt=\"\" width=\"650\" height=\"300\" \/><\/p>\n<p style=\"text-align: left;\"><span style=\"text-decoration: underline;\"><strong><br \/>\nCALENTADOR DE AGUA HIDELTA\u00a0L\u00cdNEA COMERCIAL<\/strong><\/span><\/p>\n<div style=\"text-align: justify;\"><span lang=\"es\" xml:lang=\"es\"><span lang=\"es\" xml:lang=\"es\"><br \/>\nLas nuevas calderas de pared suspendidas <strong>XPak de Raypak<\/strong> aportan tecnolog\u00eda probada al mercado residencial en un producto perfectamente liso que solo ofrece Raypak. El XPak es tan bueno para ti como para el medioambiente.<\/span><\/span><\/div>\n<div id=\"tab-description\" class=\"panel wc-tab entry-content active\" style=\"text-align: justify;\">\n<p>&nbsp;<\/p>\n<p style=\"text-align: justify;\"><strong>CARACTER\u00cdSTICAS:<br \/>\n<\/strong><\/p>\n<ul>\n<li><span lang=\"es\" xml:lang=\"es\">Encendido electr\u00f3nico directo de chispa.<\/span><\/li>\n<li><span lang=\"es\" xml:lang=\"es\">Todos los modelos con certificaci\u00f3n CSA, solo para instalaci\u00f3n en interiores.<\/span><\/li>\n<li><span lang=\"es\" xml:lang=\"es\">Conexiones de agua inferior: permita la instalaci\u00f3n una al lado de la otra.<\/span><\/li>\n<li><span lang=\"es\" xml:lang=\"es\">Bomba no ferrosa incorporada de tres velocidades.<\/span><\/li>\n<li><span lang=\"es\" xml:lang=\"es\">V\u00e1lvula de gas modulante y quemador, hasta 4: 1 de reducci\u00f3n.<\/span><\/li>\n<li><span lang=\"es\" xml:lang=\"es\">Certificado bajo la regla 1146.2 de SCAQMD, cumple con todas las regulaciones de bajo NOx.<\/span><\/li>\n<li><span lang=\"es\" xml:lang=\"es\">Operaci\u00f3n silenciosa.<\/span><\/li>\n<li><span lang=\"es\" xml:lang=\"es\">Diagn\u00f3stico a bordo.<\/span><\/li>\n<li><span lang=\"es\" xml:lang=\"es\">L\u00f3gica de control de restablecimiento al aire libre incorporada. Requiere sensor de aire exterior opcional.<\/span><\/li>\n<li><span lang=\"es\" xml:lang=\"es\">El gabinete encierra completamente todos los controles y el cableado.<\/span><\/li>\n<li><span lang=\"es\" xml:lang=\"es\">Resistente acabado de esmalte resistente a la oxidaci\u00f3n.<\/span><\/li>\n<li><span lang=\"es\" xml:lang=\"es\">Puede ventilarse con CPVC suministrado en campo o inoxidable. La ventilaci\u00f3n conc\u00e9ntrica suministrada por la f\u00e1brica est\u00e1 disponible con componentes de ventilaci\u00f3n de polipropileno\/aluminio o aluminio.<\/span><\/li>\n<li><span lang=\"es\" xml:lang=\"es\">Adecuado para altitudes de hasta 10,000 pies sin cambiar los componentes. La tasa de descalificaci\u00f3n se aplica a m\u00e1s de 2,000 pies<\/span><\/li>\n<\/ul>\n<p>&nbsp;<\/p>\n<\/div>\n<p style=\"text-align: center;\"><strong>ESPECIFICACIONES:<\/strong><\/p>\n<p style=\"text-align: center;\"><em>(Pr\u00f3ximamente)<\/em><\/p>\n<p>&nbsp;<\/p>\n<p style=\"text-align: center;\"><strong>DIMENSIONES:<\/strong><\/p>\n<p style=\"text-align: center;\"><em>(Pr\u00f3ximamente)<\/em><\/p>\n<p>&nbsp;<\/p>\n<p style=\"text-align: center;\"><strong>COMPONENTES<\/strong><\/p>\n<p style=\"text-align: center;\"><em>(Pr\u00f3ximamente)<\/em><\/p>\n<p>&nbsp;<\/p>\n<p>&nbsp;<\/p>\n<p><strong>DESCARGAR MANUALES<br \/>\n<\/strong><\/p>\n<ul>\n<li><a href=\"https:\/\/h2otek.com\/tienda\/wp-content\/uploads\/2021\/07\/MANUAL-DE-INSTALACION-Y-OPERACION-CALENTADOR-RAYPAK-XPAK-85.pdf\" target=\"_blank\" rel=\"noopener\"><strong>INSTALACI\u00d3N Y OPERACI\u00d3N<\/strong><\/a><\/li>\n<\/ul>\n<p>&nbsp;<\/p>\n<div>\n<p style=\"text-align: left;\"><strong>PRECIO INCLUYE GASTOS DE ENVIO (GRATIS) E IMPUESTO 16% DE IVA.<\/strong><\/p>\n<\/div>\n","protected":false},"excerpt":{"rendered":"<p><span style=\"color: #ff0000;\"><strong>PARA PRECIO DE ESTE PRODUCTO FAVOR DE COMUNICARSE EN ATENCION A CLIENTES: info@h2otek.com O AL TEL: 01 800 94 26 835<\/strong><\/span><\/p>\n<p><strong><span style=\"color: #ff0000;\">CALENTADOR DE AGUA HIDR\u00d3NICO CAP. 87,000 BTU L\u00cdNEA XPAK<\/span><\/strong><\/p>\n<p><strong>CALEFACCI\u00d3N EN PISCINAS POR DEMANDA O RECIRCULACION DE AGUA CALIENTE. OPERACI\u00d3N SILENCIOSA.<em><br \/>\n<\/em><\/strong><\/p>\n<p><em><strong>IDEALES EN:<\/strong><\/em><\/p>\n<ul>\n<li><em><strong>ALBERCA \u00d3 PISCINA<br \/>\n<\/strong><\/em><\/li>\n<li><em><strong>SPA<\/strong><\/em><\/li>\n<li><em><strong>JACUZZI<\/strong><\/em><\/li>\n<li><em><strong>HIDROMASAJE, ETC.<\/strong><\/em><\/li>\n<\/ul>\n","protected":false},"featured_media":2018,"comment_status":"closed","ping_status":"closed","template":"","meta":[],"pwb-brand":[],"product_brand":[],"product_cat":[393],"product_tag":[],"class_list":{"0":"post-17236","1":"product","2":"type-product","3":"status-publish","4":"has-post-thumbnail","6":"product_cat-calderas-hidronicas-de-pared-de-alta-eficiencia-xpak","8":"first","9":"outofstock","10":"purchasable","11":"product-type-simple"},"brands":[],"_links":{"self":[{"href":"https:\/\/h2otek.com\/tienda\/wp-json\/wp\/v2\/product\/17236","targetHints":{"allow":["GET"]}}],"collection":[{"href":"https:\/\/h2otek.com\/tienda\/wp-json\/wp\/v2\/product"}],"about":[{"href":"https:\/\/h2otek.com\/tienda\/wp-json\/wp\/v2\/types\/product"}],"replies":[{"embeddable":true,"href":"https:\/\/h2otek.com\/tienda\/wp-json\/wp\/v2\/comments?post=17236"}],"wp:featuredmedia":[{"embeddable":true,"href":"https:\/\/h2otek.com\/tienda\/wp-json\/wp\/v2\/media\/2018"}],"wp:attachment":[{"href":"https:\/\/h2otek.com\/tienda\/wp-json\/wp\/v2\/media?parent=17236"}],"wp:term":[{"taxonomy":"pwb-brand","embeddable":true,"href":"https:\/\/h2otek.com\/tienda\/wp-json\/wp\/v2\/pwb-brand?post=17236"},{"taxonomy":"product_brand","embeddable":true,"href":"https:\/\/h2otek.com\/tienda\/wp-json\/wp\/v2\/product_brand?post=17236"},{"taxonomy":"product_cat","embeddable":true,"href":"https:\/\/h2otek.com\/tienda\/wp-json\/wp\/v2\/product_cat?post=17236"},{"taxonomy":"product_tag","embeddable":true,"href":"https:\/\/h2otek.com\/tienda\/wp-json\/wp\/v2\/product_tag?post=17236"}],"curies":[{"name":"wp","href":"https:\/\/api.w.org\/{rel}","templated":true}]}}