{"id":17210,"date":"2021-07-06T21:12:20","date_gmt":"2021-07-06T21:12:20","guid":{"rendered":"https:\/\/h2otek.com\/tienda\/producto\/boiler-calentador-de-agua-hidronico-cap-1530000-btuh-linea-hidelta-raypak-mod-h9-1532c\/"},"modified":"2022-10-10T22:51:06","modified_gmt":"2022-10-10T22:51:06","slug":"boiler-calentador-de-agua-hidronico-cap-1530000-btuh-linea-hidelta-raypak-mod-h9-1532c","status":"publish","type":"product","link":"https:\/\/h2otek.com\/tienda\/producto\/boiler-calentador-de-agua-hidronico-cap-1530000-btuh-linea-hidelta-raypak-mod-h9-1532c\/","title":{"rendered":"BOILER-CALENTADOR DE AGUA HIDR\u00d3NICO CAP. 1,530,000 BTUH L\u00cdNEA HIDELTA\u00ae RAYPAK MOD. H9-1532C"},"content":{"rendered":"<p style=\"text-align: center;\"><img fetchpriority=\"high\" decoding=\"async\" src=\"https:\/\/h2otek.com\/tienda\/img\/cms\/aguacaliente\/raypak\/hidelta\/992C-2342C\/header-raypak-hidronico-hidelta-H9-1532C.jpg\" alt=\"header-raypak-hidronico-hidelta\" width=\"650\" height=\"300\" \/><\/p>\n<p style=\"text-align: left;\"><span style=\"text-decoration: underline;\"><strong><br \/>CALENTADOR HIDR\u00d3NICO HIDELTA\u00ae<br \/><\/strong><\/span><\/p>\n<p><span style=\"text-align: justify;\">La familia de hipersuperficies hidr\u00f3nicas <\/span><strong style=\"text-align: justify;\">Hi Delta de Raypak, 992C-2342C<\/strong><span style=\"text-align: justify;\">, cuenta con un 84% de eficiencia, certificaciones para interiores y exteriores, y est\u00e1n disponibles en variantes de gas natural y propano.<\/span><br \/><span id=\"result_box\" lang=\"es\" xml:lang=\"es\"><\/span><\/p>\n<div id=\"tab-description\" class=\"panel wc-tab entry-content active\" style=\"text-align: justify;\"><\/p>\n<p style=\"text-align: justify;\"><strong>CARACTER\u00cdSTICAS:<br title=\"All models Indoor\/Outdoor certified. \u00a0\u00a0\u00a0\u00a0\" \/><\/strong><\/p>\n<ul>\n<li><span lang=\"es\" xml:lang=\"es\">Todos los modelos de interior\/exterior certificados.<\/span><\/li>\n<li><span lang=\"es\" xml:lang=\"es\">84% de eficiencia.<\/span><\/li>\n<li><span lang=\"es\" xml:lang=\"es\">Ventilaci\u00f3n vertical CAT I, ventilaci\u00f3n de pared lateral CAT III. No se requiere extractor para aplicaciones de paredes laterales de hasta 70 pies en el aire de la sala.<\/span><\/li>\n<li><span lang=\"es\" xml:lang=\"es\">La &#8220;manta de seguridad&#8221; del quemador patentada mejora la combusti\u00f3n por etapas, minimiza la instalaci\u00f3n, problemas de arranque y protege los quemadores de la fatiga del metal.<\/span><\/li>\n<li><span lang=\"es\" xml:lang=\"es\">Temperatura m\u00ednima del agua de entrada de 105\u00ba F.<\/span><\/li>\n<li><span lang=\"es\" xml:lang=\"es\">Cabezales de hierro fundido con intercambiador de calor de tubo con aletas de cobre. Cabezales de lat\u00f3n y tubos de cupron\u00edquel disponibles como opciones. Cumple con AB 1953.<\/span><\/li>\n<li><span lang=\"es\" xml:lang=\"es\">Ventilaci\u00f3n de pared lateral capaz. No se necesita extractor para la mayor\u00eda de las aplicaciones.<\/span><\/li>\n<li><span lang=\"es\" xml:lang=\"es\">Conduccion de aire de combustion listo. Ventilaci\u00f3n directa certificada TruSeal\u00ae CSA disponible.<\/span><\/li>\n<li><span lang=\"es\" xml:lang=\"es\">Pantalla de estado y centro de diagn\u00f3stico a bordo, ingl\u00e9s, sin c\u00f3digos.<\/span><\/li>\n<li><span lang=\"es\" xml:lang=\"es\">Certificado bajo SCAQMD Regla 1146.2. Cumple con todas las regulaciones de bajo NOx.<\/span><\/li>\n<li><span lang=\"es\" xml:lang=\"es\">Modelo 2002BE disponible solo para gas natural. Otros modelos disponibles para gas natural o propano.<\/span><\/li>\n<\/ul>\n<p style=\"text-align: justify;\">\u00a0<\/p>\n<p><span lang=\"es\" xml:lang=\"es\"><span title=\"And there is no requirement for costly propane-air blenders or air compressors.\"><span lang=\"es\" xml:lang=\"es\"><span title=\"Raypak's Hi Delta\"><strong>HI DELTA\u00ae DE RAYPAK<\/strong><\/p>\n<p><\/span><span title=\"Decades of expertise and technological innovations went into creating the Hi Delta boiler, a product that incorporates features sought after by engineers, installers and end-users alike.\">D\u00e9cadas de experiencia e innovaciones tecnol\u00f3gicas se convirtieron en la creaci\u00f3n de la <strong>caldera Hi Delta<\/strong>, un producto que incorpora caracter\u00edsticas buscadas tanto por ingenieros, instaladores y usuarios finales.<\/p>\n<p><\/span><span title=\"In 1948, Raypak introduced the first straight copper finned-tube boiler designed with reliability and serviceability in mind.\">En 1948, Raypak introdujo la primera caldera recta de cobre con aletas en tubo dise\u00f1ada teniendo en cuenta la confiabilidad y la facilidad de servicio. <\/span><span title=\"The tradition continues with Raypak\u2019s Hi Delta model.\">La tradici\u00f3n contin\u00faa con el modelo Hi Delta de Raypak. <\/span><span title=\"It\u2019s patented burner \u201csecurity blanket,\u201d an ingenious enhancement that provides a perfected air-gas pathway for complete combustion, makes the Hi Delta the most adaptable sealed-combustion boiler on the market today.\">Se trata de una &#8220;manta de seguridad&#8221; patentada por los quemadores, una mejora ingeniosa que proporciona una v\u00eda de aire-gas perfeccionada para una combusti\u00f3n completa, lo que convierte a la plataforma Hi Delta en la caldera de combusti\u00f3n sellada m\u00e1s adaptable del mercado actual.<\/p>\n<p><\/span><span title=\"While many manufacturers claim simple, convenient heat exchanger removal, servicing the Hi Delta couldn\u2019t be more straightforward.\">Si bien muchos fabricantes afirman que la extracci\u00f3n del intercambiador de calor es sencilla y conveniente, el mantenimiento del Hi Delta no podr\u00eda ser m\u00e1s sencillo. <\/span><span title=\"Just open the unit from the front and slide it out on built-in runners.\">Simplemente abra la unidad desde el frente y desl\u00edcela hacia afuera en los corredores incorporados. <\/span><span title=\"Adding to the Hi Delta\u2019s ease of use is the On-board Diagnostic Center.\">Adem\u00e1s de la facilidad de uso de Hi Delta, se encuentra el Centro de diagn\u00f3stico a bordo. <\/span><span title=\"In the event of an operating problem, this key enhancement allows an on-site technician to quickly review the unit\u2019s entire fault history, in easy to understand \u201creal English\u201d.\">En caso de un problema de funcionamiento, esta mejora clave permite a un t\u00e9cnico en el sitio revisar r\u00e1pidamente el historial de fallas completo de la unidad, en un &#8220;ingl\u00e9s real&#8221; f\u00e1cil de entender. <\/span><span title=\"No cryptic codes to deal with.\">No hay c\u00f3digos cr\u00edpticos para tratar. <\/span><span title=\"Our diagnostic center even offers possible solutions to the problem at hand.\">Nuestro centro de diagn\u00f3stico incluso ofrece posibles soluciones al problema en cuesti\u00f3n.<\/p>\n<p><\/span><span title=\"The Hi Delta product family covers the full spectrum of both indoor and outdoor applications including space heating, process heating, pool heating and domestic hot water heating.\">La familia de productos Hi Delta cubre todo el espectro de aplicaciones tanto de interior como de exterior, incluidas la calefacci\u00f3n de espacios, la calefacci\u00f3n de procesos, la climatizaci\u00f3n de piscinas y la calefacci\u00f3n de agua caliente sanitaria. <\/span><span title=\"When installed indoors, the Hi Delta\u2019s versatility is revealed in smaller vent diameters, direct-venting and the convenience of stacking without an increased footprint.\">Cuando se instala en interiores, la versatilidad de Hi Delta se revela en di\u00e1metros de ventilaci\u00f3n m\u00e1s peque\u00f1os, ventilaci\u00f3n directa y la comodidad de apilar sin una mayor huella.<\/p>\n<p><\/span><span title=\"Raypak\u2019s focus on customer satisfaction goes beyond product design.\">El enfoque de Raypak en la satisfacci\u00f3n del cliente va m\u00e1s all\u00e1 del dise\u00f1o del producto. <\/span><span title=\"Like all Raypak boilers, every Hi Delta is factory-fire tested, assuring reliable start-up upon installation.\">Al igual que todas las calderas Raypak, cada Hi Delta se somete a pruebas en el fuego de la f\u00e1brica, asegurando una puesta en marcha confiable al momento de la instalaci\u00f3n.<\/p>\n<p><\/span><span title=\"For over 60 years, Raypak professionals have earned their reputation as The Hot Water Management Experts.\">Durante m\u00e1s de 60 a\u00f1os, los profesionales de Raypak se han ganado su reputaci\u00f3n como los expertos en gesti\u00f3n de agua caliente. <\/span><span title=\"From system design through installation and start-up, you can count on your local Raypak Representative and the backing of the industry\u2019s best sales staff, applications engineers and service department.\">Desde el dise\u00f1o del sistema hasta la instalaci\u00f3n y la puesta en marcha, puede contar con su representante local de Raypak y el respaldo del mejor personal de ventas, ingenieros de aplicaciones y departamento de servicio de la industria.<\/span><\/span><\/span><\/span><\/div>\n<div>\u00a0<\/div>\n<div>\u00a0<\/div>\n<div class=\"panel wc-tab entry-content active\" style=\"text-align: center;\"><strong><br \/>PARTES<\/strong><\/div>\n<div>\u00a0<\/div>\n<div style=\"text-align: center;\"><img decoding=\"async\" src=\"https:\/\/h2otek.com\/tienda\/img\/cms\/aguacaliente\/raypak\/hidelta\/992C-2342C\/partes-raypak-hidronico-hidelta.jpg\" alt=\"\" width=\"600\" height=\"337\" \/><\/div>\n<div>\u00a0<\/div>\n<div><span style=\"text-align: center;\">1. Interfaz de usuario de VERSA IC<\/span><br style=\"text-align: center;\" \/><span style=\"text-align: center;\">2. M\u00f3dulo de encendido de la plataforma<\/span><br style=\"text-align: center;\" \/><span style=\"text-align: center;\">3. Tablero Versa<\/span><br style=\"text-align: center;\" \/><span style=\"text-align: center;\">4. Transformador<\/span><br style=\"text-align: center;\" \/><span style=\"text-align: center;\">5. Desconexi\u00f3n de la alimentaci\u00f3n principal<\/span><br style=\"text-align: center;\" \/><span style=\"text-align: center;\">6. Interruptor de alimentaci\u00f3n en espera<\/span><br style=\"text-align: center;\" \/><span style=\"text-align: center;\">7. Luces de estado<\/span><\/div>\n<div>\u00a0<\/div>\n<div>\u00a0<\/div>\n<div style=\"text-align: center;\"><strong>DIMENSIONES<\/strong><\/div>\n<div>\u00a0<\/div>\n<div style=\"text-align: center;\"><img decoding=\"async\" src=\"https:\/\/h2otek.com\/tienda\/img\/cms\/aguacaliente\/raypak\/hidelta\/992C-2342C\/dimensiones01-raypak-hidronico-hidelta.jpg\" alt=\"\" width=\"600\" height=\"444\" \/><\/div>\n<div>\u00a0<\/div>\n<div>\u00a0<\/div>\n<div style=\"text-align: center;\"><img loading=\"lazy\" decoding=\"async\" src=\"https:\/\/h2otek.com\/tienda\/img\/cms\/aguacaliente\/raypak\/hidelta\/992C-2342C\/dimensiones02-raypak-hidronico-hidelta.jpg\" alt=\"\" width=\"700\" height=\"470\" \/><\/div>\n<div>\u00a0<\/div>\n<div>\u00a0<\/div>\n<div>\u00a0<\/div>\n<div style=\"text-align: center;\"><strong>ESPECIFICACIONES<\/strong><\/div>\n<div>\u00a0<\/div>\n<div style=\"text-align: center;\"><img loading=\"lazy\" decoding=\"async\" src=\"https:\/\/h2otek.com\/tienda\/img\/cms\/aguacaliente\/raypak\/hidelta\/992C-2342C\/especificaciones-raypak-hidronico-hidelta-H9-1532C.jpg\" alt=\"especificaciones-raypak-hidronico-hidelt\" width=\"700\" height=\"238\" \/><\/div>\n<div>\n<div>\u00a0<\/div>\n<div>\u00a0<\/div>\n<p style=\"text-align: center;\">\u00a0<\/p>\n<p><strong>DESCARGAR MANUALES<\/strong><\/p>\n<ul>\n<li><strong><a href=\"http:\/\/www.h2otek.com\/tienda\/pdf\/aguacaliente\/FOLLETO%20CALENTADORES%20HIDRONICOS%20HIDELTA%20992C-2342C.pdf\" target=\"_blank\" rel=\"noopener\">FOLLETO<\/a><\/strong><\/li>\n<li><strong><a href=\"http:\/\/www.h2otek.com\/tienda\/pdf\/aguacaliente\/ESPECIFICACIONES%20CALENTADORES%20HIDRONICOS%20HIDELTA%20992C-2342C.pdf\" target=\"_blank\" rel=\"noopener\">ESPECIFICACIONES<\/a><\/strong><\/li>\n<li><strong><a href=\"http:\/\/www.h2otek.com\/tienda\/pdf\/aguacaliente\/INSTALACION%20Y%20OPERACION%20CALENTADORES%20HIDRONICOS%20HIDELTA%20992C-2342C.pdf\" target=\"_blank\" rel=\"noopener\">INSTALACI\u00d3N Y OPERACI\u00d3N<\/a><\/strong><\/li>\n<li><strong><a href=\"http:\/\/www.h2otek.com\/tienda\/pdf\/aguacaliente\/LISTA%20DE%20PARTES%20CALENTADORES%20HIDRONICOS%20HIDELTA%20992C-2342C.pdf\" target=\"_blank\" rel=\"noopener\">LISTA DE PARTES<\/a><\/strong><\/li>\n<\/ul>\n<p>\u00a0<\/p>\n<div>\n<p style=\"text-align: left;\"><strong>PRECIO INCLUYE GASTOS DE ENVIO (GRATIS) E IMPUESTO 16% DE IVA.<\/strong><\/p>\n<\/div>\n<p>\u00a0<\/p>\n<\/div>\n","protected":false},"excerpt":{"rendered":"<p><strong><span style=\"color: #ff0000;\">PARA PRECIO DE ESTE PRODUCTO FAVOR DE COMUNICARSE EN ATENCION A CLIENTES: info@h2otek.com O AL TEL: 01 800 94 26 835<\/span><\/p>\n<p>CALENTADOR DE AGUA PRESURIZADO INTERIOR \/SIN BOMBA. 85% EFICIENCIA<br \/>WH8 &#8211; 3 ETAPAS<\/strong><\/p>\n<p><strong>RECOMENDADO PARA USO COMERCIAL-INDUSTRIAL<\/strong><\/p>\n<p><em><strong>IDEALES PARA CUALQUIER NECESIDAD DE AGUA CALIENTE, COMO PUEDE SER EN:<\/strong><\/em><\/p>\n<ul>\n<li><em><strong>HOTELES<\/strong><\/em><\/li>\n<li><em><strong>MOTELES<\/strong><\/em><\/li>\n<li><em><strong>CONDOMINIOS<\/strong><\/em><\/li>\n<li><em><strong>RESIDENCIAS<\/strong><\/em><\/li>\n<li><em><strong>INSTITUCIONES<\/strong><\/em><\/li>\n<li><em><strong>ESCUELAS<\/strong><\/em><\/li>\n<li><em><strong>HOSPITALES, <\/strong><\/em><em><strong>ETC.<\/strong><\/em><\/li>\n<\/ul>\n","protected":false},"featured_media":7922,"comment_status":"closed","ping_status":"closed","template":"","meta":[],"pwb-brand":[],"product_brand":[],"product_cat":[1057,374],"product_tag":[],"class_list":{"0":"post-17210","1":"product","2":"type-product","3":"status-publish","4":"has-post-thumbnail","6":"product_cat-caldera-hidronica-delta-992c-2342c","7":"product_cat-linea-hidelta-raypak","9":"first","10":"outofstock","11":"purchasable","12":"product-type-simple"},"brands":[],"_links":{"self":[{"href":"https:\/\/h2otek.com\/tienda\/wp-json\/wp\/v2\/product\/17210","targetHints":{"allow":["GET"]}}],"collection":[{"href":"https:\/\/h2otek.com\/tienda\/wp-json\/wp\/v2\/product"}],"about":[{"href":"https:\/\/h2otek.com\/tienda\/wp-json\/wp\/v2\/types\/product"}],"replies":[{"embeddable":true,"href":"https:\/\/h2otek.com\/tienda\/wp-json\/wp\/v2\/comments?post=17210"}],"wp:featuredmedia":[{"embeddable":true,"href":"https:\/\/h2otek.com\/tienda\/wp-json\/wp\/v2\/media\/7922"}],"wp:attachment":[{"href":"https:\/\/h2otek.com\/tienda\/wp-json\/wp\/v2\/media?parent=17210"}],"wp:term":[{"taxonomy":"pwb-brand","embeddable":true,"href":"https:\/\/h2otek.com\/tienda\/wp-json\/wp\/v2\/pwb-brand?post=17210"},{"taxonomy":"product_brand","embeddable":true,"href":"https:\/\/h2otek.com\/tienda\/wp-json\/wp\/v2\/product_brand?post=17210"},{"taxonomy":"product_cat","embeddable":true,"href":"https:\/\/h2otek.com\/tienda\/wp-json\/wp\/v2\/product_cat?post=17210"},{"taxonomy":"product_tag","embeddable":true,"href":"https:\/\/h2otek.com\/tienda\/wp-json\/wp\/v2\/product_tag?post=17210"}],"curies":[{"name":"wp","href":"https:\/\/api.w.org\/{rel}","templated":true}]}}