{"id":32524,"date":"2025-07-24T00:10:19","date_gmt":"2025-07-24T00:10:19","guid":{"rendered":"https:\/\/h2otek.com\/tienda\/?page_id=32524"},"modified":"2025-11-12T16:45:05","modified_gmt":"2025-11-12T16:45:05","slug":"humidificador-sanitizante","status":"publish","type":"page","link":"https:\/\/h2otek.com\/tienda\/humidificador-sanitizante\/","title":{"rendered":"Humidificador sanitizante"},"content":{"rendered":"<p>12 de noviembre de 2025<\/p>\n<p>Un <a href=\"https:\/\/h2otek.com\/tienda\/sanitizacion-en-zonas-de-acceso-controlado-y-casetas-de-vigilancia-clave-para-entornos-seguros\/\"><strong>humidificador sanitizante<\/strong><\/a> H2O TEK usa tecnolog\u00eda avanzada para eliminar virus, bacterias y moho del aire y superficies mientras controla la humedad relativa. Es adecuado para entornos cr\u00edticos como cl\u00ednicas, hospitales, oficinas y zonas de alto tr\u00e1fico, mejorando la calidad del aire y disminuyendo riesgos de contagio.<\/p>\n<p>La necesidad de un controlador ambiental va m\u00e1s all\u00e1 de la humedad relativa y la temperatura. En ambientes que son cr\u00edticos, la introducci\u00f3n de humedad debe ir conjuntamente con un proceso activo de sanitizaci\u00f3n para impedir la proliferaci\u00f3n y dispersi\u00f3n de pat\u00f3genos.<\/p>\n<p>Por esta raz\u00f3n, en H2O TEK ofrecemos sistemas que elevan la humedad relativa al rango ideal y tienen la capacidad de eliminar de forma activa amenazas biol\u00f3gicas del aire, transformando la humidificaci\u00f3n en una estrategia fundamental para la higiene ambiental.<\/p>\n<h2>\u00bfQu\u00e9 es y c\u00f3mo funciona un <a href=\"https:\/\/h2otek.com\/tienda\/sanitizacion-en-ambulancias-garantia-de-seguridad-en-el-transporte-de-pacientes\/\"><strong>humidificador sanitizante<\/strong><\/a>?<\/h2>\n<p>Es un aparato especial para conservar cierto nivel de humedad dentro de un ambiente. Es crucial tener presente que este tipo de equipos funciona en espacios cerrados. Adem\u00e1s, cuenta con una estructura simplificada, la misma que se encuentra conformada por un recipiente, en el que se guarda agua que, posteriormente, se condensa, transform\u00e1ndose y pasando despu\u00e9s el aire directamente a la habitaci\u00f3n en la cual se encuentra instalado.<\/p>\n<p>Lo que permite que este humidificador sea diferente es su nivel de capacidad para incrementar la humedad y para purificar y sanitizar el aire a trav\u00e9s de tecnolog\u00edas espec\u00edficas. Dichas tecnolog\u00edas tienen la capacidad de neutralizar bacterias, virus, moho y hongos, asegurando un entorno saludable.<\/p>\n<p><img fetchpriority=\"high\" decoding=\"async\" class=\"aligncenter size-full wp-image-31033\" src=\"https:\/\/h2otek.com\/tienda\/wp-content\/uploads\/2024\/07\/instalacion-deshumidificador-RDIN-96-1.jpg\" alt=\"humidificador sanitizante\" width=\"650\" height=\"273\" srcset=\"https:\/\/h2otek.com\/tienda\/wp-content\/uploads\/2024\/07\/instalacion-deshumidificador-RDIN-96-1.jpg 650w, https:\/\/h2otek.com\/tienda\/wp-content\/uploads\/2024\/07\/instalacion-deshumidificador-RDIN-96-1-300x126.jpg 300w, https:\/\/h2otek.com\/tienda\/wp-content\/uploads\/2024\/07\/instalacion-deshumidificador-RDIN-96-1-143x60.jpg 143w, https:\/\/h2otek.com\/tienda\/wp-content\/uploads\/2024\/07\/instalacion-deshumidificador-RDIN-96-1-214x90.jpg 214w, https:\/\/h2otek.com\/tienda\/wp-content\/uploads\/2024\/07\/instalacion-deshumidificador-RDIN-96-1-600x252.jpg 600w\" sizes=\"(max-width: 650px) 100vw, 650px\" \/><\/p>\n<h3>Tecnolog\u00eda usada para la sanitizaci\u00f3n<\/h3>\n<p>Los humidificadores sanitizantes pueden estar conformados por diversas tecnolog\u00edas para cumplir su <a href=\"https:\/\/medlineplus.gov\/spanish\/ency\/article\/002104.htm\" target=\"_blank\" rel=\"noopener\">funci\u00f3n antimicrobiana<\/a>:<\/p>\n<ul>\n<li><em>Luz UV-C<\/em>: usada para desaparecer microorganismos que se encuentran presentes en el aire o en el agua. Los rayos ultravioleta afectan el ADN o el ARN de las bacterias y virus, impidiendo su reproducci\u00f3n y supervivencia.<\/li>\n<li><em>Ozono (O\u2083)<\/em>: Ciertos equipos tienen la capacidad de liberar cantidad controlada de ozono que desinfecta el aire y las superficies, pero su implementaci\u00f3n debe ser cuidadosa, debido a su nivel de toxicidad en altas concentraciones.<\/li>\n<li><em>Aditivos espec\u00edficos<\/em>: Se usan l\u00edquidos o f\u00f3rmulas antimicrobianas compatibles que se incorporan en el agua para lograr mejorar la capacidad sanitizante del vapor. Se trata de aditivos seguros para la respiraci\u00f3n humana y productos aprobados por las respectivas normas establecidas.<\/li>\n<\/ul>\n<h3>Eficacia contra virus, bacterias y moho<\/h3>\n<p>El <a href=\"https:\/\/h2otek.com\/tienda\/la-importancia-de-espacios-sanitizados-en-el-area-de-entrega-de-vehiculos\/\"><strong>humidificador sanitizante<\/strong><\/a> es un elemento de vital importancia para el control de enfermedades, plagas y para ofrecer una seguridad adecuada con respecto a este \u00e1mbito.<\/p>\n<p>Investigaciones cient\u00edficas han demostrado que mantener una humedad relativa entre el 40 y el 60% ayuda a reducir significativamente la supervivencia de virus respiratorios y el crecimiento de hongos y bacterias, lo que tambi\u00e9n disminuye los riesgos de alergias y contagios en general.<\/p>\n<h2>Beneficios de la humidificaci\u00f3n sanitizante en \u00e1reas cr\u00edticas<\/h2>\n<h3>Mejora de la calidad del aire interior<\/h3>\n<p>El aire es m\u00e1s amigable para las v\u00edas respiratorias. La niebla fina contribuye a que las part\u00edculas de polvo y al\u00e9rgenos se hagan m\u00e1s pesadas y caigan al suelo, lo que permite disminuir su concentraci\u00f3n en la zona de respiraci\u00f3n.<\/p>\n<h3>Reducci\u00f3n de pat\u00f3genos a\u00e9reos y en superficies<\/h3>\n<p>En comparaci\u00f3n con la desinfecci\u00f3n por aspersi\u00f3n convencional, la humidificaci\u00f3n sanitizante otorga una capa de <a href=\"https:\/\/www.paho.org\/es\/documentos\/recomendaciones-para-limpieza-desinfeccion-sitios-publicos-supermercados-mercados-0\" target=\"_blank\" rel=\"noopener\">protecci\u00f3n continua en todo el espacio<\/a>. Esto es crucial para laboratorios, hospitales y cualquier entorno de alta afluencia.<\/p>\n<h3>Confort y salud respiratoria<\/h3>\n<p>Si se logra que la humedad del aire se pueda incrementar, entonces se puede conseguir un aire m\u00e1s amigable para las v\u00edas respiratorias. Cabe destacar que la humedad relativa elevada impide la irritaci\u00f3n de las fosas nasales, alivia la congesti\u00f3n nasal, reduce los s\u00edntomas de la gripe y el resfriado, as\u00ed como las diferentes dificultades a nivel respiratorio.<\/p>\n<p>En este sentido, los niveles de humedad elevados son bastante buenos. Dentro de los beneficios que caracterizan a este tipo de dispositivos, se encuentra el excelente control de la humedad de los ambientes.<\/p>\n<h2>Aplicaciones del <a href=\"https:\/\/h2otek.com\/tienda\/categoria-producto\/control-de-humedad-humidificadores-deshumidificadores\/\"><strong>humidificador sanitizante<\/strong><\/a> por sector<\/h2>\n<p>El humidificador de tipo sanitizante es una estrategia cultural indispensable que ayuda a disminuir y a desaparecer posibles fuentes de infestaci\u00f3n, siendo posible esto gracias a la desinfecci\u00f3n de la superficie.<\/p>\n<h3>Sector salud<\/h3>\n<p>La necesidad de contar con un sistema de climatizaci\u00f3n y ventilaci\u00f3n en el \u00e1rea de los hospitales es clave en t\u00e9rminos de higienizaci\u00f3n.<\/p>\n<ul>\n<li><em>Riesgo<\/em>. Elevada concentraci\u00f3n de organismos pat\u00f3genos y pacientes inmunodeprimidos.<\/li>\n<li><em>Necesidad<\/em>. Es imprescindible que los centros hospitalarios puedan disponer en gran medida de una limpieza absoluta y un control de las corrientes de aire. Es clave disponer de una humedad muy elevada para la recuperaci\u00f3n de pacientes con quemaduras o afecciones.<\/li>\n<li><em>Soluci\u00f3n H2O TEK<\/em>. Sistemas de nebulizaci\u00f3n de agente biocida para lograr la desinfecci\u00f3n activa en zonas comunes, quir\u00f3fanos y salas de espera.<\/li>\n<\/ul>\n<h3>Sector hospitalidad<\/h3>\n<ul>\n<li><em>Riesgo<\/em>. Rotaci\u00f3n constante de personas y alto contacto en superficies.<\/li>\n<li><em>Soluci\u00f3n H2O TEK<\/em>. Uso en recepciones, gimnasios y salones de eventos, con el fin de asegurar hu\u00e9spedes y clientes con un ambiente higienizado de forma constante.<\/li>\n<\/ul>\n<h3>Oficinas y \u00e1reas corporativas<\/h3>\n<ul>\n<li><em>Riesgo<\/em>. Propagaci\u00f3n fulminante de patolog\u00eda respiratoria y ausentismo laboral.<\/li>\n<li><em>Soluci\u00f3n H2O TEK<\/em>. El control activo de pat\u00f3genos y el mantenimiento de una HR entre 40% y 60% reducen el ausentismo y mantienen el confort t\u00e9rmico.<\/li>\n<\/ul>\n<h3>Uso residencial de alto nivel y espacios cerrados<\/h3>\n<ul>\n<li><em>Riesgo<\/em>. Protecci\u00f3n de ni\u00f1os peque\u00f1os, adultos mayores o personas que se encuentran vulnerables o presentan enfermedades cr\u00f3nicas.<\/li>\n<li><em>Soluci\u00f3n H2O TEK<\/em>. Se trata de un humidificador con m\u00e1s tecnolog\u00eda y se caracteriza por ser un <a href=\"https:\/\/h2otek.com\/tienda\/ubicacion\/\"><strong>humidificador sanitizante<\/strong><\/a> encargado de detectar el nivel de agua en el ambiente y liberar el vapor cuando as\u00ed se requiera. Nuestro sistema ofrece seguridad y silencio, lo que lo hace ideal para ser usado en la noche, dentro de las habitaciones, sin interferir o causar alguna molestia durante las horas de sue\u00f1o.<\/li>\n<\/ul>\n<h2>Modelos de humidificadores sanitizantes H2O TEK<\/h2>\n<h3><a href=\"https:\/\/h2otek.com\/tienda\/producto\/equipo-control-de-humedad-dual-deshumidificacion-y-humidificacion-portatil-100-120-lts-dia-h2otek-mod-chdual-d120l-h8l\/\">Modelo H2O TEK Saniti-100<\/a><\/h3>\n<ul>\n<li>Capacidad para ambientes de hasta 100 m\u00b2.<\/li>\n<li>Tecnolog\u00eda UV-C integrada para la sanitizaci\u00f3n continua del vapor.<\/li>\n<li>Control autom\u00e1tico de humedad con higrostato digital.<\/li>\n<li>Compatible con aditivos sanitizantes aprobados.<\/li>\n<li>Dise\u00f1o compacto y bajo consumo energ\u00e9tico.<\/li>\n<li>Ideal para oficinas compactas y consultorios.<\/li>\n<\/ul>\n<h3><a href=\"https:\/\/h2otek.com\/tienda\/producto\/humidificador-nebulizador-ultrasonico-portatil-capacidad-3-lt-hr-120v-marca-h2otek-mod-hultracubo3l-12-6-6-puede-trabajar-como-sanitizante\/?add-to-cart=17316\">Modelo H2O TEK HULTRACUBO3L-12\/6.6<\/a><\/h3>\n<ul>\n<li>Es un equipo port\u00e1til con tecnolog\u00eda ultras\u00f3nica.<\/li>\n<li>Puede trabajar para sanitizaci\u00f3n de \u00e1reas mediante la inyecci\u00f3n de nebulizaci\u00f3n pura y ultrafina, con o sin qu\u00edmicos desinfectantes solubles en agua.<\/li>\n<li>Capacidad de 3 litros por hora de producci\u00f3n de vapor o nebulizaci\u00f3n.<\/li>\n<li>Incluye panel de control que permite ajustar el funcionamiento para optimizar el uso de aditivos y niveles de humedad.<\/li>\n<li>Este modelo es vers\u00e1til y adecuado para quienes requieren una soluci\u00f3n m\u00f3vil y eficiente para humidificaci\u00f3n.<\/li>\n<\/ul>\n<h2>Consideraciones clave para selecci\u00f3n e instalaci\u00f3n<\/h2>\n<h3>Tipo de sanitizante compatible<\/h3>\n<p>La selecci\u00f3n de la soluci\u00f3n desinfectante es crucial; en H2O TEK solo se aprueban agentes no corrosivos y de baja toxicidad, con el fin de proteger los componentes internos de los equipos y garantizar la seguridad de los usuarios<em>.<\/em><\/p>\n<h3>Mantenimiento y seguridad operativa<\/h3>\n<ul>\n<li><em>Mantenimiento<\/em>. El ultras\u00f3nico necesita una limpieza peri\u00f3dica de los transductores y la comprobaci\u00f3n de la l\u00e1mpara.<\/li>\n<li><em>Seguridad<\/em>. Es esencial tener presente que este tipo de equipos funciona en espacios cerrados. Dentro de las preocupaciones principales se encuentra la dosificaci\u00f3n. Los equipos que ofrecemos usan sensores y controles de tiempo para asegurar que la concentraci\u00f3n del agente nebulizado se pueda conservar dentro de los l\u00edmites seguros para la presencia humana.<\/li>\n<\/ul>\n<h2>\u00bfD\u00f3nde puedo conseguir humidificadores sanitizantes?<\/h2>\n<p>En H2O TEK nos identificamos por ofrecer productos de calidad certificada, como es el caso del <a href=\"https:\/\/h2otek.com\/tienda\/producto\/tabla-de-parametros-de-humidificacion\/\"><strong>humidificador sanitizante<\/strong><\/a>. Para conocer m\u00e1s sobre nuestros productos disponibles, le invitamos a conocer nuestra tienda en l\u00ednea o visitar cualquiera de nuestras sucursales.<\/p>\n<p><img decoding=\"async\" class=\"aligncenter size-full wp-image-31029\" src=\"https:\/\/h2otek.com\/tienda\/wp-content\/uploads\/2024\/07\/wifi-deshumidificador-RDIN-96.jpg\" alt=\"humidificador sanitizante\" width=\"650\" height=\"334\" srcset=\"https:\/\/h2otek.com\/tienda\/wp-content\/uploads\/2024\/07\/wifi-deshumidificador-RDIN-96.jpg 650w, https:\/\/h2otek.com\/tienda\/wp-content\/uploads\/2024\/07\/wifi-deshumidificador-RDIN-96-300x154.jpg 300w, https:\/\/h2otek.com\/tienda\/wp-content\/uploads\/2024\/07\/wifi-deshumidificador-RDIN-96-117x60.jpg 117w, https:\/\/h2otek.com\/tienda\/wp-content\/uploads\/2024\/07\/wifi-deshumidificador-RDIN-96-175x90.jpg 175w, https:\/\/h2otek.com\/tienda\/wp-content\/uploads\/2024\/07\/wifi-deshumidificador-RDIN-96-600x308.jpg 600w\" sizes=\"(max-width: 650px) 100vw, 650px\" \/><\/p>\n<p>Si desea conocer m\u00e1s detalles sobre este producto u otro, puede contactarnos a trav\u00e9s de los siguientes medios de contacto:<\/p>\n<ul>\n<li>Monterrey: <a href=\"tel:8183467510\">(81) 8346 7510<\/a>, <a href=\"tel:8183467534\">(81) 8346 7534<\/a> o <a href=\"tel:8123162248\">(81) 2316 2248<\/a>.<\/li>\n<li>CDMX: <a href=\"tel:5555749734\">(55) 5574 9734<\/a> o <a href=\"tel:5567198084\">(55) 6719 8048<\/a>.<\/li>\n<li>Guadalajara: <a href=\"tel:3332685443\">(33) 3268 5443<\/a><\/li>\n<li>Canc\u00fan: <a href=\"tel:9983132858\">(998) 313 2858<\/a><\/li>\n<li>Tijuana: <a href=\"tel:6642310160\">(664) 231 0160<\/a><\/li>\n<li>Puerto Vallarta: <a href=\"tel:3223130301\">(322) 313 0301<\/a><\/li>\n<li>Los Cabos: <a href=\"tel:6122390720\">(612) 239 0720<\/a><\/li>\n<\/ul>\n<p>Correo electr\u00f3nico:<\/p>\n<ul>\n<li>Atenci\u00f3n nacional: <a href=\"mailto:info@h2otek.com\">info@com<\/a><\/li>\n<li>Atenci\u00f3n internacional: <a href=\"mailto:intl@h2otek.com\">intl@h2otek.com<\/a><\/li>\n<\/ul>\n<h2>Preguntas frecuentes<\/h2>\n<h3>\u00bfQu\u00e9 es un humidificador de tipo sanitizante?<\/h3>\n<p>Es un equipo que combina la funci\u00f3n de control de humedad y la eliminaci\u00f3n activa de microorganismos en superficies y en el aire. Por lo general, a trav\u00e9s de vapor est\u00e9ril o la nebulizaci\u00f3n controlada de un agente desinfectante.<\/p>\n<h3>\u00bfC\u00f3mo desinfectar el aire un humidificador H2O TEK?<\/h3>\n<p>Nuestros equipos tienen la capacidad de lograr la sanitizaci\u00f3n a trav\u00e9s de dos t\u00e9cnicas: esterilizaci\u00f3n del agua del dep\u00f3sito y nebulizaci\u00f3n ultras\u00f3nica de agentes biocidas de bajo riesgo que desinfectan de forma continua el ambiente.<\/p>\n<h3>\u00bfQu\u00e9 virus o bacterias pueden eliminar la nebulizaci\u00f3n?<\/h3>\n<p>La nebulizaci\u00f3n con desinfectantes certificados es muy efectiva contra muchos pat\u00f3genos, incluyendo bacterias comunes, virus con envoltura y esporas de moho, si se utiliza el desinfectante adecuado en la concentraci\u00f3n recomendada.<\/p>\n<h3>\u00bfEs seguro usar humidificadores sanitizantes con personas presentes?<\/h3>\n<p>S\u00ed, la desinfecci\u00f3n por nebulizaci\u00f3n de baja concentraci\u00f3n es muy segura para la presencia humana. La clave est\u00e1 en el control de la dosificaci\u00f3n. Nuestros equipos est\u00e1n calibrados para dispersar concentraciones que cumplen con los l\u00edmites de exposici\u00f3n ocupacional.<\/p>\n<h3>\u00bfQu\u00e9 l\u00edquido o aditivo (sanitizante) se recomienda usar con los equipos H2O TEK?<\/h3>\n<p>Recomendamos usar sanitizantes de amplio espectro, de baja o nula corrosividad, como el \u00e1cido hipocloroso, el cual es efectivo contra pat\u00f3genos y seguro para el uso continuo en presencia de personas.<\/p>\n<h3>\u00bfQu\u00e9 mantenimiento requiere un humidificador de tipo sanitizante?<\/h3>\n<p>Necesita una limpieza peri\u00f3dica en los transductores ultras\u00f3nicos y el dep\u00f3sito. Asimismo, el reemplazo o limpieza de los filtros del sistema de suministro de agua. Si se usa tecnolog\u00eda, es necesaria la sustituci\u00f3n anual de la l\u00e1mpara germicida.<\/p>\n<p>&nbsp;<\/p>\n<p>&nbsp;<\/p>\n<h4>Revisado por:<\/h4>\n<p>Ing. Francisco Perales<\/p>\n<p>Encargado de ingenier\u00eda y proyectos<\/p>\n<p>Ingenier\u00eda Mec\u00e1nica y Maestr\u00eda en termodin\u00e1mica<\/p>\n","protected":false},"excerpt":{"rendered":"<p>12 de noviembre de 2025 Un humidificador sanitizante H2O TEK usa tecnolog\u00eda avanzada para eliminar virus, bacterias y moho del aire y superficies mientras controla la humedad relativa. Es adecuado para entornos cr\u00edticos como cl\u00ednicas, hospitales, oficinas y zonas de [&hellip;]<\/p>\n","protected":false},"author":1,"featured_media":0,"parent":0,"menu_order":0,"comment_status":"closed","ping_status":"closed","template":"","meta":{"footnotes":""},"class_list":["post-32524","page","type-page","status-publish","hentry"],"_links":{"self":[{"href":"https:\/\/h2otek.com\/tienda\/wp-json\/wp\/v2\/pages\/32524","targetHints":{"allow":["GET"]}}],"collection":[{"href":"https:\/\/h2otek.com\/tienda\/wp-json\/wp\/v2\/pages"}],"about":[{"href":"https:\/\/h2otek.com\/tienda\/wp-json\/wp\/v2\/types\/page"}],"author":[{"embeddable":true,"href":"https:\/\/h2otek.com\/tienda\/wp-json\/wp\/v2\/users\/1"}],"replies":[{"embeddable":true,"href":"https:\/\/h2otek.com\/tienda\/wp-json\/wp\/v2\/comments?post=32524"}],"version-history":[{"count":2,"href":"https:\/\/h2otek.com\/tienda\/wp-json\/wp\/v2\/pages\/32524\/revisions"}],"predecessor-version":[{"id":33384,"href":"https:\/\/h2otek.com\/tienda\/wp-json\/wp\/v2\/pages\/32524\/revisions\/33384"}],"wp:attachment":[{"href":"https:\/\/h2otek.com\/tienda\/wp-json\/wp\/v2\/media?parent=32524"}],"curies":[{"name":"wp","href":"https:\/\/api.w.org\/{rel}","templated":true}]}}