{"id":32248,"date":"2025-06-13T19:06:33","date_gmt":"2025-06-13T19:06:33","guid":{"rendered":"https:\/\/h2otek.com\/tienda\/?page_id=32248"},"modified":"2025-11-28T19:29:44","modified_gmt":"2025-11-28T19:29:44","slug":"que-equipos-necesitas-para-aprovechar-un-suministro-confiable-de-agua","status":"publish","type":"page","link":"https:\/\/h2otek.com\/tienda\/que-equipos-necesitas-para-aprovechar-un-suministro-confiable-de-agua\/","title":{"rendered":"\u00bfQu\u00e9 equipos necesitas para aprovechar un suministro confiable de agua?"},"content":{"rendered":"<p>Cuando se cuenta con un suministro de agua confiable es recomendable implementar equipamientos y sistemas que permitan su m\u00e1ximo aprovechamiento. Desde calentadores y humidificadores hasta generadores de vapor, bombas, filtros y algunos otros m\u00e1s. Cada componente ofrece funciones que al combinarlas permiten crear un sistema hidr\u00e1ulico completo y altamente funcional. Es por esto que H2O TEK deja a tu disposici\u00f3n sus equipos y soluciones de la m\u00e1s alta calidad en el mercado.<\/p>\n<p>En los diversos entornos donde se requiere de un sistema hidr\u00e1ulico de alto desempe\u00f1o, confiable y funcional, es necesario implementar componentes y equipos de alta calidad. Esto con el fin de garantizar un funcionamiento seguro y eficiente al mismo tiempo que se evitan costos por sustituciones o reparaciones a largo plazo.<\/p>\n<p>El <a href=\"https:\/\/h2otek.com\/tienda\/calentador-de-agua\/\"><strong>calentador de agua<\/strong><\/a> es un excelente ejemplo de esto, ya que sus funciones son requeridas tanto en entornos residenciales como en los comerciales, empresariales e incluso industriales. Algo similar sucede con los filtros de agua, bombas, humidificadores y otros componentes que permiten aprovechar al m\u00e1ximo un recurso tan importante como el agua.<\/p>\n<h2>\u00bfQu\u00e9 es mejor, un calentador de paso o uno el\u00e9ctrico?<\/h2>\n<p>Depende de las necesidades de cada entorno. Por una parte, el calentador el\u00e9ctrico no requiere de gas para realizar sus funciones, sin embargo, es necesario tener en cuenta el consumo de energ\u00eda el\u00e9ctrica. Estos calentadores resultan recomendables para personas que viven solas o espacios residenciales que no cuentan con un alto nivel de demanda de agua.<\/p>\n<p style=\"text-align: center;\"><img fetchpriority=\"high\" decoding=\"async\" class=\"aligncenter size-full wp-image-23004\" src=\"https:\/\/h2otek.com\/tienda\/wp-content\/uploads\/2022\/08\/calentador-respaldo-1.jpg\" alt=\"calentador de agua\" width=\"269\" height=\"364\" srcset=\"https:\/\/h2otek.com\/tienda\/wp-content\/uploads\/2022\/08\/calentador-respaldo-1.jpg 269w, https:\/\/h2otek.com\/tienda\/wp-content\/uploads\/2022\/08\/calentador-respaldo-1-222x300.jpg 222w\" sizes=\"(max-width: 269px) 100vw, 269px\" \/><\/p>\n<p>Por otra parte, el calentador de paso es un equipo conocido por ofrecer un suministro instant\u00e1neo o inmediato de agua caliente. Utiliza el gas para realizar sus procesos de calentamiento y resultan recomendables para entornos con un alto nivel de demanda de agua caliente. En medidas generales, el calentador el\u00e9ctrico es m\u00e1s accesible en comparaci\u00f3n con los equipos de paso.<\/p>\n<p>Es relevante mencionar que la <a href=\"https:\/\/h2otek.com\/tienda\/instalacion-de-calentadores-se-puede-realizar-por-cuenta-propia\/\">instalaci\u00f3n de un equipo el\u00e9ctrico<\/a> resulta m\u00e1s sencilla y es posible hallar modelos compactos con dise\u00f1os discretos que permiten mantener la est\u00e9tica. El <strong>calentador de agua<\/strong> de paso, es un equipo ideal para entornos demandantes debido a que garantizan un suministro confiable de agua caliente. Tambi\u00e9n se debe a que ofrecen un funcionamiento continuo sin problemas y no requieren de un tiempo largo de recuperaci\u00f3n entre procesos.<\/p>\n<h3>\u00bfC\u00f3mo usar un calentador de agua el\u00e9ctrico?<\/h3>\n<p>Estos calentadores se deben conectar al grifo utilizando una manguera. El agua se calienta mediante el funcionamiento del equipo a la temperatura deseada a trav\u00e9s de una resistencia el\u00e9ctrica fabricada en cobre. Esta resistencia es la encargada de liberar el calor en el agua para que finalmente la manguera de salida de agua caliente traslade el elemento a los diferentes puntos de consumo.<\/p>\n<p>Es recomendable instalar este tipo de calentadores en espacios alejados de muebles y otros elementos inflamables para evitar potenciales accidentes. De igual forma, es importante no obstruir ninguna salida del equipo para evitar sobrecalentamientos. Al igual que es necesario implementar un termostato para conocer con precisi\u00f3n la temperatura del equipo al desarrollar sus funciones. Esto permitir\u00e1 garantizar un mayor nivel de protecci\u00f3n y seguridad.<\/p>\n<h3>\u00bfQu\u00e9 desventajas tiene un calentador el\u00e9ctrico para calentar agua?<\/h3>\n<p>Entre las principales desventajas se encuentra el tiempo que tarda para calentar nuevamente el agua, es decir, el tiempo de recuperaci\u00f3n del equipo. H2O TEK te ense\u00f1a algunas otras desventajas a tener en cuenta sobre estos calentadores:<\/p>\n<ul>\n<li>Requiere de energ\u00eda el\u00e9ctrica para funcionar, en caso de corte o apag\u00f3n no se podr\u00e1 contar con sus funciones.<\/li>\n<li>Resulta menos eficiente en entornos donde se cuenta con un alto consumo de agua caliente o en hogares con varias personas ya que el suministro es limitado.<\/li>\n<li>Es necesario contar con una ubicaci\u00f3n adecuada para el calentador con el fin de evitar potenciales accidentes.<\/li>\n<li>Se consume electricidad cada vez que se utiliza el equipo.<\/li>\n<li>Se requiere de un entorno termo aislado para evitar el desperdicio de energ\u00eda.<\/li>\n<\/ul>\n<p>Los calentadores el\u00e9ctricos representan una excelente opci\u00f3n para entornos donde no se requiere de alimentar m\u00faltiples puntos de consumo al mismo tiempo. Son una excelente opci\u00f3n para departamentos y otros espacios comerciales de poco consumo. Es fundamental contar con un proveedor representativo como H2O TEK al momento de adquirir estos equipos.<\/p>\n<p>Esto \u00faltimo se debe a que de esta manera se podr\u00e1 garantizar la adquisici\u00f3n e implementaci\u00f3n de equipos de la m\u00e1s alta calidad en el mercado. Algo que se traduce como un funcionamiento confiable sin necesidad de costosas reparaciones. Sin mencionar que podr\u00e1s acceder a un amplio cat\u00e1logo de opciones en cuanto a equipos y <a href=\"https:\/\/h2otek.com\/tienda\/categoria-producto\/control-de-humedad-humidificadores-deshumidificadores\/\">soluciones como humidificadores y generadores de vapor<\/a>.<\/p>\n<h2>\u00bfQu\u00e9 tan recomendable es el ba\u00f1o de vapor?<\/h2>\n<p>El <a href=\"https:\/\/h2otek.com\/tienda\/vapor-de-bano\/\"><strong>vapor de ba\u00f1o<\/strong><\/a> resulta sumamente recomendable debido a que ofrece m\u00faltiples beneficios para la salud y bienestar general de las personas. Desde desintoxicaci\u00f3n y limpieza profunda de la piel, hasta alivio de s\u00edntomas respiratorios, mejor recuperaci\u00f3n muscular y relajaci\u00f3n.<\/p>\n<p style=\"text-align: center;\"><img decoding=\"async\" class=\"aligncenter wp-image-31404\" src=\"https:\/\/h2otek.com\/tienda\/wp-content\/uploads\/2024\/12\/vapor-para-bano-integral-1.jpeg\" alt=\"vapor para ba\u00f1o\" width=\"600\" height=\"337\" srcset=\"https:\/\/h2otek.com\/tienda\/wp-content\/uploads\/2024\/12\/vapor-para-bano-integral-1.jpeg 1620w, https:\/\/h2otek.com\/tienda\/wp-content\/uploads\/2024\/12\/vapor-para-bano-integral-1-300x169.jpeg 300w, https:\/\/h2otek.com\/tienda\/wp-content\/uploads\/2024\/12\/vapor-para-bano-integral-1-1024x576.jpeg 1024w, https:\/\/h2otek.com\/tienda\/wp-content\/uploads\/2024\/12\/vapor-para-bano-integral-1-768x432.jpeg 768w, https:\/\/h2otek.com\/tienda\/wp-content\/uploads\/2024\/12\/vapor-para-bano-integral-1-1536x864.jpeg 1536w, https:\/\/h2otek.com\/tienda\/wp-content\/uploads\/2024\/12\/vapor-para-bano-integral-1-107x60.jpeg 107w, https:\/\/h2otek.com\/tienda\/wp-content\/uploads\/2024\/12\/vapor-para-bano-integral-1-160x90.jpeg 160w, https:\/\/h2otek.com\/tienda\/wp-content\/uploads\/2024\/12\/vapor-para-bano-integral-1-600x337.jpeg 600w\" sizes=\"(max-width: 600px) 100vw, 600px\" \/><\/p>\n<p>Sin embargo, es importante tener en cuenta algunas recomendaciones para garantizar la seguridad al aprovechar el vapor mediante equipos generadores en el hogar. Las sesiones de vapor, por ejemplo, deben tener una duraci\u00f3n corta de 15 minutos aproximadamente. Es recomendable mantenerse hidratado y tener en cuenta la opini\u00f3n de especialistas de la salud en casos espec\u00edficos.<\/p>\n<h3>\u00bfQu\u00e9 beneficios tiene someterse a sesiones de vapor?<\/h3>\n<p>Existe una <a href=\"https:\/\/h2otek.com\/tienda\/el-impacto-positivo-del-vapor-para-bano-para-salud-integral-en-cuerpo-y-mente-limpieza-desinflamacion-desintoxicacion-y-alivio-con-hierbas-y-aceites\/\">larga lista de beneficios<\/a> que ofrece el <strong>vapor de ba\u00f1o.<\/strong> Entre los m\u00e1s importantes se encuentran los siguientes:<\/p>\n<ul>\n<li>Mayor relajaci\u00f3n y reducci\u00f3n del estr\u00e9s y la ansiedad.<\/li>\n<li>Permite disminuir y prevenir el riesgo de infecciones en la piel.<\/li>\n<li>Desintoxica y elimina impurezas de la piel.<\/li>\n<li>Mejor circulaci\u00f3n y flujo sangu\u00edneo.<\/li>\n<li>Alivio de s\u00edntomas respiratorios como ahogo, obstrucci\u00f3n de v\u00edas respiratorias, alergias, s\u00edntomas de resfriado y otros.<\/li>\n<li>Alivia del dolor f\u00edsico y molestias del cuerpo.<\/li>\n<li>Recuperaci\u00f3n y relajaci\u00f3n muscular m\u00e1s eficiente.<\/li>\n<\/ul>\n<p>Es importante someterse a sesiones breves de vapor de manera regular para garantizar la obtenci\u00f3n de cada beneficio sin necesidad de potenciales riesgos. De igual forma es recomendable implementar generadores de vapor de alta calidad que garanticen un funcionamiento eficiente y confiable.<\/p>\n<h3>\u00bfC\u00f3mo se hace vapor en el ba\u00f1o?<\/h3>\n<p>Para contar con <strong>vapor de ba\u00f1o<\/strong> en el hogar lo m\u00e1s recomendable es implementar un generador de vapor de alta calidad como los de H2O TEK. Estos equipos se encargan de calentar el agua a altas temperaturas para convertirla en vapor y crear un ba\u00f1o de vapor eficiente. Existen diferentes equipos que se adaptan a las exigencias y necesidades de cada ba\u00f1o seg\u00fan sus dimensiones.<\/p>\n<h2>\u00bfCu\u00e1l es el mejor boiler de paso seg\u00fan Profeco?<\/h2>\n<p>Profeco ha calificado como mejor calentador de paso al Calorex CoxDP-10 en el 2024. Este es un equipo que ofrece un 91% de eficiencia t\u00e9rmica bajo consumo de gas. Es capaz de resistir una temperatura m\u00ednima de 25 \u00b0C y ofrece una garant\u00eda de 5 a\u00f1os. En el 2025 destaca un modelo posterior, el Calorex COXDP-11Gen 4.<\/p>\n<p style=\"text-align: center;\"><img decoding=\"async\" class=\"aligncenter size-full wp-image-28608\" src=\"https:\/\/h2otek.com\/tienda\/wp-content\/uploads\/2015\/01\/2-reparar-fugas-boiler.jpg\" alt=\"calentadores de paso\" width=\"272\" height=\"187\" \/><\/p>\n<p>Para adquirir <a href=\"https:\/\/h2otek.com\/tienda\/calentadores-de-paso\/\"><strong>calentadores de paso<\/strong><\/a> de calidad es necesario contar con la experiencia de empresas proveedoras representativas como H2O TEK. Estas marcas, junto a otras marcas, lideran el mercado de calentadores debido al alto nivel de eficiencia, seguridad y confiabilidad que ofrecen en cuanto a funcionamiento. B\u00e1sicamente hablamos de la inversi\u00f3n m\u00e1s inteligente a largo plazo si lo que se desea es disfrutar de un suministro de agua caliente satisfactorio.<\/p>\n<h3>\u00bfCu\u00e1ntas personas se pueden ba\u00f1ar con un boiler de 6 litros?<\/h3>\n<p>Mediante <strong>calentadores de paso<\/strong> de 6 litros es posible contar con una ducha r\u00e1pida para dos personas. Entre mayor es la capacidad del calentador en cuanto a litros <a href=\"https:\/\/h2otek.com\/tienda\/calentadores-de-agua-segun-demanda-familiar-boilers-de-paso-deposito-y-colectores-solares-para-cada-necesidad\/\">mayor ser\u00e1 el n\u00famero de servicios simult\u00e1neos<\/a> que puede abastecer. Lo que hace sumamente necesario realizar una adecuada elecci\u00f3n del calentador seg\u00fan tus necesidades.<\/p>\n<p>Los mejores <strong>calentadores de paso<\/strong> como los ofrecidos en H2O TEK son capaces de asegurar un <a href=\"https:\/\/h2otek.com\/tienda\/categoria-producto\/agua-caliente-boilers-calentadores-de-agua\/\">suministro confiable de agua caliente<\/a> seg\u00fan sus capacidades. Es posible hallar diferentes modelos capaces de abastecer espacios peque\u00f1os como grandes instalaciones o empresas. De igual forma, se puede escoger entre distintos funcionamientos, tecnolog\u00edas y caracter\u00edsticas para garantizar la implementaci\u00f3n de equipo adaptado a cada necesidad.<\/p>\n<h3>\u00bfCu\u00e1nto dura un calentador de paso Calorex?<\/h3>\n<p>Mediante un adecuado uso y cuidados necesarios, los <strong>calentadores de paso<\/strong> Calorex son capaces de ofrecer un ciclo de vida de 8 hasta 12 a\u00f1os. Esta es una de las marcas fabricantes m\u00e1s conocidas a nivel nacional e internacional debido a la calidad de sus equipos. Los calentadores de paso Calorex son reconocidos por su <a href=\"https:\/\/h2otek.com\/tienda\/uso-de-boilers-de-paso-en-hoteles-y-spas\/\">calidad, eficiencia, seguridad y durabilidad<\/a>, por lo que representan una excelente opci\u00f3n a tener en cuenta.<\/p>\n<h2>H2O TEK y sus equipos de alta calidad para aprovechar un suministro de agua confiable<\/h2>\n<p>Desde los calentadores, boilers y bombas, hasta los generadores de vapor, humidificadores y filtros de agua. Existen m\u00faltiples componentes y equipos que permiten un m\u00e1ximo aprovechamiento del suministro de agua. Agua caliente para distintos procesos, vapor para relajarse luego de un largo d\u00eda y funcionamientos innovadores que permiten evitar el desperdicio de energ\u00eda el\u00e9ctrica o gas. Hablamos de soluciones que satisfacen las demandas de la actualidad en los distintos entornos.<\/p>\n<p>En H2O TEK contamos con a\u00f1os de experiencia ofreciendo <a href=\"https:\/\/h2otek.com\/tienda\/conocenos\/\">soluciones en equipos de alta calidad<\/a> a las empresas, industrias y entornos residenciales que lo necesitan. Dejamos a tu disposici\u00f3n nuestro personal altamente capacitado dispuesto a brindar asesoramiento e informaci\u00f3n especializada para una compra satisfactoria y verdaderamente beneficiosa.<\/p>\n<p>\u00bfDeseas saber m\u00e1s sobre nuestros equipos calentadores, boilers o generadores de vapor? Te invitamos a comunicarte con nosotros mediante el correo electr\u00f3nico <a href=\"mailto:info@h2otek.com\">info@h2otek.com<\/a> o a trav\u00e9s del n\u00famero de tel\u00e9fono <a href=\"tel:8009426835\">(800) 9426 835<\/a> y con gusto te brindaremos toda la informaci\u00f3n necesaria.<\/p>\n","protected":false},"excerpt":{"rendered":"<p>Cuando se cuenta con un suministro de agua confiable es recomendable implementar equipamientos y sistemas que permitan su m\u00e1ximo aprovechamiento. Desde calentadores y humidificadores hasta generadores de vapor, bombas, filtros y algunos otros m\u00e1s. Cada componente ofrece funciones que al [&hellip;]<\/p>\n","protected":false},"author":1,"featured_media":0,"parent":0,"menu_order":0,"comment_status":"closed","ping_status":"closed","template":"","meta":{"footnotes":""},"class_list":["post-32248","page","type-page","status-publish","hentry"],"_links":{"self":[{"href":"https:\/\/h2otek.com\/tienda\/wp-json\/wp\/v2\/pages\/32248","targetHints":{"allow":["GET"]}}],"collection":[{"href":"https:\/\/h2otek.com\/tienda\/wp-json\/wp\/v2\/pages"}],"about":[{"href":"https:\/\/h2otek.com\/tienda\/wp-json\/wp\/v2\/types\/page"}],"author":[{"embeddable":true,"href":"https:\/\/h2otek.com\/tienda\/wp-json\/wp\/v2\/users\/1"}],"replies":[{"embeddable":true,"href":"https:\/\/h2otek.com\/tienda\/wp-json\/wp\/v2\/comments?post=32248"}],"version-history":[{"count":1,"href":"https:\/\/h2otek.com\/tienda\/wp-json\/wp\/v2\/pages\/32248\/revisions"}],"predecessor-version":[{"id":33497,"href":"https:\/\/h2otek.com\/tienda\/wp-json\/wp\/v2\/pages\/32248\/revisions\/33497"}],"wp:attachment":[{"href":"https:\/\/h2otek.com\/tienda\/wp-json\/wp\/v2\/media?parent=32248"}],"curies":[{"name":"wp","href":"https:\/\/api.w.org\/{rel}","templated":true}]}}