{"id":12048,"date":"2021-06-10T16:05:33","date_gmt":"2021-06-10T16:05:33","guid":{"rendered":"https:\/\/h2otek.com\/tienda\/?page_id=12048"},"modified":"2026-02-09T16:24:31","modified_gmt":"2026-02-09T16:24:31","slug":"deshumidificadores-industriales","status":"publish","type":"page","link":"https:\/\/h2otek.com\/tienda\/deshumidificadores-industriales\/","title":{"rendered":"Deshumidificadores industriales"},"content":{"rendered":"<p style=\"text-align: justify;\">Los <strong>deshumidificadores industriales<\/strong> son equipos que reducen el nivel de humedad en el aire para que el ambiente se sienta m\u00e1s c\u00f3modo y saludable. No solo para uso en el hogar, de acuerdo con el dise\u00f1o y tama\u00f1o son comunes en las oficinas y en algunas industrias donde es necesario mantener la humedad bajo control.<\/p>\n<p style=\"text-align: justify;\">Est\u00e1n disponibles en diferentes tama\u00f1os, puede encontrar un deshumidificador que se adapta tanto al tama\u00f1o de la habitaci\u00f3n como cantidad de humedad relativa que hay en el ambiente. Tambi\u00e9n hay dise\u00f1os que pueden ser fijos o port\u00e1tiles, estos \u00faltimos se pueden trasportar con facilidad a cualquier punto que se necesite, aunque suelen tener una capacidad, son muy eficientes para usarlos en las oficinas, hogares y peque\u00f1as industrias.<\/p>\n<p style=\"text-align: justify;\">Existen dos formas principales en las que funcionan estos equipos: a trav\u00e9s de la refrigeraci\u00f3n, que es similar a un refrigerador o absorci\u00f3n, donde la humedad se absorbe en un material de secado y luego se retira. En general, son muy similares a la forma en que respiramos.<\/p>\n<h2 style=\"text-align: left;\">\u00bfPor qu\u00e9 necesitan <strong>deshumidificadores industriales<\/strong>?<\/h2>\n<p style=\"text-align: justify;\">La humedad en un problema muy com\u00fan en diferentes regiones, sobre todo las que se encuentran cerca de zonas costeras. Asimismo, algunos equipos comerciales e industriales producen de forma segundaria vapor de agua, lo que aumenta la humedad de los espacios. Sin embargo, la humedad es algo dif\u00edcil de identificar en el aire. Las principales se\u00f1ales se suelen notar despu\u00e9s de que se han convertido en un problema.<\/p>\n<p style=\"text-align: justify;\">Hay diferentes formas de proteger los muebles, equipos y materiales de la humedad, pero no suelen ser muy efectivos, por lo que un deshumidificador es su mejor opci\u00f3n. Adem\u00e1s del control del exceso de humedad en el aire, algunas de las principales razones por las cuales deben utilizar estos equipos se encuentra:<\/p>\n<p><img fetchpriority=\"high\" decoding=\"async\" class=\"aligncenter size-full wp-image-24269\" src=\"https:\/\/h2otek.com\/tienda\/wp-content\/uploads\/2021\/06\/tipos-deshumidificadores-1.jpg\" alt=\"deshumidificadores industriales\" width=\"1024\" height=\"567\" srcset=\"https:\/\/h2otek.com\/tienda\/wp-content\/uploads\/2021\/06\/tipos-deshumidificadores-1.jpg 1024w, https:\/\/h2otek.com\/tienda\/wp-content\/uploads\/2021\/06\/tipos-deshumidificadores-1-300x166.jpg 300w, https:\/\/h2otek.com\/tienda\/wp-content\/uploads\/2021\/06\/tipos-deshumidificadores-1-768x425.jpg 768w, https:\/\/h2otek.com\/tienda\/wp-content\/uploads\/2021\/06\/tipos-deshumidificadores-1-600x332.jpg 600w\" sizes=\"(max-width: 1024px) 100vw, 1024px\" \/><\/p>\n<h3 style=\"text-align: justify;\">Moho<\/h3>\n<p style=\"text-align: justify;\">Un subproducto muy com\u00fan de los altos niveles de humedad es el moho, una formaci\u00f3n de hongos que se forma con facilidad, sobre todo en zonas con poca iluminaci\u00f3n. El moho puede aparecer en cualquier lugar y puede controlarse mediante la reducci\u00f3n de los niveles de humedad, por lo tanto, mediante el uso de equipos de deshumidificaci\u00f3n. Puede causar alergias, problemas respiratorios y de salud, adem\u00e1s de da\u00f1ar materiales, muebles, papel, entre otros.<\/p>\n<h3 style=\"text-align: justify;\">Extinguir los malos olores<\/h3>\n<p style=\"text-align: justify;\">Los altos niveles de humedad pueden atrapar los malos olores, por lo que puede hacer incomodo los espacios. Los productos de limpieza del aire solo los oculta, la mejor forma de extinguirlos es con la reducci\u00f3n de la humedad. Los equipos que eliminan el exceso de humedad tambi\u00e9n suelen contar con filtros de aire, que ayudan a eliminar olores y part\u00edculas no que los provocan.<\/p>\n<h3 style=\"text-align: justify;\">Ambiente m\u00e1s c\u00f3modo<\/h3>\n<p style=\"text-align: justify;\">El aire con altos niveles de humedad no es agradable. En el interior, generalmente es causada por el aire acondicionado o la calefacci\u00f3n central, por lo que cuando se use cualquiera de estos, es posible que deseen utilizar un deshumidificador para reducirla.<\/p>\n<h3 style=\"text-align: justify;\">Permite mantener los alimentos en buenas condiciones<\/h3>\n<p style=\"text-align: justify;\">Las esporas de moho no solo arruinan las paredes, los libros y pueden afectar su salud. Tambi\u00e9n entran en su comida. Un deshumidificador puede disminuir el riesgo de que se echen a perder los alimentos secos y garantizar que su sabor sea fresco durante m\u00e1s tiempo. Si lo colocan en las cocinas o almacenes el pan tardar\u00e1 m\u00e1s en agotarse y la fruta permanecer\u00e1 fresca por m\u00e1s de unos pocos d\u00edas.<\/p>\n<h2 style=\"text-align: left;\">Aplicaciones de los <strong>deshumidificadores industriales<\/strong><\/h2>\n<p style=\"text-align: justify;\">Con un bajo mantenimiento y opciones personalizables, los deshumidificadores desecantes de tipo industrial son soluci\u00f3n para el exceso de humedad en diversas industrias, como:<\/p>\n<h3 style=\"text-align: justify;\">Industria de alimentos<\/h3>\n<p style=\"text-align: justify;\">El exceso de humedad provoca condensaci\u00f3n y una amplia gama de problemas de higiene en el producto. Se requieren condiciones de humedad consistentes y controladas, ya sea en polvo, especias, carne procesada, productos de confiter\u00eda o cervecer\u00eda. El uso de aire seco de un deshumidificador desecante puede ayudar a controlar el contenido de humedad, lo que conduce a un recubrimiento perfecto y a una vida \u00fatil m\u00e1s larga de los productos alimenticios.<\/p>\n<h3 style=\"text-align: justify;\">Producci\u00f3n de bater\u00edas de litio<\/h3>\n<p style=\"text-align: justify;\">El requisito principal para la fabricaci\u00f3n de bater\u00edas es una sala seca con humedad muy baja. El litio es extremadamente sensible a la humedad; por lo tanto, un alto contenido de humedad conduce a una reducci\u00f3n en el rendimiento y la vida \u00fatil del producto. Los <strong>deshumidificadores industriales<\/strong> garantizan que las \u00e1reas de procesamiento tengan la cantidad de humedad requerida en el aire, que debe ser inferior a 14 gramos de humedad por kg de aire seco.<\/p>\n<h3 style=\"text-align: justify;\">Industria farmac\u00e9utica<\/h3>\n<p style=\"text-align: justify;\">Durante la etapa de procesamiento, la mayor\u00eda de los medicamentos est\u00e1n en forma de polvo y son altamente higrosc\u00f3picos. El exceso de absorci\u00f3n de humedad conduce a la corrosi\u00f3n org\u00e1nica, a las reacciones bioqu\u00edmicas y al crecimiento de microorganismos en el producto. Los deshumidificadores ayudan a mantener los par\u00e1metros de humedad requeridos para el procesamiento, secado, almacenamiento y transporte de medicamentos.<\/p>\n<h3 style=\"text-align: justify;\">Almacenes fr\u00edos<\/h3>\n<p style=\"text-align: justify;\">Para evitar que las flores, vegetales, frutas, leche y alimentos procesados se deterioren se enfr\u00edan y almacenan en c\u00e1maras frigor\u00edficas en condiciones de baja humedad. Dado que las c\u00e1maras frigor\u00edficas experimentan el movimiento frecuente de productos, el aire caliente con humedad del exterior podr\u00eda ingresar con facilidad. Esto da lugar a la formaci\u00f3n de hielo y escarcha en las paredes, pisos y techos s. Una cortina de aire deshumidificado en las puertas de las c\u00e1maras frigor\u00edficas ayuda a controlar la entrada de humedad cargada en las c\u00e1maras.<\/p>\n<h3 style=\"text-align: justify;\">Electr\u00f3nica y semiconductores<\/h3>\n<p style=\"text-align: justify;\">Los componentes utilizados en el ensamblaje o el procesamiento de semiconductores son higrosc\u00f3picos y altamente sensibles al exceso de humedad. Como resultado se puede formar la corrosi\u00f3n, fallas de transistores y condensaci\u00f3n en circuitos integrados . El \u00e1rea de fabricaci\u00f3n de semiconductores debe tener una humedad relativa de 30 por ciento, como m\u00e1ximo.<\/p>\n<h3 style=\"text-align: justify;\">Industria de turbinas<\/h3>\n<p style=\"text-align: justify;\">La humedad puede corroer turbinas, <strong>calderas<\/strong>, condensadores y muchas otras m\u00e1quinas cuando se mantienen detenidas para el mantenimiento durante el proceso de instalaci\u00f3n. La alta humedad causa corrosi\u00f3n y oxidaci\u00f3n en el metal, lo que ocasiona su mal funcionamiento. Como los costos de reparaci\u00f3n y tiempo de inactividad de estos equipos son muy altos, el control de la humedad se vuelve esencial.<\/p>\n<h3 style=\"text-align: justify;\">Industria del cuero<\/h3>\n<p style=\"text-align: justify;\">El cuero es un material higrosc\u00f3pico; El exceso de humedad conduce al crecimiento de moho y hongos. Sin un control adecuado de la humedad pierde su brillo, produce el mal olor, su fuerza y comienza a descomponerse. La humedad relativa por encima del 40% conduce al crecimiento de microorganismos que resulta en la descomposici\u00f3n del cuero.<\/p>\n<p style=\"text-align: justify;\">En H2O TEK contamos con un amplio cat\u00e1logo de equipos para el control de la humedad; como los <strong>deshumidificadores industriales <\/strong>que se adaptar\u00e1n a sus espacios. Somos fabricantes y comercializadores a nivel nacional e internacional. Visiten nuestra tienda en l\u00ednea para adquirir los mejores productos o comun\u00edquense a nuestras oficinas de venta en las principales ciudades del pa\u00eds.<\/p>\n","protected":false},"excerpt":{"rendered":"<p>Los deshumidificadores industriales son equipos que reducen el nivel de humedad en el aire para que el ambiente se sienta m\u00e1s c\u00f3modo y saludable. No solo para uso en el hogar, de acuerdo con el dise\u00f1o y tama\u00f1o son comunes [&hellip;]<\/p>\n","protected":false},"author":1,"featured_media":0,"parent":0,"menu_order":0,"comment_status":"closed","ping_status":"closed","template":"","meta":{"footnotes":""},"class_list":["post-12048","page","type-page","status-publish","hentry"],"_links":{"self":[{"href":"https:\/\/h2otek.com\/tienda\/wp-json\/wp\/v2\/pages\/12048","targetHints":{"allow":["GET"]}}],"collection":[{"href":"https:\/\/h2otek.com\/tienda\/wp-json\/wp\/v2\/pages"}],"about":[{"href":"https:\/\/h2otek.com\/tienda\/wp-json\/wp\/v2\/types\/page"}],"author":[{"embeddable":true,"href":"https:\/\/h2otek.com\/tienda\/wp-json\/wp\/v2\/users\/1"}],"replies":[{"embeddable":true,"href":"https:\/\/h2otek.com\/tienda\/wp-json\/wp\/v2\/comments?post=12048"}],"version-history":[{"count":4,"href":"https:\/\/h2otek.com\/tienda\/wp-json\/wp\/v2\/pages\/12048\/revisions"}],"predecessor-version":[{"id":33801,"href":"https:\/\/h2otek.com\/tienda\/wp-json\/wp\/v2\/pages\/12048\/revisions\/33801"}],"wp:attachment":[{"href":"https:\/\/h2otek.com\/tienda\/wp-json\/wp\/v2\/media?parent=12048"}],"curies":[{"name":"wp","href":"https:\/\/api.w.org\/{rel}","templated":true}]}}