{"id":12035,"date":"2021-06-10T16:00:54","date_gmt":"2021-06-10T16:00:54","guid":{"rendered":"https:\/\/h2otek.com\/tienda\/?page_id=12035"},"modified":"2025-10-02T23:57:43","modified_gmt":"2025-10-02T23:57:43","slug":"generadores-de-vapor","status":"publish","type":"page","link":"https:\/\/h2otek.com\/tienda\/generadores-de-vapor\/","title":{"rendered":"Generadores de vapor"},"content":{"rendered":"<p style=\"text-align: justify;\">Los <a href=\"https:\/\/h2otek.com\/tienda\/generador-de-vapor-multiusos-para-higienizar-la-casa-en-tiempos-de-pandemia-y-banos-de-vapor-relajantes\/\"><strong>generadores de vapor<\/strong><\/a> tienen un funcionamiento amplio, pueden servir para destilaci\u00f3n, esterilizaci\u00f3n, calefacci\u00f3n auxiliar con bomba de calor, calentamiento de recipientes y HVAC. Cuando se trata de un generador el\u00e9ctrico es capaz de transformar la energ\u00eda el\u00e9ctrica en vapor.<\/p>\n<p style=\"text-align: justify;\">Adem\u00e1s, pueden mantenerse en funcionamiento de manera continuada sin sobrecalentarse cuando tienen controles autom\u00e1ticos de seguridad. Asimismo, existen los que son de acero inoxidable, estas unidades funcionan muy bien cuando es necesario tener una reducci\u00f3n de contaminantes y es preciso tener vapor limpio para cumplir con los requisitos de control de calidad.<\/p>\n<h2 style=\"text-align: justify;\">\u00bfC\u00f3mo es el funcionamiento de los <a href=\"https:\/\/h2otek.com\/tienda\/abastecer-areas-de-sauna-caliente-en-grandes-centros-de-spa-con-generador-de-vapor-industrial-para-bano\/\"><strong>generadores de vapor<\/strong><\/a>?<\/h2>\n<p style=\"text-align: justify;\">Si adem\u00e1s de requerir calentadores en su empresa es necesario contar con un generador de vapor, lo mejor es entender un poco de su funcionamiento. Pues bien, estas unidades sacan provecho de la energ\u00eda que se libera en forma de calor, para utilizarla ya sea en energ\u00eda mec\u00e1nica o el\u00e9ctrica.<\/p>\n<p style=\"text-align: justify;\">El calor generado puede utilizarse para la producci\u00f3n de electricidad, o bien, tambi\u00e9n puede sacarle provecho para ser utilizado para alg\u00fan proceso industrial. Adem\u00e1s, lo que sucede en el proceso de generaci\u00f3n de vapor es mover ese calor al agua limpia. Para esto se echa mano de procesos de intercambio y elevaci\u00f3n de temperatura que se realiza dentro de un circuito cerrado.<\/p>\n<p style=\"text-align: justify;\">Aunque pueden existir diferentes procesos para conseguir la transformaci\u00f3n, el principio es el mismo. Es decir, para la producci\u00f3n de vapor y que el intercambio de calor sea sencillo y r\u00e1pido, es necesario que el calentamiento se desv\u00ede hacia tubos que har\u00e1n que se tenga un mayor contacto con el agua, y eso es lo que har\u00e1 que el proceso sea m\u00e1s eficiente.<\/p>\n<p><img fetchpriority=\"high\" decoding=\"async\" class=\"aligncenter size-full wp-image-24214\" src=\"https:\/\/h2otek.com\/tienda\/wp-content\/uploads\/2012\/05\/762-3274-large.jpg\" alt=\"Generadores de vapor\" width=\"300\" height=\"300\" srcset=\"https:\/\/h2otek.com\/tienda\/wp-content\/uploads\/2012\/05\/762-3274-large.jpg 300w, https:\/\/h2otek.com\/tienda\/wp-content\/uploads\/2012\/05\/762-3274-large-150x150.jpg 150w, https:\/\/h2otek.com\/tienda\/wp-content\/uploads\/2012\/05\/762-3274-large-100x100.jpg 100w\" sizes=\"(max-width: 300px) 100vw, 300px\" \/><\/p>\n<h2 style=\"text-align: justify;\"><a href=\"https:\/\/h2otek.com\/tienda\/que-deben-saber-si-compraran-un-generador-de-vapor-para-su-negocio\/\"><strong>Generadores de vapor<\/strong><\/a> vs. calderas de vapor<\/h2>\n<p style=\"text-align: justify;\">Si necesita un generador de vapor Industrial es posible que se haya encontrado con la confusi\u00f3n entre elegir un generador de vapor y una caldera de vapor. Lo que sucede es que ambas unidades tienen la funci\u00f3n de generar vapor, al mismo tiempo, sus procesos son distintos. Y es precisamente estas diferencias lo que hace que, desde el tama\u00f1o, as\u00ed como la aplicaci\u00f3n y su funcionamiento sean espec\u00edficos, y en definitiva su aplicaci\u00f3n no sea la misma. Por eso es importante tener claro para qu\u00e9 sirve cada una.<\/p>\n<h3 style=\"text-align: justify;\">Caldera de vapor<\/h3>\n<p style=\"text-align: justify;\">Estas m\u00e1quinas tienen dimensiones y capacidad grande. Son ideales cuando se trata de operaciones industriales que requieren de energ\u00edas considerables, estas unidades cumplen bien su funci\u00f3n. Lo que hacen es calentar el agua a punto de ebullici\u00f3n alcanzado presiones subcr\u00edticas para completar el proceso.<\/p>\n<p style=\"text-align: justify;\">En muchas situaciones es preciso que qui\u00e9n est\u00e9 a cargo de esta m\u00e1quina sea alguien capaz, incluso que este certificado en su manejo, ya que se trata de unidades complejas y que si no son bien manejadas pueden provocar accidentes graves. Dentro de estas m\u00e1quinas es com\u00fan encontrar dise\u00f1os llamativos de fuego y de agua.<\/p>\n<h3 style=\"text-align: justify;\">Generadores de vapor<\/h3>\n<p style=\"text-align: justify;\">Son m\u00e1quinas que en su estructura no tienen tanto acero en su dise\u00f1o, adem\u00e1s, no es necesario una gran cantidad de tubos como en las calderas. De hecho, los generadores solo precisan de un solo tubo y el uso de una bomba de agua de alimentaci\u00f3n especializada para bombear continuamente el agua de alimentaci\u00f3n.<\/p>\n<p style=\"text-align: justify;\">A diferencia de las calderas que cuentan con un espacio en donde se almacena el vapor, los generadores requieren de un sistema de desconexi\u00f3n del agua, es decir, un separador de vapor y agua, el generador no tiene este proceso.<\/p>\n<p style=\"text-align: justify;\">Asimismo, los generadores suelen tener dimensiones peque\u00f1as ya que no necesitan de un almac\u00e9n de presi\u00f3n grande, adem\u00e1s su capacidad de arranque es r\u00e1pida. Por lo tanto, si lo que necesita es un arranque r\u00e1pido, estas unidades son ideales. Estas m\u00e1quinas tambi\u00e9n pueden usarse como una caldera auxiliar o de reserva. Adem\u00e1s, el equipo se puede apagar cuando no se necesita.<\/p>\n<p style=\"text-align: justify;\">Estas unidades ayudan al ahorro tanto de combustibles como de productos qu\u00edmicos y agua; adem\u00e1s, existe una disminuci\u00f3n de cantidad de agua e impurezas que ingresan a la l\u00ednea de vapor, al mismo tiempo existe una garant\u00eda de un aumento en el contenido de energ\u00eda del vapor de proceso, incluso el peso de estas unidades no es mucho, como para instalarlas en un segundo piso si es necesario.<\/p>\n<p style=\"text-align: justify;\">En lo referente a su tama\u00f1o facilita su instalaci\u00f3n y el espacio que ocupa, ya que no es necesario mucho espacio, ya que sus dimensiones no son muy grandes. Adem\u00e1s, su operaci\u00f3n no requiere de una constante manipulaci\u00f3n ni de un supervisor para mantenerlo controlado.<\/p>\n<p style=\"text-align: justify;\">Al mismo tiempo, el factor de riesgo es m\u00ednimo, ya que, a diferencia de las calderas que almacenan una gran cantidad de agua caliente, los generadores no lo hacen y el nivel de agua que guardan es menor.<\/p>\n<p style=\"text-align: justify;\">Estas m\u00e1quinas pueden funcionar dando una respuesta r\u00e1pida hacia las demandas de vapor, en general se trata de unidades cuyo dise\u00f1o no es completo y su mantenimiento no requiere de mucho trabajo. Por supuesto, hay que darle un mantenimiento frecuente, pero no es mucho.<\/p>\n<h2 style=\"text-align: justify;\">Adquiere los mejores <strong>generadores de vapor<\/strong> con H2O TEK<\/h2>\n<p style=\"text-align: justify;\">Si tiene dudas sobre el generador de vapor puede acercarse a su proveedor y aclarar las dudas que tenga, lo mejor es tener seguridad sobre los productos que se van a comprar, no solo por la inversi\u00f3n que significa, sino porque as\u00ed asegura la productividad y la seguridad de su industria.<\/p>\n<p style=\"text-align: justify;\">Para ver nuestro cat\u00e1logo de productos, ingrese a nuestro sitio web h2otek.com vea el cat\u00e1logo de productos que tenemos para ofrecerle, los m\u00e9todos de pago son f\u00e1ciles de hacer, adem\u00e1s, todas las comprar se hacen en l\u00ednea y el procedimiento de compra es muy sencillo. Hable al tel\u00e9fono 800 9 H2O TEK (800 942 6835) o mande un mensaje al +52 (81) 2152 4723 por WhatsApp para m\u00e1s informaci\u00f3n de nuestros productos.<\/p>\n","protected":false},"excerpt":{"rendered":"<p>Los generadores de vapor tienen un funcionamiento amplio, pueden servir para destilaci\u00f3n, esterilizaci\u00f3n, calefacci\u00f3n auxiliar con bomba de calor, calentamiento de recipientes y HVAC. Cuando se trata de un generador el\u00e9ctrico es capaz de transformar la energ\u00eda el\u00e9ctrica en vapor. [&hellip;]<\/p>\n","protected":false},"author":1,"featured_media":0,"parent":0,"menu_order":0,"comment_status":"closed","ping_status":"closed","template":"","meta":{"footnotes":""},"class_list":["post-12035","page","type-page","status-publish","hentry"],"_links":{"self":[{"href":"https:\/\/h2otek.com\/tienda\/wp-json\/wp\/v2\/pages\/12035","targetHints":{"allow":["GET"]}}],"collection":[{"href":"https:\/\/h2otek.com\/tienda\/wp-json\/wp\/v2\/pages"}],"about":[{"href":"https:\/\/h2otek.com\/tienda\/wp-json\/wp\/v2\/types\/page"}],"author":[{"embeddable":true,"href":"https:\/\/h2otek.com\/tienda\/wp-json\/wp\/v2\/users\/1"}],"replies":[{"embeddable":true,"href":"https:\/\/h2otek.com\/tienda\/wp-json\/wp\/v2\/comments?post=12035"}],"version-history":[{"count":0,"href":"https:\/\/h2otek.com\/tienda\/wp-json\/wp\/v2\/pages\/12035\/revisions"}],"wp:attachment":[{"href":"https:\/\/h2otek.com\/tienda\/wp-json\/wp\/v2\/media?parent=12035"}],"curies":[{"name":"wp","href":"https:\/\/api.w.org\/{rel}","templated":true}]}}