{"id":12032,"date":"2021-06-10T16:00:18","date_gmt":"2021-06-10T16:00:18","guid":{"rendered":"https:\/\/h2otek.com\/tienda\/?page_id=12032"},"modified":"2025-10-31T19:31:05","modified_gmt":"2025-10-31T19:31:05","slug":"calentador-de-gas","status":"publish","type":"page","link":"https:\/\/h2otek.com\/tienda\/calentador-de-gas\/","title":{"rendered":"Calentador de gas"},"content":{"rendered":"<p>7 de Octubre de 2025<\/p>\n<p>Un <a href=\"https:\/\/h2otek.com\/tienda\/calentadores-de-agua-para-empresas-de-manejo-de-grandes-volumenes-de-agua\/\"><strong>calentador de gas<\/strong> <\/a>representa una disminuci\u00f3n en el recibo de luz, sin duda, es un aparato muy eficiente para mantener la comodidad dentro y fuera de su hogar. Los modelos de calentadores que puede escoger son distintos y todos funcionan de maravilla, adem\u00e1s notar\u00e1 que la inversi\u00f3n inicial vale la pena al ver c\u00f3mo su gasto de electricidad baja.<\/p>\n<p>Para hacerle la vida m\u00e1s sencilla est\u00e1 H2O TEK, tenemos una variedad de estas unidades entre las que podr\u00e1 elegir la que m\u00e1s le convenga. Los equipos a gas son dispositivos que calientan agua mediante la combusti\u00f3n de gas natural, propano o butano. Es un proceso que se realiza a trav\u00e9s de un intercambiador de calor por el que circula el agua.<\/p>\n<h2>\u00bfQu\u00e9 beneficios puede obtener con un <strong>calentador de gas<\/strong>?<\/h2>\n<p>El <a href=\"https:\/\/h2otek.com\/tienda\/ubicacion\/\"><strong>calentador de gas<\/strong><\/a> es muy confiable, no por nada ha permanecido dentro del mercado por tantos a\u00f1os. Gracias a los avances de la tecnolog\u00eda es posible contar con normas de seguridad que respaldan este tipo de unidades para evitar accidentes y ser menos contaminantes. Por otro lado, da confianza, ya que siempre tendr\u00e1 los medios para que el espacio tenga la temperatura que desea.<\/p>\n<p><img fetchpriority=\"high\" decoding=\"async\" class=\"aligncenter size-full wp-image-33220\" src=\"https:\/\/h2otek.com\/tienda\/wp-content\/uploads\/2025\/10\/Calentador-de-gas-min.jpg\" alt=\"calentador marca Calorex\" width=\"700\" height=\"869\" srcset=\"https:\/\/h2otek.com\/tienda\/wp-content\/uploads\/2025\/10\/Calentador-de-gas-min.jpg 700w, https:\/\/h2otek.com\/tienda\/wp-content\/uploads\/2025\/10\/Calentador-de-gas-min-242x300.jpg 242w, https:\/\/h2otek.com\/tienda\/wp-content\/uploads\/2025\/10\/Calentador-de-gas-min-48x60.jpg 48w, https:\/\/h2otek.com\/tienda\/wp-content\/uploads\/2025\/10\/Calentador-de-gas-min-72x90.jpg 72w, https:\/\/h2otek.com\/tienda\/wp-content\/uploads\/2025\/10\/Calentador-de-gas-min-600x745.jpg 600w\" sizes=\"(max-width: 700px) 100vw, 700px\" \/><\/p>\n<p>Estos aparatos son capaces de calentar de manera r\u00e1pida y eficiente, por lo que no tendr\u00e1 que perder tiempo para poder obtener una temperatura aceptable. Solo aseg\u00farese que el dise\u00f1o que elija funcione 100% a trav\u00e9s de gas.<\/p>\n<h2>Calentadores para exteriores de gas<\/h2>\n<p>Los <a href=\"https:\/\/h2otek.com\/tienda\/calentadores-de-agua-segun-demanda-familiar-boilers-de-paso-deposito-y-colectores-solares-para-cada-necesidad\/\">calentadores para exteriores<\/a> son ideales para climatizar sus jardines, terrazas u otros espacios exteriores y no sufrir de fr\u00edo durante los climas con baja temperatura. Este aparato le da la oportunidad de poder seguir disfrutando del aire libre, aunque la temperatura no sea la ideal. Si tiene jard\u00edn o patio este tipo de unidad le trae grandes beneficios, comodidad y tranquilidad; lo mejor es que puede escoger entre distintos dise\u00f1os y modelos, tama\u00f1os y marcas.<\/p>\n<h2>Ventajas de los calentadores de gas<\/h2>\n<p>Como se puede suponer, los calentadores de gas ofrecen una excelente lista de ventajas a tener en cuenta, ya sea en el hogar, los negocios e incluso en instalaciones industriales. En H2O TEK le ense\u00f1amos las m\u00e1s importantes, a continuaci\u00f3n:<\/p>\n<h3>Flexibilidad<\/h3>\n<p>Una de las principales ventajas de los <a href=\"https:\/\/h2otek.com\/tienda\/calentadores-de-agua-para-albercas-cual-te-conviene-gas-electrico-o-solar\/\"><strong>calentadores de gas<\/strong><\/a> es que ofrecen una excelente flexibilidad para adaptarse a diversos entornos y sus procesos. Desde espacios residenciales y comerciales hasta entornos altamente exigentes como la industria.<\/p>\n<p>Los calentadores de patio funcionar\u00e1n a la perfecci\u00f3n siempre y cuando est\u00e9n colocados en lugares estrat\u00e9gicos para que el calor pueda llegar y cubrir todo el espacio que se quiere. Adem\u00e1s, tiene posibilidad de escoger diferentes estilos, no solo en cuanto a dise\u00f1o, tambi\u00e9n sobre el tipo de combustible que utilizan. Por ejemplo, est\u00e1 el el\u00e9ctrico, el de gas natural y propano o el de energ\u00eda infrarroja.<\/p>\n<h3>Seguros<\/h3>\n<p>Incluso en los entornos m\u00e1s exigentes, estos calentadores representan una alternativa segura y confiable para mantener una operaci\u00f3n continua y eficiente en todo momento. \u00danicamente es recomendable realizar revisiones anuales para verificar que todos los componentes est\u00e1n en \u00f3ptimas condiciones.<\/p>\n<p><img decoding=\"async\" class=\"aligncenter size-full wp-image-33218\" src=\"https:\/\/h2otek.com\/tienda\/wp-content\/uploads\/2025\/10\/Calentador-de-gas-2-min.jpg\" alt=\"calentador calorex con bot\u00f3n easy on\" width=\"800\" height=\"603\" srcset=\"https:\/\/h2otek.com\/tienda\/wp-content\/uploads\/2025\/10\/Calentador-de-gas-2-min.jpg 800w, https:\/\/h2otek.com\/tienda\/wp-content\/uploads\/2025\/10\/Calentador-de-gas-2-min-300x226.jpg 300w, https:\/\/h2otek.com\/tienda\/wp-content\/uploads\/2025\/10\/Calentador-de-gas-2-min-768x579.jpg 768w, https:\/\/h2otek.com\/tienda\/wp-content\/uploads\/2025\/10\/Calentador-de-gas-2-min-80x60.jpg 80w, https:\/\/h2otek.com\/tienda\/wp-content\/uploads\/2025\/10\/Calentador-de-gas-2-min-119x90.jpg 119w, https:\/\/h2otek.com\/tienda\/wp-content\/uploads\/2025\/10\/Calentador-de-gas-2-min-600x452.jpg 600w\" sizes=\"(max-width: 800px) 100vw, 800px\" \/><\/p>\n<p>No importa qu\u00e9 tipo de combustible use el calentador, <a href=\"https:\/\/h2otek.com\/tienda\/instalacion-de-calentadores-se-puede-realizar-por-cuenta-propia\/\">todos ellos son aparatos seguros<\/a>, de otra manera no habr\u00edan sido introducidos al mercado. Cada uno de ellos han sido probados rigurosamente en ex\u00e1menes y pruebas para corroborar su seguridad y est\u00e1n probados en est\u00e1ndares altos de protecci\u00f3n.<\/p>\n<h3>Libertad<\/h3>\n<p>Los equipos modernos y de calidad como los que ofrecemos en H2O TEK cuentan con una excelente autonom\u00eda que permite utilizar sus \u00e1reas al aire libre durante todo el a\u00f1o. De igual forma ofrecen un excelente control de la temperatura para que la precisi\u00f3n no represente un problema.<\/p>\n<p>Por lo tanto, ya no dejar\u00e1 en el olvido esos espacios abiertos, podr\u00e1 disfrutar de su terraza, y sus amigos y familia podr\u00e1n acompa\u00f1arlo sin importar el clima que haga. Estos aparatos no son exclusivos de comercio o residenciales costosas, la verdad es que puede encontrar muy buenos calentadores a precios asequibles y de muy buena calidad.<\/p>\n<h3>Eficientes para grandes espacios<\/h3>\n<p>Los calentadores de gas para exterior son eficientes y capaces de mantener calientes espacios grandes, adem\u00e1s, son muy ahorradores y aguantan largas horas encendidos. Puede encontrar modelos de gas natural o propano l\u00edquido, cualquiera de los dos le servir\u00e1 excelentemente. Todo esto, por supuesto, obteniendo un ahorro en costos a largo plazo que proporciona un <a href=\"https:\/\/h2otek.com\/tienda\/boilers-de-paso-o-calentadores-con-tanque-que-equipo-elegir\/\">retorno de inversi\u00f3n inteligente<\/a> y beneficioso.<\/p>\n<h3>Bajo \u00edndice de contaminaci\u00f3n<\/h3>\n<p>Cuando se trata de aparatos de gas estamos hablando de unidades que no contaminan, ya que el combustible no es para nada t\u00f3xico. Adem\u00e1s no tiene un olor especialmente poderoso. De hecho, estos equipos permiten un adecuado cumplimiento de normativas ambientales, algo fundamental para las industrias de la actualidad.<\/p>\n<p>Eso s\u00ed, tanto el propano como el gas natural est\u00e1n dotados de un aroma particular para que pueda ser detectado en caso de alguna fuga. Lo mejor es que no es necesario esperar para obtener las bondades del calentador. Esto debido a que el aparato es capaz de aumentar la temperatura del medio ambiente de inmediato.<\/p>\n<h3>Precio accesible<\/h3>\n<p>Es verdad que, dependiendo del tipo de gas, natural o propano, el precio podr\u00e1 ser un poco m\u00e1s alto o menor, seg\u00fan sea el caso. Sin embargo, el funcionamiento de ambos ser\u00e1 siempre el mismo, eficiente y eficaz. Esto, sumado a la excelente eficiencia energ\u00e9tica y a la durabilidad del equipo, da como resultado una inversi\u00f3n inteligente a largo plazo y un retorno de la inversi\u00f3n beneficioso.<\/p>\n<p><img decoding=\"async\" class=\"aligncenter size-full wp-image-33219\" src=\"https:\/\/h2otek.com\/tienda\/wp-content\/uploads\/2025\/10\/Calentador-de-gas-3-min.jpg\" alt=\"calentador con dep\u00f3sito maximus advance\" width=\"800\" height=\"441\" srcset=\"https:\/\/h2otek.com\/tienda\/wp-content\/uploads\/2025\/10\/Calentador-de-gas-3-min.jpg 800w, https:\/\/h2otek.com\/tienda\/wp-content\/uploads\/2025\/10\/Calentador-de-gas-3-min-300x165.jpg 300w, https:\/\/h2otek.com\/tienda\/wp-content\/uploads\/2025\/10\/Calentador-de-gas-3-min-768x423.jpg 768w, https:\/\/h2otek.com\/tienda\/wp-content\/uploads\/2025\/10\/Calentador-de-gas-3-min-109x60.jpg 109w, https:\/\/h2otek.com\/tienda\/wp-content\/uploads\/2025\/10\/Calentador-de-gas-3-min-163x90.jpg 163w, https:\/\/h2otek.com\/tienda\/wp-content\/uploads\/2025\/10\/Calentador-de-gas-3-min-600x331.jpg 600w\" sizes=\"(max-width: 800px) 100vw, 800px\" \/><\/p>\n<p>Adem\u00e1s, la cantidad de calor es f\u00e1cilmente controlable gracias a su sistema de regulaci\u00f3n. Tambi\u00e9n cuenta con v\u00e1lvulas de seguridad lo que garantizar\u00e1 que el peligro con este tipo de aparatos quede fuera de la ecuaci\u00f3n.<\/p>\n<h3>Dise\u00f1o vers\u00e1til<\/h3>\n<p>Su dise\u00f1o, por otra parte, es vers\u00e1til ya que existe la opci\u00f3n de encontrarlos de distintos tama\u00f1os y modelos. Es decir, no hay excusa ya que puede encontrar uno que se adapte a sus necesidades. Los equipos ofrecen dise\u00f1os modulares que facilitan el mantenimiento y su adaptabilidad a distintos entornos.<\/p>\n<h2>Selecci\u00f3n de calentadores por aplicaci\u00f3n industrial<\/h2>\n<p>Como se ha mencionado desde el inicio, es posible contar con distintos equipos seg\u00fan las necesidades y el nivel de demanda en cada entorno. Le ense\u00f1amos algunos ejemplos claros, a continuaci\u00f3n:<\/p>\n<h3>Hoteler\u00eda y clubes deportivos<\/h3>\n<p>Estos son entornos donde el nivel de demanda de agua caliente suele ser elevado y existen distintos puntos de consumo. Por lo que se requiere de un <a href=\"https:\/\/h2otek.com\/tienda\/calentador-de-gas-la-solucion-perfecta-para-hoteles-y-restaurantes\/\"><strong>calentador de gas<\/strong><\/a> de alta capacidad que se adapte a las necesidades espec\u00edficas de cada entorno. En H2O TEK, por ejemplo, puede contar con asesoramiento gratuito para determinar qu\u00e9 equipo es el m\u00e1s indicado.<\/p>\n<h3>Hospitales y sector de la salud<\/h3>\n<p>En el sector de la salud, un suministro de agua caliente es fundamental para el desarrollo de sus procesos. Es importante seleccionar un equipo duradero y confiable que garantice un alto nivel de eficiencia. Con nosotros puede encontrar el ideal, adem\u00e1s podr\u00e1 contar con soporte postventa para asegurar el correcto funcionamiento del equipo.<\/p>\n<h3>Sector alimentario y farmac\u00e9utico<\/h3>\n<p>La desinfecci\u00f3n o esterilizaci\u00f3n de entornos y productos mediante agua caliente, adem\u00e1s de la producci\u00f3n de productos, son procesos cruciales en el sector alimentario y farmac\u00e9utico. Para esto se requiere de calentadores capaces de cubrir el alto nivel de exigencia. En H2O TEK podr\u00e1 contar con un amplio cat\u00e1logo de opciones a elegir.<\/p>\n<h2>El calentador a gas de alta calidad que busca lo encuentra con H2O TEK<\/h2>\n<p>El <a href=\"https:\/\/h2otek.com\/tienda\/conocenos\/\"><strong>calentador de gas<\/strong><\/a> es uno de los equipos m\u00e1s seguros, eficientes, vers\u00e1tiles y adaptables por el que se puede optar en la actualidad. Es por esto por lo que H2O TEK ofrece una excelente disponibilidad en equipos de distintas capacidades y de la m\u00e1s alta calidad en el mercado.<\/p>\n<p>Si desea saber m\u00e1s sobre nuestros productos y servicios postventa le invitamos a comunicarse a trav\u00e9s del correo electr\u00f3nico <a href=\"mailto:info@h2otek.com\">info@h2otek.com<\/a> o mediante la l\u00ednea de tel\u00e9fono <a href=\"tel:8009426835\">(800) 942 6835<\/a>. Recibir\u00e1 toda la informaci\u00f3n necesaria en pocos minutos.<\/p>\n<h2>Preguntas frecuentes<\/h2>\n<h3>\u00bfQu\u00e9 calentador de gas necesito para un hotel o gimnasio?<\/h3>\n<p>La adecuada selecci\u00f3n depende directamente del n\u00famero de servicios simult\u00e1neos. Puede contactar con uno de nuestros asesores para un c\u00e1lculo de demanda preciso y totalmente gratuito.<\/p>\n<h3>\u00bfSus equipos cumplen con la NOM?<\/h3>\n<p>S\u00ed, todos nuestros equipos cumplen con las Normas Oficiales Mexicanas relacionadas con la seguridad y eficiencia.<\/p>\n<h3>\u00bfOfrecen servicio de instalaci\u00f3n y mantenimiento?<\/h3>\n<p>Ofrecemos asesor\u00eda completa para procesos de instalaci\u00f3n. Tambi\u00e9n contamos con una red de soporte para el mantenimiento de los equipos con el fin de asegurar un \u00f3ptimo rendimiento.<\/p>\n<h3>\u00bfCuentan con stock para entrega inmediata?<\/h3>\n<p>S\u00ed, H2O TEK cuenta con un amplio inventario en M\u00e9xico para reducir los tiempos de espera y los paros de l\u00ednea.<\/p>\n<h3>\u00bfSon peligrosos los calentadores de gas?<\/h3>\n<p>Pueden ser peligrosos si no se instalan o mantienen adecuadamente. Sin embargo, los equipos de calidad cuentan con sistemas avanzados de seguridad y son sometidos a m\u00faltiples pruebas antes de ingresar al mercado con el fin de evitar potenciales riesgos y accidentes.<\/p>\n<p>&nbsp;<\/p>\n<p>&nbsp;<\/p>\n<h4>Revisado por:<\/h4>\n<p>Ing. Francisco Perales<\/p>\n<p>Encargado de ingenier\u00eda y proyectos<\/p>\n<p>Ingenier\u00eda Mec\u00e1nica y Maestr\u00eda en termodin\u00e1mica<\/p>\n","protected":false},"excerpt":{"rendered":"<p>7 de Octubre de 2025 Un calentador de gas representa una disminuci\u00f3n en el recibo de luz, sin duda, es un aparato muy eficiente para mantener la comodidad dentro y fuera de su hogar. Los modelos de calentadores que puede [&hellip;]<\/p>\n","protected":false},"author":1,"featured_media":0,"parent":0,"menu_order":0,"comment_status":"closed","ping_status":"closed","template":"","meta":{"footnotes":""},"class_list":["post-12032","page","type-page","status-publish","hentry"],"_links":{"self":[{"href":"https:\/\/h2otek.com\/tienda\/wp-json\/wp\/v2\/pages\/12032","targetHints":{"allow":["GET"]}}],"collection":[{"href":"https:\/\/h2otek.com\/tienda\/wp-json\/wp\/v2\/pages"}],"about":[{"href":"https:\/\/h2otek.com\/tienda\/wp-json\/wp\/v2\/types\/page"}],"author":[{"embeddable":true,"href":"https:\/\/h2otek.com\/tienda\/wp-json\/wp\/v2\/users\/1"}],"replies":[{"embeddable":true,"href":"https:\/\/h2otek.com\/tienda\/wp-json\/wp\/v2\/comments?post=12032"}],"version-history":[{"count":1,"href":"https:\/\/h2otek.com\/tienda\/wp-json\/wp\/v2\/pages\/12032\/revisions"}],"predecessor-version":[{"id":33265,"href":"https:\/\/h2otek.com\/tienda\/wp-json\/wp\/v2\/pages\/12032\/revisions\/33265"}],"wp:attachment":[{"href":"https:\/\/h2otek.com\/tienda\/wp-json\/wp\/v2\/media?parent=12032"}],"curies":[{"name":"wp","href":"https:\/\/api.w.org\/{rel}","templated":true}]}}