{"id":12010,"date":"2021-06-10T14:01:27","date_gmt":"2021-06-10T14:01:27","guid":{"rendered":"https:\/\/h2otek.com\/tienda\/?page_id=12010"},"modified":"2021-06-25T15:52:05","modified_gmt":"2021-06-25T15:52:05","slug":"ventilador","status":"publish","type":"page","link":"https:\/\/h2otek.com\/tienda\/ventilador\/","title":{"rendered":"Ventilador"},"content":{"rendered":"<p class=\"TextoInterioresGris\" style=\"text-align: justify;\">Considerado como uno de los elementos m\u00e1s \u00fatiles y necesarios para el confort cotidiano, el\u00a0<strong>ventilador<\/strong>\u00a0es b\u00e1sicamente una m\u00e1quina que tiene como objetivo principal la generaci\u00f3n de una corriente de aire permanente que puede variar su intensidad o direcci\u00f3n de acuerdo al inter\u00e9s de quien lo maneje. Si bien, se cree que existen formas de ventilaci\u00f3n desde la Antig\u00fcedad. No obstante, el\u00a0<strong>ventilador<\/strong>\u00a0como m\u00e1quina tecnol\u00f3gica fue creado a partir de la Revoluci\u00f3n Industrial en el siglo XVIII. Obviamente, las primeras formas de ventiladores manejados por corrientes energ\u00e9ticas fueron muy primitivas y gigantescas en comparaci\u00f3n con los actuales; esto tiene que ver con las muchas m\u00e1quinas y complejos sistemas industriales que contaban con una ventilaci\u00f3n permanente que permitiera un funcionamiento apropiado de las partes. Sin embargo, cuando uno piensa en uno de estos aparatos, la primera imagen que llega a la cabeza es la del que se utiliza en los espacios habitables como la casa o la oficina. Estos ventiladores pueden presentar diferentes tama\u00f1os, diferentes formas y diferentes propiedades particulares.<\/p>\n<p class=\"TextoInterioresGris\" style=\"text-align: justify;\">Tomar aire fresco en campo abierto siempre resulta una actividad reconfortante. Sin embargo, cuando se est\u00e1 en una regi\u00f3n de clima c\u00e1lido, es necesario recurrir a un\u00a0<strong>ventilador<\/strong>\u00a0para devolver una temperatura agradable. Utilizado desde la antig\u00fcedad, un abanico es un\u00a0<strong>ventilador<\/strong>\u00a0manual muy pr\u00e1ctico, con el inconveniente de que su duraci\u00f3n para refrescar depende del cansancio del brazo que lo mueva. Por esta raz\u00f3n, en \u00e9pocas anteriores la nobleza recurri\u00f3 al servicio de los esclavos, de tal manera que la capacidad para renovar aire fresco se prolongaba.<\/p>\n<p class=\"TextoInterioresGris\" style=\"text-align: justify;\">Otro antecedente del\u00a0<strong>ventilador<\/strong>\u00a0el\u00e9ctrico fue el semi-mec\u00e1nico, cuya estructura era la de un marco de tela que colgaba del techo. No obstante, para su funcionamiento se necesitaba tambi\u00e9n de la mano de esclavos. Fue hasta la llegada de la Revoluci\u00f3n Industrial en el siglo XIX y casi a finales de \u00e9ste cuando la energ\u00eda el\u00e9ctrica se populariza, que el\u00a0<strong>ventilador<\/strong> el\u00e9ctrico apareci\u00f3 exitosamente entre el p\u00fablico. De modo que fue gracias al desarrollo de peque\u00f1os motores el\u00e9ctricos que fue posible dise\u00f1ar uno para colocarlo sobre una mesa. Pero dado que el \u00e1rea de alcance para ventilar en este dise\u00f1o es breve, desde finales del XIX la ingenier\u00eda ha hecho de las suyas.<\/p>\n<p class=\"TextoInterioresGris\" style=\"text-align: justify;\">En la actualidad el\u00a0<strong>ventilador<\/strong>\u00a0puede clasificarse principalmente en dos tipos: axial y centr\u00edfugo. La diferencia entre uno y otro var\u00eda seg\u00fan su funci\u00f3n, pues el primero dirige la corriente de aire en la misma direcci\u00f3n del movimiento de sus aspas (de mesa). El segundo proyecta el fluido (gas, com\u00fanmente llamado aire) hacia el frente, en 90\u00b0 con respecto de sus aspas (ventiladores integrados en autos, por ejemplo). A su vez, el\u00a0<strong>ventilador<\/strong>\u00a0puede distinguirse seg\u00fan su uso, que puede ser destinado al \u00e1mbito dom\u00e9stico o industrial. Sin duda alguna, el aumento de la temperatura ambiental y la presencia de veranos cada vez m\u00e1s calurosos ha convertido a los ventiladores (y a los aires acondicionados, que son una forma m\u00e1s evolucionada de los mismos) en elementos completamente necesarios para el confort y la comodidad de cada d\u00eda.<\/p>\n<p class=\"TextoInterioresGris\" style=\"text-align: justify;\">A continuaci\u00f3n le proporcionamos informaci\u00f3n sobre los ventiladores m\u00e1s comunes del mercado:<\/p>\n<ul style=\"text-align: justify;\">\n<li>\n<p class=\"TextoInterioresGris\"><strong>Ventilador de mesa:<\/strong>de poco alcance para renovar aire fresco, su efectividad radica en su econom\u00eda y capacidad pr\u00e1ctica para transportarlo. Es el primero de los ventiladores el\u00e9ctricos, su popularidad en escritorios de oficinas o lugares muy peque\u00f1os es incuestionable. Funciona gracias a un peque\u00f1o motor el\u00e9ctrico que movilizan las aspas de manera contin\u00faa. Hoy d\u00eda se encuentran variaciones de \u00e9ste, como el de piso, cuya caracter\u00edstica compartida con el de mesa es el bajo costo y su f\u00e1cil transportaci\u00f3n.<\/p>\n<\/li>\n<li>\n<p class=\"TextoInterioresGris\"><strong>Ventilador de techo:<\/strong>destinado para lugares m\u00e1s amplios, este ventilador ofrece mayor circulaci\u00f3n de aire. Una correcta y discreta instalaci\u00f3n el\u00e9ctrica y un modelo adecuado a la decoraci\u00f3n dan seguridad y comodidad a los usuarios.<\/p>\n<\/li>\n<li>\n<p class=\"TextoInterioresGris\"><strong>Ventilador sin aspas:<\/strong>de reciente aparici\u00f3n en la industria de ventilaci\u00f3n, su formato es de lo m\u00e1s curioso. Se trata de un c\u00edrculo sostenido por una base a modo de cilindro. En realidad, el motor s\u00ed cuenta con aspas para devolver el aire, pero estas se hallan ocultas en la base misma. Aunque de semejante tama\u00f1o al de mesa, la potencia de este es mayor que el del anterior. Los primeros ventiladores sin aspas fueron introducidos por la compa\u00f1\u00eda Dyson en los a\u00f1os 90.<\/p>\n<\/li>\n<li>\n<p class=\"TextoInterioresGris\"><strong>Ventilador de uso industrial:<\/strong>h\u00edbridos en cuanto uso y dise\u00f1o, pueden ser de piso, de pared o techo. De tipos centr\u00edfugo o heliocentr\u00edfugos, se diferencian uno y otro por la direcci\u00f3n donde el fluido (aire) es expulsado. Como lo indica su nombre, este\u00a0<strong>ventilador<\/strong>\u00a0es utilizado en procesos industriales para transportar aire y gases. La fabricaci\u00f3n est\u00e1 dise\u00f1ada para para resistir condiciones de operaci\u00f3n severas, tales como altas temperaturas y presiones. Est\u00e1n hechos para manejar gases corrosivos con polvo. En el mercado es posible encontrarlos de diversos tama\u00f1os, ya sea para la ventilaci\u00f3n de peque\u00f1as \u00e1reas industriales como bodegas, laboratorios, hasta ventiladores de mayor dimensi\u00f3n, como puede ser para la sofisticada ventilaci\u00f3n de minas, t\u00faneles de tr\u00e1nsito de autos y trenes.\u00a0<strong>Ventiladores de pie:<\/strong>\u00a0aquellos que por lo general tienen m\u00e1s de un metro y medio de altura. Estos pueden ser direccionados hacia el \u00e1ngulo que se requiera.\u00a0<strong>Ventiladores de pared:<\/strong>\u00a0como su nombre lo dice, se fijan a la pared, permitiendo una mayor circulaci\u00f3n en lugares peque\u00f1os proporcionando una mayor y mejor circulaci\u00f3n del aire.<\/p>\n<\/li>\n<\/ul>\n<p class=\"TextoInterioresGris\" style=\"text-align: justify;\">Puesto que para protegerse del calor no basta con moverse a la sombra, y m\u00e1s a\u00fan en d\u00edas de calurosos veranos, o bien si la zona donde usted vive perteneces a una regi\u00f3n c\u00e1lida, el uso del\u00a0<strong>ventilador<\/strong>\u00a0es siempre un recurso de lo m\u00e1s eficaz. Frente al aire acondicionado es a su vez m\u00e1s econ\u00f3mico. As\u00ed tambi\u00e9n, si usted necesita mantener un promedio de temperatura requerida para el correcto mantenimiento de ciertas \u00e1reas, los ventiladores industriales representan otra opci\u00f3n. Recuerde que recurrir al asesoramiento de personal profesional ayuda a conseguir un mayor rendimiento en el producto adquirido.<\/p>\n","protected":false},"excerpt":{"rendered":"<p>Considerado como uno de los elementos m\u00e1s \u00fatiles y necesarios para el confort cotidiano, el\u00a0ventilador\u00a0es b\u00e1sicamente una m\u00e1quina que tiene como objetivo principal la generaci\u00f3n de una corriente de aire permanente que puede variar su intensidad o direcci\u00f3n de acuerdo [&hellip;]<\/p>\n","protected":false},"author":1,"featured_media":0,"parent":0,"menu_order":0,"comment_status":"closed","ping_status":"closed","template":"","meta":{"footnotes":""},"class_list":["post-12010","page","type-page","status-publish","hentry"],"_links":{"self":[{"href":"https:\/\/h2otek.com\/tienda\/wp-json\/wp\/v2\/pages\/12010","targetHints":{"allow":["GET"]}}],"collection":[{"href":"https:\/\/h2otek.com\/tienda\/wp-json\/wp\/v2\/pages"}],"about":[{"href":"https:\/\/h2otek.com\/tienda\/wp-json\/wp\/v2\/types\/page"}],"author":[{"embeddable":true,"href":"https:\/\/h2otek.com\/tienda\/wp-json\/wp\/v2\/users\/1"}],"replies":[{"embeddable":true,"href":"https:\/\/h2otek.com\/tienda\/wp-json\/wp\/v2\/comments?post=12010"}],"version-history":[{"count":0,"href":"https:\/\/h2otek.com\/tienda\/wp-json\/wp\/v2\/pages\/12010\/revisions"}],"wp:attachment":[{"href":"https:\/\/h2otek.com\/tienda\/wp-json\/wp\/v2\/media?parent=12010"}],"curies":[{"name":"wp","href":"https:\/\/api.w.org\/{rel}","templated":true}]}}